02-19 03:27:22.722 4984 5162 D QuirkSettingsLoader: QuirkSettings$MetadataHolderService is not found.
02-19 03:27:22.722 4984 5162 D CameraX : QuirkSettings from app metadata: null
02-19 03:27:22.722 4984 5162 D CameraX : QuirkSettings by default: QuirkSettings{enabledWhenDeviceHasQuirk=true, forceEnabledQuirks=[], forceDisabledQuirks=[]}
02-19 03:27:22.733 29012 29047 I TRuntime.CctTransportBackend: Status Code: 200
02-19 03:27:22.737 4984 5164 D DeviceQuirks: camera2 DeviceQuirks =
02-19 03:27:22.752 4984 5164 D CameraRepository: Added camera: 0
02-19 03:27:22.753 4984 5164 D CameraQuirks: camera2 CameraQuirks =
02-19 03:27:22.755 4984 5164 I Camera2CameraInfo: Device Level: INFO_SUPPORTED_HARDWARE_LEVEL_3
02-19 03:27:22.759 4984 5164 D CameraRepository: Added camera: 1
02-19 03:27:22.759 4984 5164 D CameraQuirks: camera2 CameraQuirks =
02-19 03:27:22.761 4984 5164 I Camera2CameraInfo: Device Level: INFO_SUPPORTED_HARDWARE_LEVEL_3
02-19 03:27:22.761 4984 5164 D CameraValidator: Verifying camera lens facing on lisbon, lensFacingInteger: null
02-19 03:27:22.765 4984 5166 I CameraDevices: Initializing ExtensionsManager...
02-19 03:27:22.766 4984 5166 D ExtenderVersion: Selected vendor runtime: 1.1.0-moto
02-19 03:27:22.787 912 912 D Zygote : Forked child process 5168
02-19 03:27:22.789 1703 1734 I ActivityManager: Start proc 5168:com.motorola.camera3:extensionEngineService/u0a222 for service {com.motorola.camera3/com.motorola.camera.camerax_extensions.ExtensionEngineService}
02-19 03:27:22.803 4984 5153 W unknown:ViewManagerPropertyUpdater: Could not find generated setter for class com.facebook.react.views.drawer.ReactDrawerLayoutManager
02-19 03:27:22.807 4984 5153 W unknown:ViewManagerPropertyUpdater: Could not find generated setter for class com.facebook.react.uimanager.LayoutShadowNode
02-19 03:27:22.810 4984 5153 W unknown:ViewManagerPropertyUpdater: Could not find generated setter for class com.facebook.react.views.scroll.ReactHorizontalScrollViewManager
02-19 03:27:22.810 5168 5168 I onEngineServic: Using CollectorTypeCC GC.
02-19 03:27:22.812 4984 5153 W unknown:ViewManagerPropertyUpdater: Could not find generated setter for class com.facebook.react.views.scroll.ReactHorizontalScrollContainerViewManager
02-19 03:27:22.813 4984 5153 W unknown:ViewManagerPropertyUpdater: Could not find generated setter for class com.facebook.react.views.progressbar.ReactProgressBarViewManager
02-19 03:27:22.814 5168 5168 E onEngineServic: Not starting debugger since process cannot load the jdwp agent.
02-19 03:27:22.814 4984 5153 W unknown:ViewManagerPropertyUpdater: Could not find generated setter for class com.facebook.react.views.progressbar.ProgressBarShadowNode
02-19 03:27:22.815 4984 5153 W unknown:ViewManagerPropertyUpdater: Could not find generated setter for class com.facebook.react.views.scroll.ReactScrollViewManager
02-19 03:27:22.816 5168 5168 D ProcessState: Binder ioctl to enable oneway spam detection failed: Invalid argument
02-19 03:27:22.817 4984 5153 W unknown:ViewManagerPropertyUpdater: Could not find generated setter for class com.facebook.react.views.switchview.ReactSwitchManager
02-19 03:27:22.818 4984 5153 W unknown:ViewManagerPropertyUpdater: Could not find generated setter for class com.facebook.react.views.switchview.ReactSwitchManager$ReactSwitchShadowNode
02-19 03:27:22.819 4984 5153 W unknown:ViewManagerPropertyUpdater: Could not find generated setter for class com.facebook.react.views.swiperefresh.SwipeRefreshLayoutManager
02-19 03:27:22.820 4984 5153 W unknown:ViewManagerPropertyUpdater: Could not find generated setter for class com.facebook.react.views.text.frescosupport.FrescoBasedReactTextInlineImageViewManager
02-19 03:27:22.820 4984 5153 W unknown:ViewManagerPropertyUpdater: Could not find generated setter for class com.facebook.react.views.text.frescosupport.FrescoBasedReactTextInlineImageShadowNode
02-19 03:27:22.821 4984 5153 W unknown:ViewManagerPropertyUpdater: Could not find generated setter for class com.facebook.react.views.image.ReactImageManager
02-19 03:27:22.823 4984 5153 W unknown:ViewManagerPropertyUpdater: Could not find generated setter for class com.facebook.react.views.modal.ReactModalHostManager
02-19 03:27:22.824 4984 5153 W unknown:ViewManagerPropertyUpdater: Could not find generated setter for class com.facebook.react.views.text.ReactRawTextManager
02-19 03:27:22.824 4984 5153 W unknown:ViewManagerPropertyUpdater: Could not find generated setter for class com.facebook.react.views.text.ReactRawTextShadowNode
02-19 03:27:22.825 4984 5153 W unknown:ViewManagerPropertyUpdater: Could not find generated setter for class com.facebook.react.views.textinput.ReactTextInputManager
02-19 03:27:22.827 4984 5153 W unknown:ViewManagerPropertyUpdater: Could not find generated setter for class com.facebook.react.views.textinput.ReactTextInputShadowNode
02-19 03:27:22.829 4984 5153 W unknown:ViewManagerPropertyUpdater: Could not find generated setter for class com.facebook.react.views.text.ReactTextViewManager
02-19 03:27:22.830 4984 5153 W unknown:ViewManagerPropertyUpdater: Could not find generated setter for class com.facebook.react.views.text.ReactTextShadowNode
02-19 03:27:22.831 4984 5153 W unknown:ViewManagerPropertyUpdater: Could not find generated setter for class com.facebook.react.views.view.ReactViewManager
02-19 03:27:22.833 4984 5153 W unknown:ViewManagerPropertyUpdater: Could not find generated setter for class com.facebook.react.views.text.ReactVirtualTextViewManager
02-19 03:27:22.833 4984 5153 W unknown:ViewManagerPropertyUpdater: Could not find generated setter for class com.facebook.react.views.text.ReactVirtualTextShadowNode
02-19 03:27:22.834 4984 5153 W unknown:ViewManagerPropertyUpdater: Could not find generated setter for class com.facebook.react.views.unimplementedview.ReactUnimplementedViewManager
02-19 03:27:22.835 4984 5153 W unknown:ViewManagerPropertyUpdater: Could not find generated setter for class com.expensify.livemarkdown.MarkdownTextInputDecoratorViewManager
02-19 03:27:22.836 4984 5153 W unknown:ViewManagerPropertyUpdater: Could not find generated setter for class com.reactnativegooglesignin.RNGoogleSigninButtonViewManager
02-19 03:27:22.836 4984 5153 W unknown:ViewManagerPropertyUpdater: Could not find generated setter for class com.reactnativecommunity.picker.ReactDialogPickerManager
02-19 03:27:22.838 4984 5153 W unknown:ViewManagerPropertyUpdater: Could not find generated setter for class com.reactnativecommunity.picker.f
02-19 03:27:22.838 4984 5153 W unknown:ViewManagerPropertyUpdater: Could not find generated setter for class com.reactnativecommunity.picker.ReactDropdownPickerManager
02-19 03:27:22.839 4984 5153 W unknown:ViewManagerPropertyUpdater: Could not find generated setter for class com.rnmapbox.rnmbx.components.camera.RNMBXCameraManager
02-19 03:27:22.840 4984 5153 W unknown:ViewManagerPropertyUpdater: Could not find generated setter for class com.rnmapbox.rnmbx.components.camera.RNMBXViewportManager
02-19 03:27:22.841 4984 5153 W unknown:ViewManagerPropertyUpdater: Could not find generated setter for class com.rnmapbox.rnmbx.components.mapview.RNMBXMapViewManager
02-19 03:27:22.843 4984 5153 W unknown:ViewManagerPropertyUpdater: Could not find generated setter for class na.U
02-19 03:27:22.843 4984 5153 W unknown:ViewManagerPropertyUpdater: Could not find generated setter for class com.rnmapbox.rnmbx.components.styles.RNMBXStyleImportManager
02-19 03:27:22.844 4984 5153 W unknown:ViewManagerPropertyUpdater: Could not find generated setter for class com.rnmapbox.rnmbx.components.styles.model.RNMBXModelsManager
02-19 03:27:22.844 18692 18692 I WifiHAL : Get link layer stats
02-19 03:27:22.844 18692 18692 I WifiHAL : GetLinkStatsCommand::create
02-19 03:27:22.844 18692 18692 D android.hardware.wifi@1.0-service-lazy: WifiRequest::create vendor command to iface 32, vendor_id=0x1a11, subcmd=0x1200, res=0
02-19 03:27:22.844 18692 18692 I android.hardware.wifi@1.0-service-lazy: WifiCommand::requestResponse err=-14
02-19 03:27:22.844 18692 18692 I WifiHAL : wifi_get_link_stats: result=-1
02-19 03:27:22.845 4984 5153 W unknown:ViewManagerPropertyUpdater: Could not find generated setter for class com.rnmapbox.rnmbx.components.annotation.RNMBXMarkerViewManager
02-19 03:27:22.845 1703 1883 E WifiVendorHal: getWifiLinkLayerStats_1_5_Internal(l.1191) failed {.code = ERROR_UNKNOWN, .description = unknown}
02-19 03:27:22.846 4984 5153 W unknown:ViewManagerPropertyUpdater: Could not find generated setter for class com.rnmapbox.rnmbx.components.annotation.RNMBXMarkerViewContentManager
02-19 03:27:22.846 4984 5153 W unknown:ViewManagerPropertyUpdater: Could not find generated setter for class com.rnmapbox.rnmbx.components.annotation.RNMBXPointAnnotationManager
02-19 03:27:22.847 4984 5153 W unknown:ViewManagerPropertyUpdater: Could not find generated setter for class com.rnmapbox.rnmbx.components.annotation.RNMBXCalloutManager
02-19 03:27:22.848 4984 5153 W unknown:ViewManagerPropertyUpdater: Could not find generated setter for class com.rnmapbox.rnmbx.components.location.RNMBXNativeUserLocationManager
02-19 03:27:22.849 4984 5153 W unknown:ViewManagerPropertyUpdater: Could not find generated setter for class com.rnmapbox.rnmbx.components.location.RNMBXCustomLocationProviderManager
02-19 03:27:22.850 4984 5153 W unknown:ViewManagerPropertyUpdater: Could not find generated setter for class com.rnmapbox.rnmbx.components.styles.sources.RNMBXVectorSourceManager
02-19 03:27:22.851 4984 5153 W unknown:ViewManagerPropertyUpdater: Could not find generated setter for class com.rnmapbox.rnmbx.components.styles.sources.RNMBXShapeSourceManager
02-19 03:27:22.852 4984 5153 W unknown:ViewManagerPropertyUpdater: Could not find generated setter for class com.rnmapbox.rnmbx.components.styles.sources.RNMBXRasterDemSourceManager
02-19 03:27:22.853 4984 5153 W unknown:ViewManagerPropertyUpdater: Could not find generated setter for class com.rnmapbox.rnmbx.components.styles.sources.RNMBXRasterSourceManager
02-19 03:27:22.853 5168 5168 D nativeloader: Configuring clns-4 for other apk /system/framework/com.motorola.motosignature.jar. target_sdk_version=34, uses_libraries=ALL, library_path=/data/app/~~PuApcjy5xQJG8gAMy_EqvA==/com.motorola.camera3-3_v6sF5SNHY3x4OPoMgh9Q==/lib/arm64:/data/app/~~PuApcjy5xQJG8gAMy_EqvA==/com.motorola.camera3-3_v6sF5SNHY3x4OPoMgh9Q==/base.apk!/lib/arm64-v8a:/data/app/~~PuApcjy5xQJG8gAMy_EqvA==/com.motorola.camera3-3_v6sF5SNHY3x4OPoMgh9Q==/split_config.arm64_v8a.apk!/lib/arm64-v8a:/data/app/~~PuApcjy5xQJG8gAMy_EqvA==/com.motorola.camera3-3_v6sF5SNHY3x4OPoMgh9Q==/split_vendor_lisbon.apk!/lib/arm64-v8a:/data/app/~~PuApcjy5xQJG8gAMy_EqvA==/com.motorola.camera3-3_v6sF5SNHY3x4OPoMgh9Q==/split_vendor_lisbon.config.arm64_v8a.apk!/lib/arm64-v8a, permitted_path=/data:/mnt/expand:/data/user/0/com.motorola.camera3
02-19 03:27:22.853 5168 5168 D nativeloader: Extending system_exposed_libraries: libteeservice_client.trustonic.so:libapuwareapusys.mtk.so:libapuwareapusys_v2.mtk.so:libapuwarexrp.mtk.so:libapuwarexrp_v2.mtk.so:libapuwareutils.mtk.so:libapuwareutils_v2.mtk.so:libapuwarehmp.mtk.so:libmcv_runtime_usdk.mtk.so:libneuron_graph_delegate.mtk.so:libneuronusdk_adapter.mtk.so:libtflite_mtk.mtk.so:libarmnn_ndk.mtk.so:libcmdl_ndk.mtk.so:libnir_neon_driver_ndk.mtk.so:libmvpu_runtime.mtk.so:libmvpu_runtime_pub.mtk.so:libmvpu_engine_pub.mtk.so:libmvpu_pattern_pub.mtk.so:libmvpuop_mtk_cv.mtk.so:libmvpuop_mtk_nn.mtk.so:libjni_helper.motocameradesktop.so:libimgTuner_jni.motoimagetuner.so:libmcf_native_window_helper.motocamera.so
02-19 03:27:22.853 4984 5153 W unknown:ViewManagerPropertyUpdater: Could not find generated setter for class com.rnmapbox.rnmbx.components.styles.sources.RNMBXImageSourceManager
02-19 03:27:22.854 4984 5153 W unknown:ViewManagerPropertyUpdater: Could not find generated setter for class com.rnmapbox.rnmbx.components.images.RNMBXImagesManager
02-19 03:27:22.855 4984 5153 W unknown:ViewManagerPropertyUpdater: Could not find generated setter for class com.rnmapbox.rnmbx.components.images.RNMBXImageManager
02-19 03:27:22.856 4984 5153 W unknown:ViewManagerPropertyUpdater: Could not find generated setter for class com.rnmapbox.rnmbx.components.styles.layers.RNMBXFillLayerManager
02-19 03:27:22.857 4984 5153 W unknown:ViewManagerPropertyUpdater: Could not find generated setter for class com.rnmapbox.rnmbx.components.styles.layers.RNMBXFillExtrusionLayerManager
02-19 03:27:22.857 5168 5168 W onEngineServic: ClassLoaderContext classpath size mismatch. expected=4, found=0 (PCL[/system/framework/com.android.location.provider.jar*3633238672:/system/framework/services.jar*3271717807:/system/framework/ethernet-service.jar*2703548982:/system/framework/moto-core_services.jar*1055927226] | PCL[])
02-19 03:27:22.858 4984 5153 W unknown:ViewManagerPropertyUpdater: Could not find generated setter for class com.rnmapbox.rnmbx.components.styles.layers.RNMBXHeatmapLayerManager
02-19 03:27:22.859 4984 5153 W unknown:ViewManagerPropertyUpdater: Could not find generated setter for class com.rnmapbox.rnmbx.components.styles.layers.RNMBXLineLayerManager
02-19 03:27:22.860 4984 5153 W unknown:ViewManagerPropertyUpdater: Could not find generated setter for class com.rnmapbox.rnmbx.components.styles.layers.RNMBXCircleLayerManager
02-19 03:27:22.861 4984 5153 W unknown:ViewManagerPropertyUpdater: Could not find generated setter for class com.rnmapbox.rnmbx.components.styles.layers.RNMBXSymbolLayerManager
02-19 03:27:22.862 4984 5153 W unknown:ViewManagerPropertyUpdater: Could not find generated setter for class com.rnmapbox.rnmbx.components.styles.layers.RNMBXRasterLayerManager
02-19 03:27:22.863 4984 5153 W unknown:ViewManagerPropertyUpdater: Could not find generated setter for class com.rnmapbox.rnmbx.components.styles.layers.RNMBXSkyLayerManager
02-19 03:27:22.864 4984 5153 W unknown:ViewManagerPropertyUpdater: Could not find generated setter for class com.rnmapbox.rnmbx.components.styles.terrain.RNMBXTerrainManager
02-19 03:27:22.865 5168 5168 D nativeloader: Configuring clns-5 for other apk /system/framework/moto-settings.jar. target_sdk_version=34, uses_libraries=ALL, library_path=/data/app/~~PuApcjy5xQJG8gAMy_EqvA==/com.motorola.camera3-3_v6sF5SNHY3x4OPoMgh9Q==/lib/arm64:/data/app/~~PuApcjy5xQJG8gAMy_EqvA==/com.motorola.camera3-3_v6sF5SNHY3x4OPoMgh9Q==/base.apk!/lib/arm64-v8a:/data/app/~~PuApcjy5xQJG8gAMy_EqvA==/com.motorola.camera3-3_v6sF5SNHY3x4OPoMgh9Q==/split_config.arm64_v8a.apk!/lib/arm64-v8a:/data/app/~~PuApcjy5xQJG8gAMy_EqvA==/com.motorola.camera3-3_v6sF5SNHY3x4OPoMgh9Q==/split_vendor_lisbon.apk!/lib/arm64-v8a:/data/app/~~PuApcjy5xQJG8gAMy_EqvA==/com.motorola.camera3-3_v6sF5SNHY3x4OPoMgh9Q==/split_vendor_lisbon.config.arm64_v8a.apk!/lib/arm64-v8a, permitted_path=/data:/mnt/expand:/data/user/0/com.motorola.camera3
02-19 03:27:22.865 5168 5168 D nativeloader: Extending system_exposed_libraries: libteeservice_client.trustonic.so:libapuwareapusys.mtk.so:libapuwareapusys_v2.mtk.so:libapuwarexrp.mtk.so:libapuwarexrp_v2.mtk.so:libapuwareutils.mtk.so:libapuwareutils_v2.mtk.so:libapuwarehmp.mtk.so:libmcv_runtime_usdk.mtk.so:libneuron_graph_delegate.mtk.so:libneuronusdk_adapter.mtk.so:libtflite_mtk.mtk.so:libarmnn_ndk.mtk.so:libcmdl_ndk.mtk.so:libnir_neon_driver_ndk.mtk.so:libmvpu_runtime.mtk.so:libmvpu_runtime_pub.mtk.so:libmvpu_engine_pub.mtk.so:libmvpu_pattern_pub.mtk.so:libmvpuop_mtk_cv.mtk.so:libmvpuop_mtk_nn.mtk.so:libjni_helper.motocameradesktop.so:libimgTuner_jni.motoimagetuner.so:libmcf_native_window_helper.motocamera.so
02-19 03:27:22.865 4984 5153 W unknown:ViewManagerPropertyUpdater: Could not find generated setter for class com.rnmapbox.rnmbx.components.styles.atmosphere.RNMBXAtmosphereManager
02-19 03:27:22.866 4984 5153 W unknown:ViewManagerPropertyUpdater: Could not find generated setter for class com.rnmapbox.rnmbx.components.styles.layers.RNMBXBackgroundLayerManager
02-19 03:27:22.867 4984 5153 W unknown:ViewManagerPropertyUpdater: Could not find generated setter for class com.rnmapbox.rnmbx.components.styles.light.RNMBXLightManager
02-19 03:27:22.867 4984 5153 W unknown:ViewManagerPropertyUpdater: Could not find generated setter for class com.rnmapbox.rnmbx.components.styles.layers.RNMBXModelLayerManager
02-19 03:27:22.868 5168 5168 W onEngineServic: ClassLoaderContext classpath size mismatch. expected=3, found=0 (PCL[/system/framework/com.android.location.provider.jar*3633238672:/system/framework/services.jar*3271717807:/system/framework/ethernet-service.jar*2703548982] | PCL[])
02-19 03:27:22.868 4984 5153 W unknown:ViewManagerPropertyUpdater: Could not find generated setter for class com.shopify.reactnative.flash_list.AutoLayoutViewManager
02-19 03:27:22.869 4984 5153 W unknown:ViewManagerPropertyUpdater: Could not find generated setter for class com.shopify.reactnative.flash_list.CellContainerManager
02-19 03:27:22.870 4984 5153 W unknown:ViewManagerPropertyUpdater: Could not find generated setter for class com.urbanairship.reactnative.ReactMessageViewManager
02-19 03:27:22.871 4984 5153 W unknown:ViewManagerPropertyUpdater: Could not find generated setter for class expo.modules.kotlin.views.GroupViewManagerWrapper
02-19 03:27:22.872 4984 5153 W unknown:ViewManagerPropertyUpdater: Could not find generated setter for class com.airbnb.android.react.lottie.LottieAnimationViewManager
02-19 03:27:22.873 4984 5153 W unknown:ViewManagerPropertyUpdater: Could not find generated setter for class com.swmansion.gesturehandler.react.RNGestureHandlerRootViewManager
02-19 03:27:22.874 4984 5153 W unknown:ViewManagerPropertyUpdater: Could not find generated setter for class com.swmansion.gesturehandler.react.RNGestureHandlerButtonViewManager
02-19 03:27:22.874 5168 5168 D nativeloader: Configuring clns-6 for other apk /system/framework/moto-core_services.jar. target_sdk_version=34, uses_libraries=ALL, library_path=/data/app/~~PuApcjy5xQJG8gAMy_EqvA==/com.motorola.camera3-3_v6sF5SNHY3x4OPoMgh9Q==/lib/arm64:/data/app/~~PuApcjy5xQJG8gAMy_EqvA==/com.motorola.camera3-3_v6sF5SNHY3x4OPoMgh9Q==/base.apk!/lib/arm64-v8a:/data/app/~~PuApcjy5xQJG8gAMy_EqvA==/com.motorola.camera3-3_v6sF5SNHY3x4OPoMgh9Q==/split_config.arm64_v8a.apk!/lib/arm64-v8a:/data/app/~~PuApcjy5xQJG8gAMy_EqvA==/com.motorola.camera3-3_v6sF5SNHY3x4OPoMgh9Q==/split_vendor_lisbon.apk!/lib/arm64-v8a:/data/app/~~PuApcjy5xQJG8gAMy_EqvA==/com.motorola.camera3-3_v6sF5SNHY3x4OPoMgh9Q==/split_vendor_lisbon.config.arm64_v8a.apk!/lib/arm64-v8a, permitted_path=/data:/mnt/expand:/data/user/0/com.motorola.camera3
02-19 03:27:22.874 5168 5168 D nativeloader: Extending system_exposed_libraries: libteeservice_client.trustonic.so:libapuwareapusys.mtk.so:libapuwareapusys_v2.mtk.so:libapuwarexrp.mtk.so:libapuwarexrp_v2.mtk.so:libapuwareutils.mtk.so:libapuwareutils_v2.mtk.so:libapuwarehmp.mtk.so:libmcv_runtime_usdk.mtk.so:libneuron_graph_delegate.mtk.so:libneuronusdk_adapter.mtk.so:libtflite_mtk.mtk.so:libarmnn_ndk.mtk.so:libcmdl_ndk.mtk.so:libnir_neon_driver_ndk.mtk.so:libmvpu_runtime.mtk.so:libmvpu_runtime_pub.mtk.so:libmvpu_engine_pub.mtk.so:libmvpu_pattern_pub.mtk.so:libmvpuop_mtk_cv.mtk.so:libmvpuop_mtk_nn.mtk.so:libjni_helper.motocameradesktop.so:libimgTuner_jni.motoimagetuner.so:libmcf_native_window_helper.motocamera.so
02-19 03:27:22.875 4984 5153 W unknown:ViewManagerPropertyUpdater: Could not find generated setter for class com.reactnativekeyboardcontroller.KeyboardControllerViewManager
02-19 03:27:22.876 4984 5153 W unknown:ViewManagerPropertyUpdater: Could not find generated setter for class com.reactnativekeyboardcontroller.KeyboardGestureAreaViewManager
02-19 03:27:22.877 4984 5153 W unknown:ViewManagerPropertyUpdater: Could not find generated setter for class com.reactnativekeyboardcontroller.OverKeyboardViewManager
02-19 03:27:22.878 4984 5153 W unknown:ViewManagerPropertyUpdater: Could not find generated setter for class ca.c
02-19 03:27:22.878 4984 5153 W unknown:ViewManagerPropertyUpdater: Could not find generated setter for class com.reactnativepagerview.PagerViewViewManager
02-19 03:27:22.879 4984 5153 W unknown:ViewManagerPropertyUpdater: Could not find generated setter for class com.reactnativepagerview.LEGACY_PagerViewViewManager
02-19 03:27:22.880 4984 5153 W unknown:ViewManagerPropertyUpdater: Could not find generated setter for class org.wonday.pdf.PdfManager
02-19 03:27:22.882 4984 5153 W unknown:ViewManagerPropertyUpdater: Could not find generated setter for class com.plaid.PLKEmbeddedViewManager
02-19 03:27:22.882 4984 5153 W unknown:ViewManagerPropertyUpdater: Could not find generated setter for class com.th3rdwave.safeareacontext.SafeAreaProviderManager
02-19 03:27:22.883 4984 5153 W unknown:ViewManagerPropertyUpdater: Could not find generated setter for class com.th3rdwave.safeareacontext.SafeAreaViewManager
02-19 03:27:22.884 4984 5153 W unknown:ViewManagerPropertyUpdater: Could not find generated setter for class Ta.n
02-19 03:27:22.885 4984 5153 W unknown:ViewManagerPropertyUpdater: Could not find generated setter for class com.swmansion.rnscreens.ScreenContainerViewManager
02-19 03:27:22.886 4984 5153 W unknown:ViewManagerPropertyUpdater: Could not find generated setter for class com.swmansion.rnscreens.ScreenViewManager
02-19 03:27:22.887 4984 5153 W unknown:ViewManagerPropertyUpdater: Could not find generated setter for class com.swmansion.rnscreens.ModalScreenViewManager
02-19 03:27:22.887 4984 5153 W unknown:ViewManagerPropertyUpdater: Could not find generated setter for class com.swmansion.rnscreens.ScreenStackViewManager
02-19 03:27:22.888 4984 5153 W unknown:ViewManagerPropertyUpdater: Could not find generated setter for class com.swmansion.rnscreens.ScreenStackHeaderConfigViewManager
02-19 03:27:22.889 4984 5153 W unknown:ViewManagerPropertyUpdater: Could not find generated setter for class com.swmansion.rnscreens.ScreenStackHeaderSubviewManager
02-19 03:27:22.890 4984 5153 W unknown:ViewManagerPropertyUpdater: Could not find generated setter for class com.swmansion.rnscreens.SearchBarManager
02-19 03:27:22.891 4984 5153 W unknown:ViewManagerPropertyUpdater: Could not find generated setter for class com.horcrux.svg.RenderableViewManager$DefsViewManager
02-19 03:27:22.893 4984 5153 W unknown:ViewManagerPropertyUpdater: Could not find generated setter for class com.horcrux.svg.A0
02-19 03:27:22.894 4984 5153 W unknown:ViewManagerPropertyUpdater: Could not find generated setter for class com.horcrux.svg.RenderableViewManager$FeMergeManager
02-19 03:27:22.895 4984 5153 W unknown:ViewManagerPropertyUpdater: Could not find generated setter for class com.horcrux.svg.RenderableViewManager$LinearGradientManager
02-19 03:27:22.897 4984 5153 W unknown:ViewManagerPropertyUpdater: Could not find generated setter for class com.horcrux.svg.RenderableViewManager$FeGaussianBlurManager
02-19 03:27:22.898 4984 5153 W unknown:ViewManagerPropertyUpdater: Could not find generated setter for class com.horcrux.svg.RenderableViewManager$FeColorMatrixManager
02-19 03:27:22.899 4984 5153 W unknown:ViewManagerPropertyUpdater: Could not find generated setter for class com.horcrux.svg.RenderableViewManager$ClipPathViewManager
02-19 03:27:22.901 4984 5153 W unknown:ViewManagerPropertyUpdater: Could not find generated setter for class com.horcrux.svg.RenderableViewManager$SymbolManager
02-19 03:27:22.903 4984 5153 W unknown:ViewManagerPropertyUpdater: Could not find generated setter for class com.horcrux.svg.RenderableViewManager$PatternManager
02-19 03:27:22.905 4984 5153 W unknown:ViewManagerPropertyUpdater: Could not find generated setter for class com.horcrux.svg.RenderableViewManager$FeBlendManager
02-19 03:27:22.906 4984 5153 W unknown:ViewManagerPropertyUpdater: Could not find generated setter for class com.horcrux.svg.SvgViewManager
02-19 03:27:22.907 4984 5153 W unknown:ViewManagerPropertyUpdater: Could not find generated setter for class com.horcrux.svg.RenderableViewManager$UseViewManager
02-19 03:27:22.909 4984 5153 W unknown:ViewManagerPropertyUpdater: Could not find generated setter for class com.horcrux.svg.RenderableViewManager$CircleViewManager
02-19 03:27:22.911 4984 5153 W unknown:ViewManagerPropertyUpdater: Could not find generated setter for class com.horcrux.svg.RenderableViewManager$TSpanViewManager
02-19 03:27:22.913 4984 5153 W unknown:ViewManagerPropertyUpdater: Could not find generated setter for class com.horcrux.svg.RenderableViewManager$FilterManager
02-19 03:27:22.914 4984 5153 W unknown:ViewManagerPropertyUpdater: Could not find generated setter for class com.horcrux.svg.RenderableViewManager$MarkerManager
02-19 03:27:22.917 4984 5153 W unknown:ViewManagerPropertyUpdater: Could not find generated setter for class com.horcrux.svg.RenderableViewManager$ForeignObjectManager
02-19 03:27:22.917 5168 5168 W ziparchive: Unable to open '/data/app/~~PuApcjy5xQJG8gAMy_EqvA==/com.motorola.camera3-3_v6sF5SNHY3x4OPoMgh9Q==/split_config.arm64_v8a.dm': No such file or directory
02-19 03:27:22.917 5168 5168 W ziparchive: Unable to open '/data/app/~~PuApcjy5xQJG8gAMy_EqvA==/com.motorola.camera3-3_v6sF5SNHY3x4OPoMgh9Q==/split_config.arm64_v8a.dm': No such file or directory
02-19 03:27:22.917 5168 5168 W onEngineServic: Entry not found
02-19 03:27:22.918 4984 5153 W unknown:ViewManagerPropertyUpdater: Could not find generated setter for class com.horcrux.svg.RenderableViewManager$EllipseViewManager
02-19 03:27:22.920 5168 5168 W ziparchive: Unable to open '/data/app/~~PuApcjy5xQJG8gAMy_EqvA==/com.motorola.camera3-3_v6sF5SNHY3x4OPoMgh9Q==/split_vendor_lisbon.dm': No such file or directory
02-19 03:27:22.920 5168 5168 W ziparchive: Unable to open '/data/app/~~PuApcjy5xQJG8gAMy_EqvA==/com.motorola.camera3-3_v6sF5SNHY3x4OPoMgh9Q==/split_vendor_lisbon.dm': No such file or directory
02-19 03:27:22.920 4984 5153 W unknown:ViewManagerPropertyUpdater: Could not find generated setter for class com.horcrux.svg.RenderableViewManager$LineViewManager
02-19 03:27:22.920 5168 5168 W onEngineServic: Entry not found
02-19 03:27:22.921 5168 5168 W ziparchive: Unable to open '/data/app/~~PuApcjy5xQJG8gAMy_EqvA==/com.motorola.camera3-3_v6sF5SNHY3x4OPoMgh9Q==/split_vendor_lisbon.config.arm64_v8a.dm': No such file or directory
02-19 03:27:22.922 4984 5153 W unknown:ViewManagerPropertyUpdater: Could not find generated setter for class com.horcrux.svg.RenderableViewManager$FeFloodManager
02-19 03:27:22.923 5168 5168 W ziparchive: Unable to open '/data/app/~~PuApcjy5xQJG8gAMy_EqvA==/com.motorola.camera3-3_v6sF5SNHY3x4OPoMgh9Q==/split_vendor_lisbon.config.arm64_v8a.dm': No such file or directory
02-19 03:27:22.923 4984 5153 W unknown:ViewManagerPropertyUpdater: Could not find generated setter for class com.horcrux.svg.RenderableViewManager$GroupViewManager
02-19 03:27:22.924 5168 5168 W onEngineServic: Entry not found
02-19 03:27:22.925 4984 5153 W unknown:ViewManagerPropertyUpdater: Could not find generated setter for class com.horcrux.svg.RenderableViewManager$TextViewManager
02-19 03:27:22.926 5168 5168 D nativeloader: Configuring clns-7 for other apk /data/app/~~PuApcjy5xQJG8gAMy_EqvA==/com.motorola.camera3-3_v6sF5SNHY3x4OPoMgh9Q==/base.apk:/data/app/~~PuApcjy5xQJG8gAMy_EqvA==/com.motorola.camera3-3_v6sF5SNHY3x4OPoMgh9Q==/split_config.arm64_v8a.apk:/data/app/~~PuApcjy5xQJG8gAMy_EqvA==/com.motorola.camera3-3_v6sF5SNHY3x4OPoMgh9Q==/split_vendor_lisbon.apk:/data/app/~~PuApcjy5xQJG8gAMy_EqvA==/com.motorola.camera3-3_v6sF5SNHY3x4OPoMgh9Q==/split_vendor_lisbon.config.arm64_v8a.apk. target_sdk_version=34, uses_libraries=liblowlight_ai_portrait.arcsoft.so:libOpenCL.so, library_path=/data/app/~~PuApcjy5xQJG8gAMy_EqvA==/com.motorola.camera3-3_v6sF5SNHY3x4OPoMgh9Q==/lib/arm64:/data/app/~~PuApcjy5xQJG8gAMy_EqvA==/com.motorola.camera3-3_v6sF5SNHY3x4OPoMgh9Q==/base.apk!/lib/arm64-v8a:/data/app/~~PuApcjy5xQJG8gAMy_EqvA==/com.motorola.camera3-3_v6sF5SNHY3x4OPoMgh9Q==/split_config.arm64_v8a.apk!/lib/arm64-v8a:/data/app/~~PuApcjy5xQJG8gAMy_EqvA==/com.motorola.camera3-3_v6sF5SNHY3x4OPoMgh9Q==/split_vendor_lisbon.apk!/lib/arm64-v8a:/data/app
02-19 03:27:22.926 4984 5153 W unknown:ViewManagerPropertyUpdater: Could not find generated setter for class com.horcrux.svg.RenderableViewManager$ImageViewManager
02-19 03:27:22.928 4984 5153 W unknown:ViewManagerPropertyUpdater: Could not find generated setter for class com.horcrux.svg.RenderableViewManager$FeCompositeManager
02-19 03:27:22.930 4984 5153 W unknown:ViewManagerPropertyUpdater: Could not find generated setter for class com.horcrux.svg.RenderableViewManager$RadialGradientManager
02-19 03:27:22.932 4984 5153 W unknown:ViewManagerPropertyUpdater: Could not find generated setter for class com.horcrux.svg.RenderableViewManager$MaskManager
02-19 03:27:22.933 4984 5153 W unknown:ViewManagerPropertyUpdater: Could not find generated setter for class com.horcrux.svg.RenderableViewManager$RectViewManager
02-19 03:27:22.935 4984 5153 W unknown:ViewManagerPropertyUpdater: Could not find generated setter for class com.horcrux.svg.RenderableViewManager$TextPathViewManager
02-19 03:27:22.937 4984 5153 W unknown:ViewManagerPropertyUpdater: Could not find generated setter for class com.horcrux.svg.RenderableViewManager$FeOffsetManager
02-19 03:27:22.938 4984 5153 W unknown:ViewManagerPropertyUpdater: Could not find generated setter for class com.horcrux.svg.RenderableViewManager$PathViewManager
02-19 03:27:22.940 4984 5153 W unknown:ViewManagerPropertyUpdater: Could not find generated setter for class com.mrousavy.camera.react.CameraViewManager
02-19 03:27:22.941 2433 2477 I SQLiteCacheHelper: SqliteCacheHelper---->delete whereClause = componentName LIKE ? AND profileId = ?, whereArgs = com.expensify.chat/%;0;
02-19 03:27:22.942 4984 5153 W unknown:ViewManagerPropertyUpdater: Could not find generated setter for class com.reactnativecommunity.webview.RNCWebViewManager
02-19 03:27:22.942 2937 2937 D MFL : inside onPackageChanged
02-19 03:27:22.947 5168 5168 V GraphicsEnvironment: ANGLE Developer option for 'com.motorola.camera3' set to: 'default'
02-19 03:27:22.948 5168 5168 V GraphicsEnvironment: ANGLE GameManagerService for com.motorola.camera3: false
02-19 03:27:22.948 5168 5168 V GraphicsEnvironment: Neither updatable production driver nor prerelease driver is supported.
02-19 03:27:22.950 2433 2477 D CustomAppIcons: Get custom app icon: android.app.Application@b92f1bd | com.expensify.chat | com.expensify.chat.mainactivity
02-19 03:27:22.950 2433 2477 D CustomAppIcons: Icon from CustomAppIcons: com.expensify.chat | com.expensify.chat.mainactivity | null
02-19 03:27:22.951 2937 4306 D CategoryUtil: Package com.expensify.chat doesn't have Cast Key
02-19 03:27:22.951 2433 2477 D CustomAppIcons: Get custom app icon: android.app.Application@b92f1bd | com.expensify.chat | com.expensify.chat.mainactivity
02-19 03:27:22.951 2433 2477 D CustomAppIcons: Icon from CustomAppIcons: com.expensify.chat | com.expensify.chat.mainactivity | null
02-19 03:27:22.963 1010 1010 I Vibrator: Vibrator on for timeoutMs: 100
02-19 03:27:22.964 1010 1010 D Vibrator: Vibrator using LED trigger
02-19 03:27:22.970 2433 2477 E CustomAppIcons: Load icon from drawable: android.graphics.drawable.AdaptiveIconDrawable@bde44f6
02-19 03:27:22.980 5168 5168 I Typeface: updateThemeFont new=source-sans-pro;old=sans-serif;new=source-sans-pro;old=
02-19 03:27:22.985 2433 2477 I SQLiteCacheHelper: SqliteCacheHelper---->delete whereClause = packageName = ? AND profileId = ?, whereArgs = com.expensify.chat;0;
02-19 03:27:22.989 2433 2477 D CustomAppIcons: Get custom app icon: android.app.Application@b92f1bd | com.expensify.chat |
02-19 03:27:22.989 2433 2477 D CustomAppIcons: Icon from CustomAppIcons: com.expensify.chat | | null
02-19 03:27:22.990 2433 2477 E CustomAppIcons: Load icon from drawable: android.graphics.drawable.AdaptiveIconDrawable@2ea80f7
02-19 03:27:23.038 1703 1749 W Choreographer: Frame time is 0.113806 ms in the future! Check that graphics HAL is generating vsync timestamps using the correct timebase.
02-19 03:27:23.038 2117 2117 W Choreographer: Frame time is 0.104268 ms in the future! Check that graphics HAL is generating vsync timestamps using the correct timebase.
02-19 03:27:23.038 2433 2433 W Choreographer: Frame time is 0.025806 ms in the future! Check that graphics HAL is generating vsync timestamps using the correct timebase.
02-19 03:27:23.038 5708 5708 W Choreographer: Frame time is 0.03896 ms in the future! Check that graphics HAL is generating vsync timestamps using the correct timebase.
02-19 03:27:23.048 5168 5168 D nativeloader: Load /data/app/~~PuApcjy5xQJG8gAMy_EqvA==/com.motorola.camera3-3_v6sF5SNHY3x4OPoMgh9Q==/split_config.arm64_v8a.apk!/lib/arm64-v8a/libcamerax_extension_jni.so using ns clns-7 from class loader (caller=base.apk): ok
02-19 03:27:23.063 1010 1010 D Vibrator: Vibrator off
02-19 03:27:23.063 1010 1010 D Vibrator: Vibrator using LED trigger
02-19 03:27:23.101 4984 5167 D ExtensionsManager: Successfully initialized extensions
02-19 03:27:23.102 4984 5162 I CameraDevices: Successfully initialized!
02-19 03:27:23.105 4984 5162 D DeviceQuirks: video DeviceQuirks = NegativeLatLongSavesIncorrectlyQuirk
02-19 03:27:23.106 4984 5162 D CapabilitiesByQuality: profiles = ImmutableEncoderProfilesProxy{defaultDurationSeconds=30, recommendedFileFormat=2, audioProfiles=[AudioProfileProxy{codec=3, mediaType=audio/mp4a-latm, bitrate=256000, sampleRate=48000, channels=2, profile=1}], videoProfiles=[VideoProfileProxy{codec=2, mediaType=video/avc, bitrate=43000000, frameRate=30, width=3840, height=2160, profile=-1, bitDepth=8, chromaSubsampling=0, hdrFormat=0}]}
02-19 03:27:23.106 4984 5162 D CapabilitiesByQuality: profiles = ImmutableEncoderProfilesProxy{defaultDurationSeconds=30, recommendedFileFormat=2, audioProfiles=[AudioProfileProxy{codec=3, mediaType=audio/mp4a-latm, bitrate=256000, sampleRate=48000, channels=2, profile=1}], videoProfiles=[VideoProfileProxy{codec=2, mediaType=video/avc, bitrate=17000000, frameRate=30, width=1920, height=1080, profile=-1, bitDepth=8, chromaSubsampling=0, hdrFormat=0}]}
02-19 03:27:23.107 4984 5162 D CapabilitiesByQuality: profiles = ImmutableEncoderProfilesProxy{defaultDurationSeconds=30, recommendedFileFormat=2, audioProfiles=[AudioProfileProxy{codec=3, mediaType=audio/mp4a-latm, bitrate=256000, sampleRate=48000, channels=2, profile=1}], videoProfiles=[VideoProfileProxy{codec=2, mediaType=video/avc, bitrate=9000000, frameRate=30, width=1280, height=720, profile=-1, bitDepth=8, chromaSubsampling=0, hdrFormat=0}]}
02-19 03:27:23.107 4984 5162 D CapabilitiesByQuality: profiles = ImmutableEncoderProfilesProxy{defaultDurationSeconds=30, recommendedFileFormat=2, audioProfiles=[AudioProfileProxy{codec=3, mediaType=audio/mp4a-latm, bitrate=256000, sampleRate=48000, channels=2, profile=1}], videoProfiles=[VideoProfileProxy{codec=2, mediaType=video/avc, bitrate=4500000, frameRate=30, width=640, height=480, profile=-1, bitDepth=8, chromaSubsampling=0, hdrFormat=0}]}
02-19 03:27:23.109 4984 5162 D DeviceQuirks: extensions DeviceQuirks = ExtensionDisabledQuirk
02-19 03:27:23.123 4984 5162 D CapabilitiesByQuality: profiles = ImmutableEncoderProfilesProxy{defaultDurationSeconds=30, recommendedFileFormat=2, audioProfiles=[AudioProfileProxy{codec=3, mediaType=audio/mp4a-latm, bitrate=256000, sampleRate=48000, channels=2, profile=1}], videoProfiles=[VideoProfileProxy{codec=2, mediaType=video/avc, bitrate=9000000, frameRate=30, width=1280, height=720, profile=-1, bitDepth=8, chromaSubsampling=0, hdrFormat=0}]}
02-19 03:27:23.124 4984 5162 D CapabilitiesByQuality: profiles = ImmutableEncoderProfilesProxy{defaultDurationSeconds=30, recommendedFileFormat=2, audioProfiles=[AudioProfileProxy{codec=3, mediaType=audio/mp4a-latm, bitrate=256000, sampleRate=48000, channels=2, profile=1}], videoProfiles=[VideoProfileProxy{codec=2, mediaType=video/avc, bitrate=4500000, frameRate=30, width=640, height=480, profile=-1, bitDepth=8, chromaSubsampling=0, hdrFormat=0}]}
02-19 03:27:23.181 4984 5153 V SoLoader: libreanimated.so not found on /data/app/~~cRuVz8N8lCDfkf4B9V9aBg==/com.expensify.chat-3TAavFNh5eQK3YVgTQYmQg==/lib/arm64
02-19 03:27:23.181 4984 5153 V SoLoader: libreanimated.so not found on /data/app/~~cRuVz8N8lCDfkf4B9V9aBg==/com.expensify.chat-3TAavFNh5eQK3YVgTQYmQg==/split_config.arm64_v8a.apk!/lib/arm64-v8a
02-19 03:27:23.181 4984 5153 V SoLoader: libreanimated.so not found on /data/app/~~cRuVz8N8lCDfkf4B9V9aBg==/com.expensify.chat-3TAavFNh5eQK3YVgTQYmQg==/base.apk!/lib/arm64-v8a
02-19 03:27:23.181 4984 5153 V SoLoader: libreanimated.so not found on /data/app/~~cRuVz8N8lCDfkf4B9V9aBg==/com.expensify.chat-3TAavFNh5eQK3YVgTQYmQg==/split_config.es.apk!/lib/arm64-v8a
02-19 03:27:23.181 4984 5153 V SoLoader: libreanimated.so not found on /data/app/~~cRuVz8N8lCDfkf4B9V9aBg==/com.expensify.chat-3TAavFNh5eQK3YVgTQYmQg==/split_config.xxhdpi.apk!/lib/arm64-v8a
02-19 03:27:23.181 4984 5153 V SoLoader: libreanimated.so not found on /data/app/~~cRuVz8N8lCDfkf4B9V9aBg==/com.expensify.chat-3TAavFNh5eQK3YVgTQYmQg==/split_config.xxhdpi.apk!/lib/arm64-v8a
02-19 03:27:23.181 4984 5153 V SoLoader: libreanimated.so not found on /data/app/~~cRuVz8N8lCDfkf4B9V9aBg==/com.expensify.chat-3TAavFNh5eQK3YVgTQYmQg==/split_config.es.apk!/lib/arm64-v8a
02-19 03:27:23.197 4984 5153 D nativeloader: Load /data/app/~~cRuVz8N8lCDfkf4B9V9aBg==/com.expensify.chat-3TAavFNh5eQK3YVgTQYmQg==/split_config.arm64_v8a.apk!/lib/arm64-v8a/libreanimated.so using ns clns-5 from class loader (caller=base.apk): ok
02-19 03:27:23.197 4984 5153 D SoLoader: libreanimated.so found on /data/app/~~cRuVz8N8lCDfkf4B9V9aBg==/com.expensify.chat-3TAavFNh5eQK3YVgTQYmQg==/split_config.arm64_v8a.apk!/lib/arm64-v8a
02-19 03:27:23.212 1010 1010 I Vibrator: Vibrator on for timeoutMs: 100
02-19 03:27:23.212 1010 1010 D Vibrator: Vibrator using LED trigger
02-19 03:27:23.313 1010 1010 D Vibrator: Vibrator off
02-19 03:27:23.313 1010 1010 D Vibrator: Vibrator using LED trigger
02-19 03:27:23.319 953 1238 I hwcomposer: [HWC] (0)fire a callback of refresh to SF[4]
02-19 03:27:23.328 953 1235 I hwcomposer: [HWCDisplay] setColorTransformForJob ccorr_state=0->1 hint=0 force_disable_color=1 identity=1
02-19 03:27:23.328 953 1235 I hwcomposer: [HWCDisplay] [Display_0 (type:1)] fps:45.816093,dur:1004.01,max:92.59,min:11.64
02-19 03:27:23.329 953 1239 I hwcomposer: [DEV] [DEV] (Send identity matrix)
02-19 03:27:23.332 4984 5153 E .expensify.cha: Invalid ID 0x00000000.
02-19 03:27:23.444 996 1045 I libPerfCtl: xgfGetFPS pid:2117 fps:61
02-19 03:27:23.445 996 1045 I libPerfCtl: xgfGetFPS pid:29012 fps:46
02-19 03:27:23.464 4984 5153 D nativeloader: Load /data/app/~~cRuVz8N8lCDfkf4B9V9aBg==/com.expensify.chat-3TAavFNh5eQK3YVgTQYmQg==/split_config.arm64_v8a.apk!/lib/arm64-v8a/libreact-native-quick-sqlite.so using ns clns-5 from class loader (caller=base.apk!classes4.dex): ok
02-19 03:27:23.467 4984 5153 W System.err: RNInstallReferrerClient exception. getInstallReferrer will be unavailable: G2.a.newBuilder [class android.content.Context]
02-19 03:27:23.467 4984 5153 W System.err: java.lang.NoSuchMethodException: G2.a.newBuilder [class android.content.Context]
02-19 03:27:23.467 4984 5153 W System.err: at java.lang.Class.getMethod(Class.java:2950)
02-19 03:27:23.467 4984 5153 W System.err: at java.lang.Class.getMethod(Class.java:2450)
02-19 03:27:23.468 4984 5153 W System.err: at s8.d.(SourceFile:35)
02-19 03:27:23.468 4984 5153 W System.err: at com.learnium.RNDeviceInfo.RNDeviceModule.(SourceFile:35)
02-19 03:27:23.468 4984 5153 W System.err: at H2.c.getModule(SourceFile:73)
02-19 03:27:23.468 4984 5153 W System.err: at com.facebook.react.ReactPackageTurboModuleManagerDelegate.lambda$initialize$0(SourceFile:1)
02-19 03:27:23.468 4984 5153 W System.err: at com.facebook.react.ReactPackageTurboModuleManagerDelegate.a(SourceFile:1)
02-19 03:27:23.468 4984 5153 W System.err: at com.facebook.react.k.getModule(SourceFile:1)
02-19 03:27:23.468 4984 5153 W System.err: at com.facebook.react.ReactPackageTurboModuleManagerDelegate.getModule(SourceFile:51)
02-19 03:27:23.468 4984 5153 W System.err: at com.facebook.react.internal.turbomodule.core.TurboModuleManager.lambda$new$1(SourceFile:1)
02-19 03:27:23.468 4984 5153 W System.err: at com.facebook.react.internal.turbomodule.core.TurboModuleManager.a(SourceFile:1)
02-19 03:27:23.468 4984 5153 W System.err: at com.facebook.react.internal.turbomodule.core.b.getModule(SourceFile:1)
02-19 03:27:23.468 4984 5153 W System.err: at com.facebook.react.internal.turbomodule.core.TurboModuleManager.getOrCreateModule(SourceFile:53)
02-19 03:27:23.468 4984 5153 W System.err: at com.facebook.react.internal.turbomodule.core.TurboModuleManager.getModule(SourceFile:94)
02-19 03:27:23.468 4984 5153 W System.err: at com.facebook.react.internal.turbomodule.core.TurboModuleManager.getTurboLegacyCxxModule(SourceFile:16)
02-19 03:27:23.468 4984 5153 W System.err: at com.facebook.jni.NativeRunnable.run(Native Method)
02-19 03:27:23.468 4984 5153 W System.err: at android.os.Handler.handleCallback(Handler.java:980)
02-19 03:27:23.468 4984 5153 W System.err: at android.os.Handler.dispatchMessage(Handler.java:104)
02-19 03:27:23.468 4984 5153 W System.err: at com.facebook.react.bridge.queue.MessageQueueThreadHandler.dispatchMessage(SourceFile:1)
02-19 03:27:23.468 4984 5153 W System.err: at android.os.Looper.loopOnce(Looper.java:238)
02-19 03:27:23.468 4984 5153 W System.err: at android.os.Looper.loop(Looper.java:357)
02-19 03:27:23.468 4984 5153 W System.err: at com.facebook.react.bridge.queue.MessageQueueThreadImpl$4.run(SourceFile:38)
02-19 03:27:23.468 4984 5153 W System.err: at java.lang.Thread.run(Thread.java:1012)
02-19 03:27:23.491 4984 5153 V SoLoader: libreactnativeblob.so not found on /data/app/~~cRuVz8N8lCDfkf4B9V9aBg==/com.expensify.chat-3TAavFNh5eQK3YVgTQYmQg==/lib/arm64
02-19 03:27:23.491 4984 5153 V SoLoader: libreactnativeblob.so not found on /data/app/~~cRuVz8N8lCDfkf4B9V9aBg==/com.expensify.chat-3TAavFNh5eQK3YVgTQYmQg==/split_config.arm64_v8a.apk!/lib/arm64-v8a
02-19 03:27:23.491 4984 5153 V SoLoader: libreactnativeblob.so not found on /data/app/~~cRuVz8N8lCDfkf4B9V9aBg==/com.expensify.chat-3TAavFNh5eQK3YVgTQYmQg==/base.apk!/lib/arm64-v8a
02-19 03:27:23.491 4984 5153 V SoLoader: libreactnativeblob.so not found on /data/app/~~cRuVz8N8lCDfkf4B9V9aBg==/com.expensify.chat-3TAavFNh5eQK3YVgTQYmQg==/split_config.es.apk!/lib/arm64-v8a
02-19 03:27:23.491 4984 5153 V SoLoader: libreactnativeblob.so not found on /data/app/~~cRuVz8N8lCDfkf4B9V9aBg==/com.expensify.chat-3TAavFNh5eQK3YVgTQYmQg==/split_config.xxhdpi.apk!/lib/arm64-v8a
02-19 03:27:23.491 4984 5153 V SoLoader: libreactnativeblob.so not found on /data/app/~~cRuVz8N8lCDfkf4B9V9aBg==/com.expensify.chat-3TAavFNh5eQK3YVgTQYmQg==/split_config.xxhdpi.apk!/lib/arm64-v8a
02-19 03:27:23.491 4984 5153 V SoLoader: libreactnativeblob.so not found on /data/app/~~cRuVz8N8lCDfkf4B9V9aBg==/com.expensify.chat-3TAavFNh5eQK3YVgTQYmQg==/split_config.es.apk!/lib/arm64-v8a
02-19 03:27:23.498 4984 5153 D nativeloader: Load /data/app/~~cRuVz8N8lCDfkf4B9V9aBg==/com.expensify.chat-3TAavFNh5eQK3YVgTQYmQg==/split_config.arm64_v8a.apk!/lib/arm64-v8a/libreactnativeblob.so using ns clns-5 from class loader (caller=base.apk): ok
02-19 03:27:23.498 4984 5153 D SoLoader: libreactnativeblob.so found on /data/app/~~cRuVz8N8lCDfkf4B9V9aBg==/com.expensify.chat-3TAavFNh5eQK3YVgTQYmQg==/split_config.arm64_v8a.apk!/lib/arm64-v8a
02-19 03:27:23.510 4984 5199 I WebViewFactory: Loading com.google.android.webview version 132.0.6834.163 (code 683416333)
02-19 03:27:23.517 4984 5199 W ziparchive: Unable to open '/data/app/~~1Z9lVJOmMdmYbfjxy1sSbA==/com.google.android.trichromelibrary_683416333-w6AONK3WfjGiA9KBKRe-Fg==/base.dm': No such file or directory
02-19 03:27:23.517 4984 5199 W ziparchive: Unable to open '/data/app/~~1Z9lVJOmMdmYbfjxy1sSbA==/com.google.android.trichromelibrary_683416333-w6AONK3WfjGiA9KBKRe-Fg==/base.dm': No such file or directory
02-19 03:27:23.518 4984 5199 W .expensify.cha: Entry not found
02-19 03:27:23.519 4984 5199 D nativeloader: Configuring clns-7 for other apk /data/app/~~1Z9lVJOmMdmYbfjxy1sSbA==/com.google.android.trichromelibrary_683416333-w6AONK3WfjGiA9KBKRe-Fg==/base.apk. target_sdk_version=34, uses_libraries=ALL, library_path=/data/app/~~P4a6jPWI3DeK00Qa0GRljQ==/com.google.android.webview-DuCtL79Sy7fFMj8rrjQvlQ==/lib/arm64:/data/app/~~P4a6jPWI3DeK00Qa0GRljQ==/com.google.android.webview-DuCtL79Sy7fFMj8rrjQvlQ==/base.apk!/lib/arm64-v8a:/data/app/~~1Z9lVJOmMdmYbfjxy1sSbA==/com.google.android.trichromelibrary_683416333-w6AONK3WfjGiA9KBKRe-Fg==/base.apk!/lib/arm64-v8a, permitted_path=/data:/mnt/expand
02-19 03:27:23.519 4984 5199 D nativeloader: Extending system_exposed_libraries: libteeservice_client.trustonic.so:libapuwareapusys.mtk.so:libapuwareapusys_v2.mtk.so:libapuwarexrp.mtk.so:libapuwarexrp_v2.mtk.so:libapuwareutils.mtk.so:libapuwareutils_v2.mtk.so:libapuwarehmp.mtk.so:libmcv_runtime_usdk.mtk.so:libneuron_graph_delegate.mtk.so:libneuronusdk_adapter.mtk.so:libtflite_mtk.mtk.so:libarmnn_ndk.mtk.so:libcmdl_ndk.mtk.so:libnir_neon_driver_ndk.mtk.so:libmvpu_runtime.mtk.so:libmvpu_runtime_pub.mtk.so:libmvpu_engine_pub.mtk.so:libmvpu_pattern_pub.mtk.so:libmvpuop_mtk_cv.mtk.so:libmvpuop_mtk_nn.mtk.so:libjni_helper.motocameradesktop.so:libimgTuner_jni.motoimagetuner.so:libmcf_native_window_helper.motocamera.so
02-19 03:27:23.522 4984 5199 W ziparchive: Unable to open '/apex/com.android.extservices/javalib/android.ext.adservices.dm': No such file or directory
02-19 03:27:23.522 4984 5199 W ziparchive: Unable to open '/apex/com.android.extservices/javalib/android.ext.adservices.dm': No such file or directory
02-19 03:27:23.529 4984 5199 D nativeloader: Configuring clns-8 for other apk /apex/com.android.extservices/javalib/android.ext.adservices.jar. target_sdk_version=34, uses_libraries=ALL, library_path=/data/app/~~P4a6jPWI3DeK00Qa0GRljQ==/com.google.android.webview-DuCtL79Sy7fFMj8rrjQvlQ==/lib/arm64:/data/app/~~P4a6jPWI3DeK00Qa0GRljQ==/com.google.android.webview-DuCtL79Sy7fFMj8rrjQvlQ==/base.apk!/lib/arm64-v8a:/data/app/~~1Z9lVJOmMdmYbfjxy1sSbA==/com.google.android.trichromelibrary_683416333-w6AONK3WfjGiA9KBKRe-Fg==/base.apk!/lib/arm64-v8a, permitted_path=/data:/mnt/expand
02-19 03:27:23.529 4984 5199 D nativeloader: Extending system_exposed_libraries: libteeservice_client.trustonic.so:libapuwareapusys.mtk.so:libapuwareapusys_v2.mtk.so:libapuwarexrp.mtk.so:libapuwarexrp_v2.mtk.so:libapuwareutils.mtk.so:libapuwareutils_v2.mtk.so:libapuwarehmp.mtk.so:libmcv_runtime_usdk.mtk.so:libneuron_graph_delegate.mtk.so:libneuronusdk_adapter.mtk.so:libtflite_mtk.mtk.so:libarmnn_ndk.mtk.so:libcmdl_ndk.mtk.so:libnir_neon_driver_ndk.mtk.so:libmvpu_runtime.mtk.so:libmvpu_runtime_pub.mtk.so:libmvpu_engine_pub.mtk.so:libmvpu_pattern_pub.mtk.so:libmvpuop_mtk_cv.mtk.so:libmvpuop_mtk_nn.mtk.so:libjni_helper.motocameradesktop.so:libimgTuner_jni.motoimagetuner.so:libmcf_native_window_helper.motocamera.so
02-19 03:27:23.531 4984 5199 D nativeloader: InitApexLibraries:
02-19 03:27:23.531 4984 5199 D nativeloader: com_android_appsearch: libicing.so
02-19 03:27:23.531 4984 5199 D nativeloader: com_android_art: libartservice.so
02-19 03:27:23.531 4984 5199 D nativeloader: com_android_conscrypt: libjavacrypto.so
02-19 03:27:23.531 4984 5199 D nativeloader: com_android_extservices: libtflite_support_classifiers_native.so
02-19 03:27:23.531 4984 5199 D nativeloader: com_android_mediaprovider: libpdfclient.so
02-19 03:27:23.531 4984 5199 D nativeloader: com_android_os_statsd: libstats_jni.so
02-19 03:27:23.531 4984 5199 D nativeloader: com_android_tethering: libandroid_net_connectivity_com_android_net_module_util_jni.so:libcrypto.so:libframework-connectivity-jni.so:libframework-connectivity-tiramisu-jni.so:libmainlinecronet.126.0.6423.0.so:libservice-connectivity.so:libservice-thread-jni.so:libssl.so
02-19 03:27:23.534 4984 5199 D nativeloader: Configuring clns-9 for other apk /data/app/~~P4a6jPWI3DeK00Qa0GRljQ==/com.google.android.webview-DuCtL79Sy7fFMj8rrjQvlQ==/base.apk. target_sdk_version=34, uses_libraries=, library_path=/data/app/~~P4a6jPWI3DeK00Qa0GRljQ==/com.google.android.webview-DuCtL79Sy7fFMj8rrjQvlQ==/lib/arm64:/data/app/~~P4a6jPWI3DeK00Qa0GRljQ==/com.google.android.webview-DuCtL79Sy7fFMj8rrjQvlQ==/base.apk!/lib/arm64-v8a:/data/app/~~1Z9lVJOmMdmYbfjxy1sSbA==/com.google.android.trichromelibrary_683416333-w6AONK3WfjGiA9KBKRe-Fg==/base.apk!/lib/arm64-v8a, permitted_path=/data:/mnt/expand
02-19 03:27:23.556 4984 5199 I cr_WVCFactoryProvider: version=132.0.6834.163 (683416333) minSdkVersion=29 isBundle=true multiprocess=true packageId=2
02-19 03:27:23.563 4984 5199 D nativeloader: Load /data/app/~~1Z9lVJOmMdmYbfjxy1sSbA==/com.google.android.trichromelibrary_683416333-w6AONK3WfjGiA9KBKRe-Fg==/base.apk!/lib/arm64-v8a/libmonochrome_64.so using ns clns-9 from class loader (caller=/data/app/~~P4a6jPWI3DeK00Qa0GRljQ==/com.google.android.webview-DuCtL79Sy7fFMj8rrjQvlQ==/base.apk): ok
02-19 03:27:23.566 4984 5199 D nativeloader: Load /system/lib64/libwebviewchromium_plat_support.so using ns clns-9 from class loader (caller=/data/app/~~P4a6jPWI3DeK00Qa0GRljQ==/com.google.android.webview-DuCtL79Sy7fFMj8rrjQvlQ==/base.apk): ok
02-19 03:27:23.573 4984 5199 I cr_LibraryLoader: Successfully loaded native library
02-19 03:27:23.575 4984 5199 I cr_CachingUmaRecorder: Flushed 6 samples from 6 histograms, 0 samples were dropped.
02-19 03:27:23.587 912 912 D Zygote : Forked child process 5207
02-19 03:27:23.590 1703 1734 I ActivityManager: Start proc 5207:com.google.android.webview:webview_service/u0a238 for service {com.google.android.webview/org.chromium.android_webview.services.VariationsSeedServer}
02-19 03:27:23.604 5207 5207 I webview_servic: Using CollectorTypeCC GC.
02-19 03:27:23.607 5207 5207 E webview_servic: Not starting debugger since process cannot load the jdwp agent.
