02-19 03:27:27.272 5241 5285 I WM-WorkerWrapper: Worker result SUCCESS for Work [ id=da022e02-85b2-4f7f-889f-c4ec22926226, tags={ com.google.android.apps.messaging.shared.datamodel.workqueue.WorkQueueWorkerShim,data_upgrade- } ]
02-19 03:27:27.274 5241 5241 D WM-Processor: pms da022e02-85b2-4f7f-889f-c4ec22926226 executed; reschedule = false
02-19 03:27:27.279 5241 5286 D WM-GreedyScheduler: Cancelling work ID da022e02-85b2-4f7f-889f-c4ec22926226
02-19 03:27:27.290 5241 5286 D WM-GreedyScheduler: Ignoring {WorkSpec: 6a435c33-0f76-41b2-94b4-fa3646fb44b0}. Requires device idle.
02-19 03:27:27.290 5241 5286 D WM-GreedyScheduler: Ignoring {WorkSpec: 38b53d77-ee08-4c26-b252-4b09de912ac4}. Requires ContentUri triggers.
02-19 03:27:27.290 5241 5286 D WM-GreedyScheduler: Ignoring {WorkSpec: 88e7c0c8-d9f8-42b4-ad0e-53b5c42b4d29}. Requires ContentUri triggers.
02-19 03:27:27.290 5241 5286 D WM-GreedyScheduler: Ignoring {WorkSpec: cc9f5326-2fba-4408-8787-3d621558c3dc}. Requires device idle.
02-19 03:27:27.290 5241 5286 D WM-GreedyScheduler: Ignoring {WorkSpec: dafac66d-4bb4-4577-af49-05ad58cd0548}. Requires ContentUri triggers.
02-19 03:27:27.445 996 1045 I libPerfCtl: xgfGetFPS pid:2117 fps:-1
02-19 03:27:27.445 996 1045 I libPerfCtl: xgfGetFPS pid:29012 fps:52
02-19 03:27:27.526 4984 5300 D ProfileInstaller: Skipping profile installation for com.expensify.chat
02-19 03:27:27.849 953 1238 I hwcomposer: [HWC] (0)fire a callback of refresh to SF[4]
02-19 03:27:27.862 953 1235 I hwcomposer: [HWCDisplay] setColorTransformForJob ccorr_state=0->1 hint=0 force_disable_color=1 identity=1
02-19 03:27:27.862 953 1239 I hwcomposer: [DEV] [DEV] (Send identity matrix)
02-19 03:27:27.885 29012 29012 W [RNScreens]: backTitleVisible prop is not available on Android
02-19 03:27:27.885 29012 29012 W [RNScreens]: largeTitleHideShadow prop is not available on Android
02-19 03:27:27.885 29012 29012 W [RNScreens]: disableBackButtonMenu prop is not available on Android
02-19 03:27:27.918 29012 29272 D skia : --- Failed to create image decoder with message 'unimplemented'
02-19 03:27:27.918 29012 29273 D skia : --- Failed to create image decoder with message 'unimplemented'
02-19 03:27:27.919 29012 29272 D skia : --- Failed to create image decoder with message 'unimplemented'
02-19 03:27:27.919 29012 29273 D skia : --- Failed to create image decoder with message 'unimplemented'
02-19 03:27:27.920 29012 29272 D skia : --- Failed to create image decoder with message 'unimplemented'
02-19 03:27:27.920 29012 29273 D skia : --- Failed to create image decoder with message 'unimplemented'
02-19 03:27:27.921 29012 29272 D skia : --- Failed to create image decoder with message 'unimplemented'
02-19 03:27:27.921 29012 29273 D skia : --- Failed to create image decoder with message 'unimplemented'
02-19 03:27:27.922 29012 29272 D skia : --- Failed to create image decoder with message 'unimplemented'
02-19 03:27:27.922 29012 29273 D skia : --- Failed to create image decoder with message 'unimplemented'
02-19 03:27:27.923 29012 29272 D skia : --- Failed to create image decoder with message 'unimplemented'
02-19 03:27:27.923 29012 29273 D skia : --- Failed to create image decoder with message 'unimplemented'
02-19 03:27:28.034 4984 5153 E ReactNativeJS: [Onyx] Warning: Trying to apply "merge" with array type to non-array type in the key "private_personalDetails"
02-19 03:27:28.057 4984 5011 E fullstory: ScannerCallbacks was null
02-19 03:27:28.089 4984 5153 E ReactNativeJS: [Onyx] Warning: Trying to apply "merge" with array type to non-array type in the key "nvp_private_blockedFromConcierge"
02-19 03:27:28.273 953 1235 I hwcomposer: [HWCDisplay] setColorTransformForJob ccorr_state=1->0 hint=1 force_disable_color=0 identity=0
02-19 03:27:28.274 953 1235 I hwcomposer: [HWCDisplay] [Display_0 (type:1)] fps:29.985041,dur:1367.35,max:411.78,min:14.82
02-19 03:27:28.275 953 1239 I hwcomposer: [DEV] 1024 0 0 0
02-19 03:27:28.275 953 1239 I hwcomposer: [DEV] 0 906 0 0
02-19 03:27:28.275 953 1239 I hwcomposer: [DEV] 0 0 797 0
02-19 03:27:28.275 953 1239 I hwcomposer: [DEV] 0 0 0 1024
02-19 03:27:28.275 953 1239 I hwcomposer: [DEV] [DEV] color transform: feature_flag=0
02-19 03:27:28.278 29012 30671 D RNFBCrashlyticsInit: isCrashlyticsCollectionEnabled via RNFBMeta: true
02-19 03:27:28.278 29012 30671 D RNFBCrashlyticsInit: isCrashlyticsCollectionEnabled final value: true
02-19 03:27:28.298 29012 29012 D ViewRootImpl[ExpensifyActivityBase]: update {(0,0)(fillxfill) sim={adjust=resize} ty=BASE_APPLICATION wanim=0x10302fe
02-19 03:27:28.298 29012 29012 D ViewRootImpl[ExpensifyActivityBase]: fl=LAYOUT_IN_SCREEN LAYOUT_INSET_DECOR SPLIT_TOUCH HARDWARE_ACCELERATED DRAWS_SYSTEM_BAR_BACKGROUNDS
02-19 03:27:28.298 29012 29012 D ViewRootImpl[ExpensifyActivityBase]: pfl=NO_MOVE_ANIMATION FORCE_DRAW_STATUS_BAR_BACKGROUND FIT_INSETS_CONTROLLED
02-19 03:27:28.298 29012 29012 D ViewRootImpl[ExpensifyActivityBase]: bhv=DEFAULT
02-19 03:27:28.298 29012 29012 D ViewRootImpl[ExpensifyActivityBase]: fitSides=} by setLayoutParams
02-19 03:27:28.319 1703 1726 W Choreographer: Frame time is 0.265896 ms in the future! Check that graphics HAL is generating vsync timestamps using the correct timebase.
02-19 03:27:28.336 1703 1726 W Choreographer: Frame time is 0.006035 ms in the future! Check that graphics HAL is generating vsync timestamps using the correct timebase.
02-19 03:27:28.338 953 1238 I hwcomposer: [HWC] (0)fire a callback of refresh to SF[4]
02-19 03:27:28.348 953 1235 I hwcomposer: [HWCDisplay] setColorTransformForJob ccorr_state=0->1 hint=0 force_disable_color=1 identity=1
02-19 03:27:28.349 953 1239 I hwcomposer: [DEV] [DEV] (Send identity matrix)
02-19 03:27:28.355 953 1235 I hwcomposer: [HWCDisplay] setColorTransformForJob ccorr_state=1->0 hint=1 force_disable_color=0 identity=0
02-19 03:27:28.356 953 1239 I hwcomposer: [DEV] 1024 0 0 0
02-19 03:27:28.356 953 1239 I hwcomposer: [DEV] 0 906 0 0
02-19 03:27:28.356 953 1239 I hwcomposer: [DEV] 0 0 797 0
02-19 03:27:28.356 953 1239 I hwcomposer: [DEV] 0 0 0 1024
02-19 03:27:28.356 953 1239 I hwcomposer: [DEV] [DEV] color transform: feature_flag=0
02-19 03:27:28.445 996 1045 I libPerfCtl: xgfGetFPS pid:2117 fps:-1
02-19 03:27:28.446 996 1045 I libPerfCtl: xgfGetFPS pid:29012 fps:49
02-19 03:27:28.479 953 1238 I hwcomposer: [HWC] (0)fire a callback of refresh to SF[4]
02-19 03:27:28.498 953 1235 I hwcomposer: [HWCDisplay] setColorTransformForJob ccorr_state=0->1 hint=0 force_disable_color=1 identity=1
02-19 03:27:28.499 953 1239 I hwcomposer: [DEV] [DEV] (Send identity matrix)
02-19 03:27:28.623 953 1235 I hwcomposer: [HWCDisplay] setColorTransformForJob ccorr_state=1->0 hint=1 force_disable_color=0 identity=0
02-19 03:27:28.624 953 1239 I hwcomposer: [DEV] 1024 0 0 0
02-19 03:27:28.624 953 1239 I hwcomposer: [DEV] 0 906 0 0
02-19 03:27:28.624 953 1239 I hwcomposer: [DEV] 0 0 797 0
02-19 03:27:28.624 953 1239 I hwcomposer: [DEV] 0 0 0 1024
02-19 03:27:28.624 953 1239 I hwcomposer: [DEV] [DEV] color transform: feature_flag=0
02-19 03:27:28.699 953 1238 I hwcomposer: [HWC] (0)fire a callback of refresh to SF[4]
02-19 03:27:28.713 953 1235 I hwcomposer: [HWCDisplay] setColorTransformForJob ccorr_state=0->1 hint=0 force_disable_color=1 identity=1
02-19 03:27:28.714 953 1239 I hwcomposer: [DEV] [DEV] (Send identity matrix)
02-19 03:27:28.787 953 1235 I hwcomposer: [HWCDisplay] setColorTransformForJob ccorr_state=1->0 hint=1 force_disable_color=0 identity=0
02-19 03:27:28.788 953 1239 I hwcomposer: [DEV] 1024 0 0 0
02-19 03:27:28.788 953 1239 I hwcomposer: [DEV] 0 906 0 0
02-19 03:27:28.788 953 1239 I hwcomposer: [DEV] 0 0 797 0
02-19 03:27:28.788 953 1239 I hwcomposer: [DEV] 0 0 0 1024
02-19 03:27:28.788 953 1239 I hwcomposer: [DEV] [DEV] color transform: feature_flag=0
02-19 03:27:28.824 29012 29270 D skia : --- Failed to create image decoder with message 'unimplemented'
02-19 03:27:28.826 29012 29270 D skia : --- Failed to create image decoder with message 'unimplemented'
02-19 03:27:28.827 29012 29270 D skia : --- Failed to create image decoder with message 'unimplemented'
02-19 03:27:28.828 29012 29270 D skia : --- Failed to create image decoder with message 'unimplemented'
02-19 03:27:28.829 29012 29270 D skia : --- Failed to create image decoder with message 'unimplemented'
02-19 03:27:28.830 29012 29270 D skia : --- Failed to create image decoder with message 'unimplemented'
02-19 03:27:28.842 953 1238 I hwcomposer: [HWC] (0)fire a callback of refresh to SF[4]
02-19 03:27:28.849 29012 29271 D skia : --- Failed to create image decoder with message 'unimplemented'
02-19 03:27:28.850 29012 29272 D skia : --- Failed to create image decoder with message 'unimplemented'
02-19 03:27:28.850 29012 29271 D skia : --- Failed to create image decoder with message 'unimplemented'
02-19 03:27:28.850 29012 29272 D skia : --- Failed to create image decoder with message 'unimplemented'
02-19 03:27:28.850 29012 29271 D skia : --- Failed to create image decoder with message 'unimplemented'
02-19 03:27:28.851 29012 29273 D skia : --- Failed to create image decoder with message 'unimplemented'
02-19 03:27:28.851 29012 29272 D skia : --- Failed to create image decoder with message 'unimplemented'
02-19 03:27:28.851 29012 29271 D skia : --- Failed to create image decoder with message 'unimplemented'
02-19 03:27:28.851 29012 29273 D skia : --- Failed to create image decoder with message 'unimplemented'
02-19 03:27:28.851 29012 29272 D skia : --- Failed to create image decoder with message 'unimplemented'
02-19 03:27:28.852 29012 29271 D skia : --- Failed to create image decoder with message 'unimplemented'
02-19 03:27:28.853 29012 29273 D skia : --- Failed to create image decoder with message 'unimplemented'
02-19 03:27:28.853 29012 29271 D skia : --- Failed to create image decoder with message 'unimplemented'
02-19 03:27:28.853 29012 29272 D skia : --- Failed to create image decoder with message 'unimplemented'
02-19 03:27:28.854 29012 29270 D skia : --- Failed to create image decoder with message 'unimplemented'
02-19 03:27:28.854 29012 29273 D skia : --- Failed to create image decoder with message 'unimplemented'
02-19 03:27:28.854 29012 29272 D skia : --- Failed to create image decoder with message 'unimplemented'
02-19 03:27:28.854 29012 29270 D skia : --- Failed to create image decoder with message 'unimplemented'
02-19 03:27:28.855 29012 29273 D skia : --- Failed to create image decoder with message 'unimplemented'
02-19 03:27:28.855 29012 29270 D skia : --- Failed to create image decoder with message 'unimplemented'
02-19 03:27:28.855 29012 29273 D skia : --- Failed to create image decoder with message 'unimplemented'
02-19 03:27:28.855 29012 29270 D skia : --- Failed to create image decoder with message 'unimplemented'
02-19 03:27:28.857 29012 29270 D skia : --- Failed to create image decoder with message 'unimplemented'
02-19 03:27:28.857 29012 29270 D skia : --- Failed to create image decoder with message 'unimplemented'
02-19 03:27:28.860 953 1235 I hwcomposer: [HWCDisplay] setColorTransformForJob ccorr_state=0->1 hint=0 force_disable_color=1 identity=1
02-19 03:27:28.860 953 1239 I hwcomposer: [DEV] [DEV] (Send identity matrix)
02-19 03:27:28.870 18692 18692 I WifiHAL : Get link layer stats
02-19 03:27:28.870 18692 18692 I WifiHAL : GetLinkStatsCommand::create
02-19 03:27:28.870 18692 18692 D android.hardware.wifi@1.0-service-lazy: WifiRequest::create vendor command to iface 32, vendor_id=0x1a11, subcmd=0x1200, res=0
02-19 03:27:28.870 18692 18692 I android.hardware.wifi@1.0-service-lazy: WifiCommand::requestResponse err=-14
02-19 03:27:28.870 18692 18692 I WifiHAL : wifi_get_link_stats: result=-1
02-19 03:27:28.871 953 1235 I hwcomposer: [HWCDisplay] setColorTransformForJob ccorr_state=1->0 hint=1 force_disable_color=0 identity=0
02-19 03:27:28.871 1703 1883 E WifiVendorHal: getWifiLinkLayerStats_1_5_Internal(l.1191) failed {.code = ERROR_UNKNOWN, .description = unknown}
02-19 03:27:28.871 953 1239 I hwcomposer: [DEV] 1024 0 0 0
02-19 03:27:28.871 953 1239 I hwcomposer: [DEV] 0 906 0 0
02-19 03:27:28.871 953 1239 I hwcomposer: [DEV] 0 0 797 0
02-19 03:27:28.871 953 1239 I hwcomposer: [DEV] 0 0 0 1024
02-19 03:27:28.871 953 1239 I hwcomposer: [DEV] [DEV] color transform: feature_flag=0
02-19 03:27:28.873 29012 30670 I ReactNativeJNI: instanceHandle is null, event of type topLoad will be dropped
02-19 03:27:28.873 29012 30670 I ReactNativeJNI: instanceHandle is null, event of type topDisplay will be dropped
02-19 03:27:28.882 3541 4938 I ModemStats: [DataStallDetectService] onCapabilitiesChanged networkCapabilities=[ Transports: WIFI Capabilities: NOT_METERED&INTERNET&NOT_RESTRICTED&TRUSTED&NOT_VPN&VALIDATED&NOT_ROAMING&FOREGROUND&NOT_CONGESTED&NOT_SUSPENDED&NOT_VCN_MANAGED LinkUpBandwidth>=12000Kbps LinkDnBandwidth>=30000Kbps TransportInfo: , BSSID: 02:00:00:00:00:00, MAC: 02:00:00:00:00:00, Security type: 2, Supplicant state: COMPLETED, Wi-Fi standard: 4, RSSI: -57, Link speed: 65Mbps, Tx Link speed: 65Mbps, Max Supported Tx Link speed: 72Mbps, Rx Link speed: 86Mbps, Max Supported Rx Link speed: 72Mbps, Frequency: 2437MHz, Net ID: -1, Metered hint: false, score: 60, CarrierMerged: false, SubscriptionId: -1, IsPrimary: -1> SignalStrength: -57 UnderlyingNetworks: Null]
02-19 03:27:28.882 3541 4938 I ModemStats: [DataStallDetectService] onCapabilitiesChanged NET_CAPABILITY_VALIDATED=true
02-19 03:27:28.882 3541 4938 I ModemStats: [DataStallDetectService] onCapabilitiesChanged mDataStallManager.mDataStallInstance=null
02-19 03:27:28.882 3541 4938 I ModemStats: [DataStallDetectService] onCapabilitiesChanged mDataStallSmart5gManager.mDataStallInstance=null
02-19 03:27:28.884 3595 10671 D OtaApp : PollingManagerService:NetworkCallback:networkCapabilities=[ Transports: WIFI Capabilities: NOT_METERED&INTERNET&NOT_RESTRICTED&TRUSTED&NOT_VPN&VALIDATED&NOT_ROAMING&FOREGROUND&NOT_CONGESTED&NOT_SUSPENDED&NOT_VCN_MANAGED LinkUpBandwidth>=12000Kbps LinkDnBandwidth>=30000Kbps TransportInfo: , BSSID: 02:00:00:00:00:00, MAC: 02:00:00:00:00:00, Security type: 2, Supplicant state: COMPLETED, Wi-Fi standard: 4, RSSI: -57, Link speed: 65Mbps, Tx Link speed: 65Mbps, Max Supported Tx Link speed: 72Mbps, Rx Link speed: 86Mbps, Max Supported Rx Link speed: 72Mbps, Frequency: 2437MHz, Net ID: -1, Metered hint: false, score: 60, CarrierMerged: false, SubscriptionId: -1, IsPrimary: -1> SignalStrength: -57 UnderlyingNetworks: Null]
02-19 03:27:28.884 2553 4329 I NullBinder: NullBinder for android.net.action.RECOMMEND_NETWORKS triggering remote TransactionTooLargeException due to Service without Chimera impl
02-19 03:27:28.884 2553 4329 W Binder : reply too large data on java level: InterfaceDescriptor = null, code = 1
02-19 03:27:28.884 3595 10671 D Fota : ConnectivityActionReceiver:NetworkCallback:networkCapabilities=[ Transports: WIFI Capabilities: NOT_METERED&INTERNET&NOT_RESTRICTED&TRUSTED&NOT_VPN&VALIDATED&NOT_ROAMING&FOREGROUND&NOT_CONGESTED&NOT_SUSPENDED&NOT_VCN_MANAGED LinkUpBandwidth>=12000Kbps LinkDnBandwidth>=30000Kbps TransportInfo: , BSSID: 02:00:00:00:00:00, MAC: 02:00:00:00:00:00, Security type: 2, Supplicant state: COMPLETED, Wi-Fi standard: 4, RSSI: -57, Link speed: 65Mbps, Tx Link speed: 65Mbps, Max Supported Tx Link speed: 72Mbps, Rx Link speed: 86Mbps, Max Supported Rx Link speed: 72Mbps, Frequency: 2437MHz, Net ID: -1, Metered hint: false, score: 60, CarrierMerged: false, SubscriptionId: -1, IsPrimary: -1> SignalStrength: -57 UnderlyingNetworks: Null]
02-19 03:27:28.893 12527 12561 I CarrierServices: [9232] fau.handleMessage:39 RcsEngineImpl[DUAL_REG]:[8bcabda4-247a]>Handler: handleMessage processing message:[NOTIFY_UPTIME_IGNORE_STATE_CHANGED] with [non-null]:RcsEngineImpl reference
02-19 03:27:28.893 12527 12562 I CarrierServices: [9233] eqy.c:51 Connected state: [1], networkType: [WIFI]
02-19 03:27:28.907 12527 12561 I CarrierServices: [9232] ezm.f:78 ProvisioningEngineDataRetriever: Rcs is enabled from user settings: true
02-19 03:27:28.912 29012 29022 I .mobiexpensify: NativeAlloc concurrent copying GC freed 17MB AllocSpace bytes, 28(1612KB) LOS objects, 41% free, 33MB/57MB, paused 76us,57us total 164.998ms
02-19 03:27:28.966 953 1238 I hwcomposer: [HWC] (0)fire a callback of refresh to SF[4]
02-19 03:27:28.979 953 1235 I hwcomposer: [HWCDisplay] setColorTransformForJob ccorr_state=0->1 hint=0 force_disable_color=1 identity=1
02-19 03:27:28.980 953 1239 I hwcomposer: [DEV] [DEV] (Send identity matrix)
02-19 03:27:29.007 953 1235 I hwcomposer: [HWCDisplay] setColorTransformForJob ccorr_state=1->0 hint=1 force_disable_color=0 identity=0
02-19 03:27:29.008 953 1239 I hwcomposer: [DEV] 1024 0 0 0
02-19 03:27:29.008 953 1239 I hwcomposer: [DEV] 0 906 0 0
02-19 03:27:29.008 953 1239 I hwcomposer: [DEV] 0 0 797 0
02-19 03:27:29.008 953 1239 I hwcomposer: [DEV] 0 0 0 1024
02-19 03:27:29.008 953 1239 I hwcomposer: [DEV] [DEV] color transform: feature_flag=0
02-19 03:27:29.286 953 1235 I hwcomposer: [HWCDisplay] [Display_0 (type:1)] fps:32.585484,dur:1012.72,max:125.33,min:6.68
02-19 03:27:29.323 29012 29022 I .mobiexpensify: NativeAlloc concurrent copying GC freed 1781KB AllocSpace bytes, 22(1304KB) LOS objects, 43% free, 31MB/55MB, paused 76us,122us total 152.784ms
02-19 03:27:29.344 2553 4969 I AlarmManager: setExactAndAllowWhileIdle [name: GCM_HB_ALARM type: 2 triggerAtMillis: 112935825]
02-19 03:27:29.346 953 1238 I hwcomposer: [HWC] (0)fire a callback of refresh to SF[4]
02-19 03:27:29.351 2553 4970 W ChimeraUtils: Module com.google.android.gms.gcm missing resource null(0)
02-19 03:27:29.356 2553 4270 I AlarmManager: setExactAndAllowWhileIdle [name: GCM_HB_ALARM type: 2 triggerAtMillis: 112935836]
02-19 03:27:29.360 953 1235 I hwcomposer: [HWCDisplay] setColorTransformForJob ccorr_state=0->1 hint=0 force_disable_color=1 identity=1
02-19 03:27:29.360 953 1239 I hwcomposer: [DEV] [DEV] (Send identity matrix)
02-19 03:27:29.361 2553 4970 I AlarmManager: setExactAndAllowWhileIdle [name: FcmRetry type: 2 triggerAtMillis: 111325840]
02-19 03:27:29.445 996 1045 I libPerfCtl: xgfGetFPS pid:2117 fps:-1
02-19 03:27:29.445 996 1045 I libPerfCtl: xgfGetFPS pid:29012 fps:49
02-19 03:27:29.537 953 1235 I hwcomposer: [HWCDisplay] setColorTransformForJob ccorr_state=1->0 hint=1 force_disable_color=0 identity=0
02-19 03:27:29.538 953 1239 I hwcomposer: [DEV] 1024 0 0 0
02-19 03:27:29.538 953 1239 I hwcomposer: [DEV] 0 906 0 0
02-19 03:27:29.538 953 1239 I hwcomposer: [DEV] 0 0 797 0
02-19 03:27:29.538 953 1239 I hwcomposer: [DEV] 0 0 0 1024
02-19 03:27:29.538 953 1239 I hwcomposer: [DEV] [DEV] color transform: feature_flag=0
02-19 03:27:30.287 953 1235 I hwcomposer: [HWCDisplay] [Display_0 (type:1)] fps:44.985657,dur:1000.32,max:177.26,min:15.54
02-19 03:27:30.433 1299 1379 E AAL : [ERROR] Kernel does not support AAL, please enable CONFIG_MTK_AAL_SUPPORT in kconfig.
02-19 03:27:30.446 996 1045 I libPerfCtl: xgfGetFPS pid:2117 fps:-1
02-19 03:27:30.446 996 1045 I libPerfCtl: xgfGetFPS pid:29012 fps:57
02-19 03:27:30.479 1043 1068 D ccci_mdinit: (1):monitor_time_update_thread round:4629 ########
02-19 03:27:30.482 1703 1722 D CompanionDeviceManagerService: onPackageModified(packageName = org.me.mobiexpensifyg)
02-19 03:27:30.492 5241 5298 E libprocessgroup: set_timerslack_ns write failed: Operation not permitted
02-19 03:27:30.493 5241 5298 E libprocessgroup: set_timerslack_ns write failed: Operation not permitted
02-19 03:27:30.493 5241 5298 E libprocessgroup: set_timerslack_ns write failed: Operation not permitted
02-19 03:27:30.493 5241 5298 E libprocessgroup: set_timerslack_ns write failed: Operation not permitted
02-19 03:27:30.493 5241 5298 E libprocessgroup: set_timerslack_ns write failed: Operation not permitted
02-19 03:27:30.494 5241 5298 E libprocessgroup: set_timerslack_ns write failed: Operation not permitted
02-19 03:27:30.494 5241 5298 E libprocessgroup: set_timerslack_ns write failed: Operation not permitted
02-19 03:27:30.494 5241 5298 E libprocessgroup: set_timerslack_ns write failed: Operation not permitted
02-19 03:27:30.494 5241 5298 E libprocessgroup: set_timerslack_ns write failed: Operation not permitted
02-19 03:27:30.495 5241 5298 E libprocessgroup: set_timerslack_ns write failed: Operation not permitted
02-19 03:27:30.495 5241 5298 E libprocessgroup: set_timerslack_ns write failed: Operation not permitted
02-19 03:27:30.495 5241 5298 E libprocessgroup: set_timerslack_ns write failed: Operation not permitted
02-19 03:27:30.495 5241 5298 E libprocessgroup: set_timerslack_ns write failed: Operation not permitted
02-19 03:27:30.498 5241 5297 I Bugle : BroadcastReceiverAsyncWorkTracker: Acknowledging broadcast of ckgz@18f6b3
02-19 03:27:30.499 5241 5298 E libprocessgroup: set_timerslack_ns write failed: Operation not permitted
02-19 03:27:30.500 5241 5298 E libprocessgroup: set_timerslack_ns write failed: Operation not permitted
02-19 03:27:30.500 5241 5298 E libprocessgroup: set_timerslack_ns write failed: Operation not permitted
02-19 03:27:30.500 5241 5298 E libprocessgroup: set_timerslack_ns write failed: Operation not permitted
02-19 03:27:30.500 5241 5298 E libprocessgroup: set_timerslack_ns write failed: Operation not permitted
02-19 03:27:30.500 5241 5298 E libprocessgroup: set_timerslack_ns write failed: Operation not permitted
02-19 03:27:30.500 5241 5298 E libprocessgroup: set_timerslack_ns write failed: Operation not permitted
02-19 03:27:30.501 5241 5298 E libprocessgroup: set_timerslack_ns write failed: Operation not permitted
02-19 03:27:30.501 5241 5298 E libprocessgroup: set_timerslack_ns write failed: Operation not permitted
02-19 03:27:30.501 5241 5298 E libprocessgroup: set_timerslack_ns write failed: Operation not permitted
02-19 03:27:30.502 5241 5298 E libprocessgroup: set_timerslack_ns write failed: Operation not permitted
02-19 03:27:30.502 5241 5298 E libprocessgroup: set_timerslack_ns write failed: Operation not permitted
02-19 03:27:30.502 5241 5298 E libprocessgroup: set_timerslack_ns write failed: Operation not permitted
02-19 03:27:30.502 5241 5298 E libprocessgroup: set_timerslack_ns write failed: Operation not permitted
02-19 03:27:30.502 5241 5298 E libprocessgroup: set_timerslack_ns write failed: Operation not permitted
02-19 03:27:30.506 1703 1813 I RoleService: Granting default roles...
02-19 03:27:30.507 1703 1732 E system_server: No package ID 7f found for ID 0x7f080438.
02-19 03:27:30.507 1703 1732 E system_server: No package ID 7f found for ID 0x7f1303e3.
02-19 03:27:30.507 1703 1732 E system_server: No package ID 7f found for ID 0x7f1303e3.
02-19 03:27:30.507 1703 1732 E system_server: No package ID 7f found for ID 0x7f1303e3.
02-19 03:27:30.507 1703 1821 I InputReader: Reconfiguring input devices, changes=KEYBOARD_LAYOUTS |
02-19 03:27:30.513 1703 1703 I Telecom : DefaultDialerCache: Refreshing default dialer for user 0: now com.google.android.dialer: DDC.oR@HKo
02-19 03:27:30.515 1703 1732 E system_server: No package ID 7f found for ID 0x7f080437.
02-19 03:27:30.515 1703 1732 E system_server: No package ID 7f found for ID 0x7f130120.
02-19 03:27:30.515 1703 1732 E system_server: No package ID 7f found for ID 0x7f130120.
02-19 03:27:30.515 1703 1732 E system_server: No package ID 7f found for ID 0x7f130120.
02-19 03:27:30.521 25232 25250 I PermissionControllerServiceImpl: Updating user sensitive for uid 10940
02-19 03:27:30.522 3450 3450 E AidRoutingManager: Size of routing table774
02-19 03:27:30.523 3450 3450 I NfcService: Add T4T Nfcee AID
02-19 03:27:30.525 3450 3450 D RegisteredNfcFServicesCache: Service unchanged, not updating
02-19 03:27:30.528 2305 2319 I SecureElement-Terminal-SIM1: isNfcEventAllowed: No access rules for checking.
02-19 03:27:30.559 2342 2342 D CarrierSvcBindHelper: No carrier app for: 0
02-19 03:27:30.571 2342 2342 D ImsResolver: maybeAddedImsService, packageName: org.me.mobiexpensifyg
02-19 03:27:30.604 2937 2937 D MFL : inside onPackageChanged
02-19 03:27:30.604 2433 2477 I SQLiteCacheHelper: SqliteCacheHelper---->delete whereClause = componentName LIKE ? AND profileId = ?, whereArgs = org.me.mobiexpensifyg/%;0;
02-19 03:27:30.621 2433 2477 D CustomAppIcons: Get custom app icon: android.app.Application@b92f1bd | org.me.mobiexpensifyg | org.me.mobiexpensifyg.expensifyactivitybase
02-19 03:27:30.621 2433 2477 D CustomAppIcons: Icon from CustomAppIcons: org.me.mobiexpensifyg | org.me.mobiexpensifyg.expensifyactivitybase | null
02-19 03:27:30.622 2433 2477 D CustomAppIcons: Get custom app icon: android.app.Application@b92f1bd | org.me.mobiexpensifyg | org.me.mobiexpensifyg.expensifyactivitybase
02-19 03:27:30.622 2433 2477 D CustomAppIcons: Icon from CustomAppIcons: org.me.mobiexpensifyg | org.me.mobiexpensifyg.expensifyactivitybase | null
02-19 03:27:30.625 2937 4306 D CategoryUtil: Package org.me.mobiexpensifyg doesn't have Cast Key
02-19 03:27:30.632 2433 2477 E CustomAppIcons: Load icon from drawable: android.graphics.drawable.AdaptiveIconDrawable@fb82d85
02-19 03:27:30.643 2433 2477 I SQLiteCacheHelper: SqliteCacheHelper---->delete whereClause = packageName = ? AND profileId = ?, whereArgs = org.me.mobiexpensifyg;0;
02-19 03:27:30.648 2433 2477 D CustomAppIcons: Get custom app icon: android.app.Application@b92f1bd | org.me.mobiexpensifyg |
02-19 03:27:30.648 2433 2477 D CustomAppIcons: Icon from CustomAppIcons: org.me.mobiexpensifyg | | null
02-19 03:27:30.650 2433 2477 E CustomAppIcons: Load icon from drawable: android.graphics.drawable.AdaptiveIconDrawable@92817da
02-19 03:27:31.303 953 1235 I hwcomposer: [HWCDisplay] [Display_0 (type:1)] fps:60.044037,dur:1015.92,max:25.36,min:10.68
02-19 03:27:31.446 996 1045 I libPerfCtl: xgfGetFPS pid:2117 fps:-1
02-19 03:27:31.446 996 1045 I libPerfCtl: xgfGetFPS pid:29012 fps:59
02-19 03:27:31.699 691 5109 I keystore2: keystore2::watchdog: Watchdog thread idle -> terminating. Have a great day.
02-19 03:27:31.817 381 381 D BoundBrokerSvc: onUnbind: Intent { act=com.google.android.gms.measurement.START pkg=com.google.android.gms }
02-19 03:27:31.879 18692 18692 I WifiHAL : Get link layer stats
02-19 03:27:31.879 18692 18692 I WifiHAL : GetLinkStatsCommand::create
02-19 03:27:31.879 18692 18692 D android.hardware.wifi@1.0-service-lazy: WifiRequest::create vendor command to iface 32, vendor_id=0x1a11, subcmd=0x1200, res=0
02-19 03:27:31.879 18692 18692 I android.hardware.wifi@1.0-service-lazy: WifiCommand::requestResponse err=-14
02-19 03:27:31.879 18692 18692 I WifiHAL : wifi_get_link_stats: result=-1
02-19 03:27:31.880 1703 1883 E WifiVendorHal: getWifiLinkLayerStats_1_5_Internal(l.1191) failed {.code = ERROR_UNKNOWN, .description = unknown}
02-19 03:27:31.895 3595 10671 D Fota : ConnectivityActionReceiver:NetworkCallback:networkCapabilities=[ Transports: WIFI Capabilities: NOT_METERED&INTERNET&NOT_RESTRICTED&TRUSTED&NOT_VPN&VALIDATED&NOT_ROAMING&FOREGROUND&NOT_CONGESTED&NOT_SUSPENDED&NOT_VCN_MANAGED LinkUpBandwidth>=12000Kbps LinkDnBandwidth>=30000Kbps TransportInfo: , BSSID: 02:00:00:00:00:00, MAC: 02:00:00:00:00:00, Security type: 2, Supplicant state: COMPLETED, Wi-Fi standard: 4, RSSI: -66, Link speed: 65Mbps, Tx Link speed: 65Mbps, Max Supported Tx Link speed: 72Mbps, Rx Link speed: 86Mbps, Max Supported Rx Link speed: 72Mbps, Frequency: 2437MHz, Net ID: -1, Metered hint: false, score: 60, CarrierMerged: false, SubscriptionId: -1, IsPrimary: -1> SignalStrength: -66 UnderlyingNetworks: Null]
02-19 03:27:31.895 3541 4938 I ModemStats: [DataStallDetectService] onCapabilitiesChanged networkCapabilities=[ Transports: WIFI Capabilities: NOT_METERED&INTERNET&NOT_RESTRICTED&TRUSTED&NOT_VPN&VALIDATED&NOT_ROAMING&FOREGROUND&NOT_CONGESTED&NOT_SUSPENDED&NOT_VCN_MANAGED LinkUpBandwidth>=12000Kbps LinkDnBandwidth>=30000Kbps TransportInfo: , BSSID: 02:00:00:00:00:00, MAC: 02:00:00:00:00:00, Security type: 2, Supplicant state: COMPLETED, Wi-Fi standard: 4, RSSI: -66, Link speed: 65Mbps, Tx Link speed: 65Mbps, Max Supported Tx Link speed: 72Mbps, Rx Link speed: 86Mbps, Max Supported Rx Link speed: 72Mbps, Frequency: 2437MHz, Net ID: -1, Metered hint: false, score: 60, CarrierMerged: false, SubscriptionId: -1, IsPrimary: -1> SignalStrength: -66 UnderlyingNetworks: Null]
02-19 03:27:31.895 3541 4938 I ModemStats: [DataStallDetectService] onCapabilitiesChanged NET_CAPABILITY_VALIDATED=true
02-19 03:27:31.895 3541 4938 I ModemStats: [DataStallDetectService] onCapabilitiesChanged mDataStallManager.mDataStallInstance=null
02-19 03:27:31.895 3541 4938 I ModemStats: [DataStallDetectService] onCapabilitiesChanged mDataStallSmart5gManager.mDataStallInstance=null
02-19 03:27:31.897 3595 10671 D OtaApp : PollingManagerService:NetworkCallback:networkCapabilities=[ Transports: WIFI Capabilities: NOT_METERED&INTERNET&NOT_RESTRICTED&TRUSTED&NOT_VPN&VALIDATED&NOT_ROAMING&FOREGROUND&NOT_CONGESTED&NOT_SUSPENDED&NOT_VCN_MANAGED LinkUpBandwidth>=12000Kbps LinkDnBandwidth>=30000Kbps TransportInfo: , BSSID: 02:00:00:00:00:00, MAC: 02:00:00:00:00:00, Security type: 2, Supplicant state: COMPLETED, Wi-Fi standard: 4, RSSI: -66, Link speed: 65Mbps, Tx Link speed: 65Mbps, Max Supported Tx Link speed: 72Mbps, Rx Link speed: 86Mbps, Max Supported Rx Link speed: 72Mbps, Frequency: 2437MHz, Net ID: -1, Metered hint: false, score: 60, CarrierMerged: false, SubscriptionId: -1, IsPrimary: -1> SignalStrength: -66 UnderlyingNetworks: Null]
02-19 03:27:31.904 2553 4146 I NullBinder: NullBinder for android.net.action.RECOMMEND_NETWORKS triggering remote TransactionTooLargeException due to Service without Chimera impl
02-19 03:27:31.904 2553 4146 W Binder : reply too large data on java level: InterfaceDescriptor = null, code = 1
02-19 03:27:31.906 12527 12562 I CarrierServices: [9233] eqy.c:51 Connected state: [1], networkType: [WIFI]
02-19 03:27:31.908 12527 12561 I CarrierServices: [9232] fau.handleMessage:39 RcsEngineImpl[DUAL_REG]:[8bcabda4-247a]>Handler: handleMessage processing message:[NOTIFY_UPTIME_IGNORE_STATE_CHANGED] with [non-null]:RcsEngineImpl reference
02-19 03:27:31.920 12527 12561 I CarrierServices: [9232] ezm.f:78 ProvisioningEngineDataRetriever: Rcs is enabled from user settings: true
02-19 03:27:32.282 1703 1814 E AlarmManager: Attempt to decrement existing alarm count 0 by 1 for uid 1000
02-19 03:27:32.319 953 1235 I hwcomposer: [HWCDisplay] [Display_0 (type:1)] fps:58.079227,dur:1015.85,max:32.85,min:15.94
02-19 03:27:32.335 1703 1883 D WifiNetworkFactory: got request NetworkRequest [ REQUEST id=7841, [ Capabilities: INTERNET&NOT_RESTRICTED&TRUSTED&NOT_VCN_MANAGED Uid: 10852 RequestorUid: 10852 RequestorPkg: com.expensify.chat UnderlyingNetworks: Null] ]
02-19 03:27:32.336 1703 1883 D UntrustedWifiNetworkFactory: got request NetworkRequest [ REQUEST id=7841, [ Capabilities: INTERNET&NOT_RESTRICTED&TRUSTED&NOT_VCN_MANAGED Uid: 10852 RequestorUid: 10852 RequestorPkg: com.expensify.chat UnderlyingNetworks: Null] ]
02-19 03:27:32.337 1703 1883 D OemPaidWifiNetworkFactory: got request NetworkRequest [ REQUEST id=7841, [ Capabilities: INTERNET&NOT_RESTRICTED&TRUSTED&NOT_VCN_MANAGED Uid: 10852 RequestorUid: 10852 RequestorPkg: com.expensify.chat UnderlyingNetworks: Null] ]
02-19 03:27:32.446 996 1045 I libPerfCtl: xgfGetFPS pid:2117 fps:-1
02-19 03:27:32.446 996 1045 I libPerfCtl: xgfGetFPS pid:29012 fps:56
02-19 03:27:32.756 4984 5051 I WM-WorkerWrapper: Worker result SUCCESS for Work [ id=3467b7fe-8098-449f-8d27-e5657741d9ba, tags={ com.urbanairship.job.AirshipWorker, airship } ]
02-19 03:27:32.923 29012 29022 I .mobiexpensify: Background young concurrent copying GC freed 19MB AllocSpace bytes, 0(0B) LOS objects, 34% free, 36MB/55MB, paused 80us,116us total 104.397ms
02-19 03:27:33.334 953 1235 I hwcomposer: [HWCDisplay] [Display_0 (type:1)] fps:58.114048,dur:1015.25,max:33.39,min:15.91
02-19 03:27:33.389 29012 29012 W [RNScreens]: backTitleVisible prop is not available on Android
02-19 03:27:33.389 29012 29012 W [RNScreens]: largeTitleHideShadow prop is not available on Android
02-19 03:27:33.389 29012 29012 W [RNScreens]: disableBackButtonMenu prop is not available on Android
02-19 03:27:33.390 29012 29012 W [RNScreens]: backTitleVisible prop is not available on Android
02-19 03:27:33.390 29012 29012 W [RNScreens]: largeTitleHideShadow prop is not available on Android
02-19 03:27:33.390 29012 29012 W [RNScreens]: disableBackButtonMenu prop is not available on Android
02-19 03:27:33.412 29012 30671 D RNFBCrashlyticsInit: isCrashlyticsCollectionEnabled via RNFBMeta: true
02-19 03:27:33.412 29012 30671 D RNFBCrashlyticsInit: isCrashlyticsCollectionEnabled final value: true
02-19 03:27:33.446 996 1045 I libPerfCtl: xgfGetFPS pid:2117 fps:-1
02-19 03:27:33.446 996 1045 I libPerfCtl: xgfGetFPS pid:29012 fps:60
02-19 03:27:33.479 5241 5260 V ClearcutMetricXmitter: Transmission is done.
02-19 03:27:33.481 5241 5260 V ClearcutMetricXmitter: Transmission is done.
02-19 03:27:33.769 1703 1722 D CompanionDeviceManagerService: onPackageModified(packageName = com.expensify.chat)
02-19 03:27:33.772 5241 5298 E libprocessgroup: set_timerslack_ns write failed: Operation not permitted
02-19 03:27:33.772 5241 5298 E libprocessgroup: set_timerslack_ns write failed: Operation not permitted
02-19 03:27:33.773 5241 5298 E libprocessgroup: set_timerslack_ns write failed: Operation not permitted
02-19 03:27:33.773 5241 5298 E libprocessgroup: set_timerslack_ns write failed: Operation not permitted
02-19 03:27:33.773 5241 5298 E libprocessgroup: set_timerslack_ns write failed: Operation not permitted
02-19 03:27:33.773 5241 5298 E libprocessgroup: set_timerslack_ns write failed: Operation not permitted
02-19 03:27:33.773 5241 5298 E libprocessgroup: set_timerslack_ns write failed: Operation not permitted
02-19 03:27:33.773 5241 5298 E libprocessgroup: set_timerslack_ns write failed: Operation not permitted
02-19 03:27:33.774 5241 5298 E libprocessgroup: set_timerslack_ns write failed: Operation not permitted
02-19 03:27:33.774 5241 5298 E libprocessgroup: set_timerslack_ns write failed: Operation not permitted
02-19 03:27:33.774 5241 5298 E libprocessgroup: set_timerslack_ns write failed: Operation not permitted
02-19 03:27:33.774 5241 5298 E libprocessgroup: set_timerslack_ns write failed: Operation not permitted
02-19 03:27:33.775 5241 5298 E libprocessgroup: set_timerslack_ns write failed: Operation not permitted
02-19 03:27:33.775 5241 5297 I Bugle : BroadcastReceiverAsyncWorkTracker: Acknowledging broadcast of ckgz@18f6b3
02-19 03:27:33.775 5241 5298 E libprocessgroup: set_timerslack_ns write failed: Operation not permitted
02-19 03:27:33.775 5241 5298 E libprocessgroup: set_timerslack_ns write failed: Operation not permitted
02-19 03:27:33.775 5241 5298 E libprocessgroup: set_timerslack_ns write failed: Operation not permitted
02-19 03:27:33.776 5241 5298 E libprocessgroup: set_timerslack_ns write failed: Operation not permitted
02-19 03:27:33.776 5241 5298 E libprocessgroup: set_timerslack_ns write failed: Operation not permitted
02-19 03:27:33.776 5241 5298 E libprocessgroup: set_timerslack_ns write failed: Operation not permitted
02-19 03:27:33.776 5241 5298 E libprocessgroup: set_timerslack_ns write failed: Operation not permitted
02-19 03:27:33.776 5241 5298 E libprocessgroup: set_timerslack_ns write failed: Operation not permitted
02-19 03:27:33.776 5241 5298 E libprocessgroup: set_timerslack_ns write failed: Operation not permitted
02-19 03:27:33.776 5241 5298 E libprocessgroup: set_timerslack_ns write failed: Operation not permitted
02-19 03:27:33.776 5241 5298 E libprocessgroup: set_timerslack_ns write failed: Operation not permitted
02-19 03:27:33.776 5241 5298 E libprocessgroup: set_timerslack_ns write failed: Operation not permitted
02-19 03:27:33.776 5241 5298 E libprocessgroup: set_timerslack_ns write failed: Operation not permitted
02-19 03:27:33.777 5241 5298 E libprocessgroup: set_timerslack_ns write failed: Operation not permitted
02-19 03:27:33.777 5241 5298 E libprocessgroup: set_timerslack_ns write failed: Operation not permitted
02-19 03:27:33.785 1703 1813 I RoleService: Granting default roles...
02-19 03:27:33.788 25232 25250 I PermissionControllerServiceImpl: Updating user sensitive for uid 10852
02-19 03:27:33.788 1703 1703 I Telecom : DefaultDialerCache: Refreshing default dialer for user 0: now com.google.android.dialer: DDC.oR@HK0
02-19 03:27:33.799 1703 1821 I InputReader: Reconfiguring input devices, changes=KEYBOARD_LAYOUTS |
02-19 03:27:33.806 3450 3450 E AidRoutingManager: Size of routing table774
02-19 03:27:33.807 3450 3450 I NfcService: Add T4T Nfcee AID
02-19 03:27:33.808 4392 4392 I OutlookAppComponentFactory: instantiateService, com.google.android.datatransport.runtime.scheduling.jobscheduling.JobInfoSchedulerService
02-19 03:27:33.808 3450 3450 D RegisteredNfcFServicesCache: Service unchanged, not updating
02-19 03:27:33.810 2305 2319 I SecureElement-Terminal-SIM1: isNfcEventAllowed: No access rules for checking.
02-19 03:27:33.814 912 912 D Zygote : Forked child process 5318
02-19 03:27:33.816 1703 1734 I ActivityManager: Start proc 5318:com.facebook.appmanager/u0a231 for service {com.facebook.appmanager/com.facebook.analytics2.logger.legacy.uploader.LollipopUploadService}
02-19 03:27:33.838 29012 29273 D skia : --- Failed to create image decoder with message 'unimplemented'
02-19 03:27:33.839 5318 5318 I book.appmanage: Using CollectorTypeCC GC.
02-19 03:27:33.841 29012 29273 D skia : --- Failed to create image decoder with message 'unimplemented'
02-19 03:27:33.841 29012 29273 D skia : --- Failed to create image decoder with message 'unimplemented'
02-19 03:27:33.842 29012 29273 D skia : --- Failed to create image decoder with message 'unimplemented'
02-19 03:27:33.843 29012 29273 D skia : --- Failed to create image decoder with message 'unimplemented'
02-19 03:27:33.843 29012 29272 D skia : --- Failed to create image decoder with message 'unimplemented'
02-19 03:27:33.843 29012 29273 D skia : --- Failed to create image decoder with message 'unimplemented'
02-19 03:27:33.844 29012 29272 D skia : --- Failed to create image decoder with message 'unimplemented'
02-19 03:27:33.844 29012 29272 D skia : --- Failed to create image decoder with message 'unimplemented'
02-19 03:27:33.844 29012 29272 D skia : --- Failed to create image decoder with message 'unimplemented'
02-19 03:27:33.844 29012 29272 D skia : --- Failed to create image decoder with message 'unimplemented'
02-19 03:27:33.844 5318 5318 E book.appmanage: Not starting debugger since process cannot load the jdwp agent.
02-19 03:27:33.844 29012 29272 D skia : --- Failed to create image decoder with message 'unimplemented'
02-19 03:27:33.846 4392 4919 I TRuntime.CctTransportBackend: Making request to: https://firebaselogging.googleapis.com/v0cc/log/batch?format=json_proto3
02-19 03:27:33.847 2342 2342 D CarrierSvcBindHelper: No carrier app for: 0
02-19 03:27:33.848 5318 5318 D ProcessState: Binder ioctl to enable oneway spam detection failed: Invalid argument
02-19 03:27:33.875 2342 2342 D ImsResolver: maybeAddedImsService, packageName: com.expensify.chat
02-19 03:27:33.916 5318 5318 D nativeloader: Configuring clns-4 for other apk /data/app/~~zl4USJ4-1tNww9Kro9qarw==/com.facebook.appmanager-J0jb0lIhCTmus4gSUGYojQ==/base.apk. target_sdk_version=35, uses_libraries=, library_path=/data/app/~~zl4USJ4-1tNww9Kro9qarw==/com.facebook.appmanager-J0jb0lIhCTmus4gSUGYojQ==/lib/arm64:/data/app/~~zl4USJ4-1tNww9Kro9qarw==/com.facebook.appmanager-J0jb0lIhCTmus4gSUGYojQ==/base.apk!/lib/arm64-v8a, permitted_path=/data:/mnt/expand:/data/user/0/com.facebook.appmanager
02-19 03:27:33.927 5318 5318 V GraphicsEnvironment: ANGLE Developer option for 'com.facebook.appmanager' set to: 'default'
02-19 03:27:33.928 5318 5318 V GraphicsEnvironment: ANGLE GameManagerService for com.facebook.appmanager: false
02-19 03:27:33.928 5318 5318 V GraphicsEnvironment: Neither updatable production driver nor prerelease driver is supported.
02-19 03:27:33.942 5318 5318 D d : ExceptionHandlerManager not explicitly initialized, using default mode
02-19 03:27:33.942 5318 5318 D d : initializing exception handler manager, prioritized=true
02-19 03:27:33.946 5318 5318 W SoLoader: Initializing SoLoader: 0
02-19 03:27:33.947 5318 5318 W SoLoader: context.getApplicationContext returned null, holding reference to original context.ApplicationSoSource fallbacks to: /data/app/~~zl4USJ4-1tNww9Kro9qarw==/com.facebook.appmanager-J0jb0lIhCTmus4gSUGYojQ==/lib/arm64
02-19 03:27:33.947 5318 5318 W SoLoader: Recording new base apk path: /data/app/~~zl4USJ4-1tNww9Kro9qarw==/com.facebook.appmanager-J0jb0lIhCTmus4gSUGYojQ==/base.apk
02-19 03:27:33.947 5318 5318 W SoLoader: Previously recorded 0 base apk paths.
02-19 03:27:33.947 5318 5318 I SoLoader: Preparing SO source: DirectorySoSource[root = /vendor/lib64 flags = 2]
02-19 03:27:33.948 5318 5318 I SoLoader: Preparing SO source: DirectorySoSource[root = /system/lib64 flags = 2]
02-19 03:27:33.948 5318 5318 I SoLoader: Preparing SO source: DirectApkSoSource[root = [/data/app/~~zl4USJ4-1tNww9Kro9qarw==/com.facebook.appmanager-J0jb0lIhCTmus4gSUGYojQ==/base.apk!/lib/arm64-v8a]]
02-19 03:27:33.949 5318 5318 I SoLoader: Preparing SO source: ApplicationSoSource[DirectorySoSource[root = /data/app/~~zl4USJ4-1tNww9Kro9qarw==/com.facebook.appmanager-J0jb0lIhCTmus4gSUGYojQ==/lib/arm64 flags = 1]]
02-19 03:27:33.950 5318 5318 I SoLoader: init finish: 4 SO sources prepared
02-19 03:27:33.950 5318 5318 W SoLoader: SoLoader initialized: 8
02-19 03:27:33.971 5318 5318 E SQLiteLog: (14) cannot open file at line 39583 of [bcd014c473]
02-19 03:27:33.972 5318 5318 E SQLiteLog: (14) os_unix.c:39583: (2) open(/data/user/0/com.facebook.appmanager/databases/androidx.work.workdb) -
02-19 03:27:33.973 5318 5318 E SQLiteDatabase: Failed to open database '/data/user/0/com.facebook.appmanager/databases/androidx.work.workdb'.
02-19 03:27:33.973 5318 5318 E SQLiteDatabase: android.database.sqlite.SQLiteCantOpenDatabaseException: Cannot open database '/data/user/0/com.facebook.appmanager/databases/androidx.work.workdb': File /data/user/0/com.facebook.appmanager/databases/androidx.work.workdb doesn't exist
02-19 03:27:33.973 5318 5318 E SQLiteDatabase: at android.database.sqlite.SQLiteConnection.open(SQLiteConnection.java:254)
02-19 03:27:33.973 5318 5318 E SQLiteDatabase: at android.database.sqlite.SQLiteConnection.open(SQLiteConnection.java:205)
02-19 03:27:33.973 5318 5318 E SQLiteDatabase: at android.database.sqlite.SQLiteConnectionPool.openConnectionLocked(SQLiteConnectionPool.java:505)
02-19 03:27:33.973 5318 5318 E SQLiteDatabase: at android.database.sqlite.SQLiteConnectionPool.open(SQLiteConnectionPool.java:206)
02-19 03:27:33.973 5318 5318 E SQLiteDatabase: at android.database.sqlite.SQLiteConnectionPool.open(SQLiteConnectionPool.java:198)
02-19 03:27:33.973 5318 5318 E SQLiteDatabase: at android.database.sqlite.SQLiteDatabase.openInner(SQLiteDatabase.java:919)
02-19 03:27:33.973 5318 5318 E SQLiteDatabase: at android.database.sqlite.SQLiteDatabase.open(SQLiteDatabase.java:899)
02-19 03:27:33.973 5318 5318 E SQLiteDatabase: at android.database.sqlite.SQLiteDatabase.openDatabase(SQLiteDatabase.java:790)
02-19 03:27:33.973 5318 5318 E SQLiteDatabase: at android.database.sqlite.SQLiteDatabase.openDatabase(SQLiteDatabase.java:737)
02-19 03:27:33.973 5318 5318 E SQLiteDatabase: at com.facebook.oxygen.common.androidx.workmanager.initializer.b.a(WorkManagerDatabase.java:22)
02-19 03:27:33.973 5318 5318 E SQLiteDatabase: at com.facebook.oxygen.appmanager.app.c.a(AppManagerApplicationImpl.java:21)
02-19 03:27:33.973 5318 5318 E SQLiteDatabase: at com.facebook.oxygen.common.f.b.d.onCreate(OxpDelegatingApplication.java:83)
02-19 03:27:33.973 5318 5318 E SQLiteDatabase: at android.app.Instrumentation.callApplicationOnCreate(Instrumentation.java:1213)
02-19 03:27:33.973 5318 5318 E SQLiteDatabase: at android.app.ActivityThread.handleBindApplication(ActivityThread.java:6915)
02-19 03:27:33.973 5318 5318 E SQLiteDatabase: at android.app.ActivityThread.access$1600(ActivityThread.java:261)
02-19 03:27:33.973 5318 5318 E SQLiteDatabase: at android.app.ActivityThread$H.handleMessage(ActivityThread.java:2154)
02-19 03:27:33.973 5318 5318 E SQLiteDatabase: at android.os.Handler.dispatchMessage(Handler.java:111)
02-19 03:27:33.973 5318 5318 E SQLiteDatabase: at android.os.Looper.loopOnce(Looper.java:238)
02-19 03:27:33.973 5318 5318 E SQLiteDatabase: at android.os.Looper.loop(Looper.java:357)
02-19 03:27:33.973 5318 5318 E SQLiteDatabase: at android.app.ActivityThread.main(ActivityThread.java:8098)
02-19 03:27:33.973 5318 5318 E SQLiteDatabase: at java.lang.reflect.Method.invoke(Native Method)
02-19 03:27:33.973 5318 5318 E SQLiteDatabase: at com.android.internal.os.RuntimeInit$MethodAndArgsCaller.run(RuntimeInit.java:548)
02-19 03:27:33.973 5318 5318 E SQLiteDatabase: at com.android.internal.os.ZygoteInit.main(ZygoteInit.java:1026)
02-19 03:27:33.973 5318 5318 E SQLiteDatabase: Caused by: android.database.sqlite.SQLiteCantOpenDatabaseException: unknown error (code 14 SQLITE_CANTOPEN): Could not open database
02-19 03:27:33.973 5318 5318 E SQLiteDatabase: at android.database.sqlite.SQLiteConnection.nativeOpen(Native Method)
02-19 03:27:33.973 5318 5318 E SQLiteDatabase: at android.database.sqlite.SQLiteConnection.open(SQLiteConnection.java:224)
02-19 03:27:33.973 5318 5318 E SQLiteDatabase: ... 22 more
02-19 03:27:33.973 5318 5318 I Typeface: updateThemeFont new=source-sans-pro;old=sans-serif;new=source-sans-pro;old=
02-19 03:27:33.976 2937 2937 D MFL : inside onPackageChanged
02-19 03:27:33.977 2433 2477 I SQLiteCacheHelper: SqliteCacheHelper---->delete whereClause = componentName LIKE ? AND profileId = ?, whereArgs = com.expensify.chat/%;0;
02-19 03:27:33.980 2433 2477 D CustomAppIcons: Get custom app icon: android.app.Application@b92f1bd | com.expensify.chat | com.expensify.chat.mainactivity
02-19 03:27:33.981 2433 2477 D CustomAppIcons: Icon from CustomAppIcons: com.expensify.chat | com.expensify.chat.mainactivity | null
02-19 03:27:33.981 2433 2477 D CustomAppIcons: Get custom app icon: android.app.Application@b92f1bd | com.expensify.chat | com.expensify.chat.mainactivity
02-19 03:27:33.981 2433 2477 D CustomAppIcons: Icon from CustomAppIcons: com.expensify.chat | com.expensify.chat.mainactivity | null
02-19 03:27:33.982 2937 4306 D CategoryUtil: Package com.expensify.chat doesn't have Cast Key
02-19 03:27:33.983 2433 2477 E CustomAppIcons: Load icon from drawable: android.graphics.drawable.AdaptiveIconDrawable@541c832
02-19 03:27:33.991 2433 2477 I SQLiteCacheHelper: SqliteCacheHelper---->delete whereClause = packageName = ? AND profileId = ?, whereArgs = com.expensify.chat;0;
02-19 03:27:33.993 2433 2477 D CustomAppIcons: Get custom app icon: android.app.Application@b92f1bd | com.expensify.chat |
02-19 03:27:33.993 2433 2477 D CustomAppIcons: Icon from CustomAppIcons: com.expensify.chat | | null
02-19 03:27:33.993 2433 2477 E CustomAppIcons: Load icon from drawable: android.graphics.drawable.AdaptiveIconDrawable@ada983
02-19 03:27:34.020 1703 2328 D JobScheduler: Enqueueing job: (job:5100/com.facebook.appmanager/com.facebook.oxygen.common.jobqueue.JobQueueService) work: JobWorkItem{id=0 intent=Intent { act=appmanager.sso.SsoSessionWorker (has extras) }}
02-19 03:27:34.031 1703 2328 D JobScheduler: Enqueueing job: (job:5100/com.facebook.appmanager/com.facebook.oxygen.common.jobqueue.JobQueueService) work: JobWorkItem{id=0 intent=Intent { act=preloads.common.packages.delta.DeltaPackageWorker (has extras) }}
02-19 03:27:34.035 1703 2412 D JobScheduler: Enqueueing job: (job:5100/com.facebook.appmanager/com.facebook.oxygen.common.jobqueue.JobQueueService) work: JobWorkItem{id=0 intent=Intent { act=appmanager.ui.notificationchannels.NotificationChannelWorker (has extras) }}
02-19 03:27:34.040 1703 2412 I ActivityManager: com.facebook.system is exempt from freezer
02-19 03:27:34.053 912 912 D Zygote : Forked child process 5362
02-19 03:27:34.055 1703 1734 I ActivityManager: Start proc 5362:com.facebook.system/u0a199 for content provider {com.facebook.system/com.facebook.oxygen.installer.api.AppManagerApiProvider}
02-19 03:27:34.065 5362 5362 I facebook.syste: Using CollectorTypeCC GC.
02-19 03:27:34.068 5362 5362 E facebook.syste: Not starting debugger since process cannot load the jdwp agent.
02-19 03:27:34.069 5362 5362 D ProcessState: Binder ioctl to enable oneway spam detection failed: Invalid argument
02-19 03:27:34.103 4392 4919 I TRuntime.CctTransportBackend: Status Code: 200
02-19 03:27:34.103 5362 5362 D nativeloader: Configuring clns-4 for other apk /data/app/~~-0FSjWtMXnDozAYAcjH8Dw==/com.facebook.system-SY5Da4SaEQAKzn1vkXe4_w==/base.apk. target_sdk_version=35, uses_libraries=, library_path=/data/app/~~-0FSjWtMXnDozAYAcjH8Dw==/com.facebook.system-SY5Da4SaEQAKzn1vkXe4_w==/lib/arm64, permitted_path=/data:/mnt/expand:/data/user/0/com.facebook.system
02-19 03:27:34.117 5362 5362 V GraphicsEnvironment: ANGLE Developer option for 'com.facebook.system' set to: 'default'
02-19 03:27:34.118 5362 5362 V GraphicsEnvironment: ANGLE GameManagerService for com.facebook.system: false
02-19 03:27:34.118 5362 5362 V GraphicsEnvironment: Neither updatable production driver nor prerelease driver is supported.
02-19 03:27:34.134 5362 5362 I Typeface: updateThemeFont new=source-sans-pro;old=sans-serif;new=source-sans-pro;old=
02-19 03:27:34.142 5318 5360 E ActivityThread: Failed to find provider info for com.facebook.appmanager.nekodirect
02-19 03:27:34.149 1703 4183 D JobScheduler: Enqueueing job: (job:5500/com.facebook.appmanager/com.facebook.oxygen.appmanager.update.core.UpdateService) work: JobWorkItem{id=0 intent=Intent { act=check_consistency cmp=com.facebook.appmanager/com.facebook.oxygen.appmanager.update.core.UpdateService (has extras) }}
