02-19 03:27:21.474 4984 4984 V SoLoader: libdl.so not found on /data/app/~~cRuVz8N8lCDfkf4B9V9aBg==/com.expensify.chat-3TAavFNh5eQK3YVgTQYmQg==/split_config.es.apk!/lib/arm64-v8a
02-19 03:27:21.474 4984 4984 V SoLoader: libdl.so not found on /data/app/~~cRuVz8N8lCDfkf4B9V9aBg==/com.expensify.chat-3TAavFNh5eQK3YVgTQYmQg==/split_config.arm64_v8a.apk!/lib/arm64-v8a
02-19 03:27:21.475 4984 4984 D SoLoader: libdl.so found on /system/lib64
02-19 03:27:21.475 4984 4984 D SoLoader: libdl.so loaded implicitly
02-19 03:27:21.475 4984 4984 V SoLoader: libandroid.so not found on /data/app/~~cRuVz8N8lCDfkf4B9V9aBg==/com.expensify.chat-3TAavFNh5eQK3YVgTQYmQg==/lib/arm64
02-19 03:27:21.475 4984 4984 V SoLoader: libandroid.so not found on /data/app/~~cRuVz8N8lCDfkf4B9V9aBg==/com.expensify.chat-3TAavFNh5eQK3YVgTQYmQg==/split_config.arm64_v8a.apk!/lib/arm64-v8a
02-19 03:27:21.475 4984 4984 V SoLoader: libandroid.so not found on /data/app/~~cRuVz8N8lCDfkf4B9V9aBg==/com.expensify.chat-3TAavFNh5eQK3YVgTQYmQg==/base.apk!/lib/arm64-v8a
02-19 03:27:21.475 4984 4984 V SoLoader: libandroid.so not found on /data/app/~~cRuVz8N8lCDfkf4B9V9aBg==/com.expensify.chat-3TAavFNh5eQK3YVgTQYmQg==/split_config.es.apk!/lib/arm64-v8a
02-19 03:27:21.475 4984 4984 V SoLoader: libandroid.so not found on /data/app/~~cRuVz8N8lCDfkf4B9V9aBg==/com.expensify.chat-3TAavFNh5eQK3YVgTQYmQg==/split_config.xxhdpi.apk!/lib/arm64-v8a
02-19 03:27:21.475 4984 4984 V SoLoader: libandroid.so not found on /data/app/~~cRuVz8N8lCDfkf4B9V9aBg==/com.expensify.chat-3TAavFNh5eQK3YVgTQYmQg==/split_config.xxhdpi.apk!/lib/arm64-v8a
02-19 03:27:21.475 4984 4984 V SoLoader: libandroid.so not found on /data/app/~~cRuVz8N8lCDfkf4B9V9aBg==/com.expensify.chat-3TAavFNh5eQK3YVgTQYmQg==/split_config.es.apk!/lib/arm64-v8a
02-19 03:27:21.475 4984 4984 V SoLoader: libandroid.so not found on /data/app/~~cRuVz8N8lCDfkf4B9V9aBg==/com.expensify.chat-3TAavFNh5eQK3YVgTQYmQg==/split_config.arm64_v8a.apk!/lib/arm64-v8a
02-19 03:27:21.475 4984 4984 D SoLoader: libandroid.so found on /system/lib64
02-19 03:27:21.475 4984 4984 D SoLoader: libandroid.so loaded implicitly
02-19 03:27:21.475 4984 4984 V SoLoader: liblog.so not found on /data/app/~~cRuVz8N8lCDfkf4B9V9aBg==/com.expensify.chat-3TAavFNh5eQK3YVgTQYmQg==/lib/arm64
02-19 03:27:21.475 4984 4984 V SoLoader: liblog.so not found on /data/app/~~cRuVz8N8lCDfkf4B9V9aBg==/com.expensify.chat-3TAavFNh5eQK3YVgTQYmQg==/split_config.arm64_v8a.apk!/lib/arm64-v8a
02-19 03:27:21.475 4984 4984 V SoLoader: liblog.so not found on /data/app/~~cRuVz8N8lCDfkf4B9V9aBg==/com.expensify.chat-3TAavFNh5eQK3YVgTQYmQg==/base.apk!/lib/arm64-v8a
02-19 03:27:21.475 4984 4984 V SoLoader: liblog.so not found on /data/app/~~cRuVz8N8lCDfkf4B9V9aBg==/com.expensify.chat-3TAavFNh5eQK3YVgTQYmQg==/split_config.es.apk!/lib/arm64-v8a
02-19 03:27:21.475 4984 4984 V SoLoader: liblog.so not found on /data/app/~~cRuVz8N8lCDfkf4B9V9aBg==/com.expensify.chat-3TAavFNh5eQK3YVgTQYmQg==/split_config.xxhdpi.apk!/lib/arm64-v8a
02-19 03:27:21.475 4984 4984 V SoLoader: liblog.so not found on /data/app/~~cRuVz8N8lCDfkf4B9V9aBg==/com.expensify.chat-3TAavFNh5eQK3YVgTQYmQg==/split_config.xxhdpi.apk!/lib/arm64-v8a
02-19 03:27:21.475 4984 4984 V SoLoader: liblog.so not found on /data/app/~~cRuVz8N8lCDfkf4B9V9aBg==/com.expensify.chat-3TAavFNh5eQK3YVgTQYmQg==/split_config.es.apk!/lib/arm64-v8a
02-19 03:27:21.475 4984 4984 V SoLoader: liblog.so not found on /data/app/~~cRuVz8N8lCDfkf4B9V9aBg==/com.expensify.chat-3TAavFNh5eQK3YVgTQYmQg==/split_config.arm64_v8a.apk!/lib/arm64-v8a
02-19 03:27:21.475 4984 4984 D SoLoader: liblog.so found on /system/lib64
02-19 03:27:21.476 4984 4984 D SoLoader: liblog.so loaded implicitly
02-19 03:27:21.476 4984 4984 V SoLoader: libm.so not found on /data/app/~~cRuVz8N8lCDfkf4B9V9aBg==/com.expensify.chat-3TAavFNh5eQK3YVgTQYmQg==/lib/arm64
02-19 03:27:21.476 4984 4984 V SoLoader: libm.so not found on /data/app/~~cRuVz8N8lCDfkf4B9V9aBg==/com.expensify.chat-3TAavFNh5eQK3YVgTQYmQg==/split_config.arm64_v8a.apk!/lib/arm64-v8a
02-19 03:27:21.476 4984 4984 V SoLoader: libm.so not found on /data/app/~~cRuVz8N8lCDfkf4B9V9aBg==/com.expensify.chat-3TAavFNh5eQK3YVgTQYmQg==/base.apk!/lib/arm64-v8a
02-19 03:27:21.476 4984 4984 V SoLoader: libm.so not found on /data/app/~~cRuVz8N8lCDfkf4B9V9aBg==/com.expensify.chat-3TAavFNh5eQK3YVgTQYmQg==/split_config.es.apk!/lib/arm64-v8a
02-19 03:27:21.476 4984 4984 V SoLoader: libm.so not found on /data/app/~~cRuVz8N8lCDfkf4B9V9aBg==/com.expensify.chat-3TAavFNh5eQK3YVgTQYmQg==/split_config.xxhdpi.apk!/lib/arm64-v8a
02-19 03:27:21.476 4984 4984 V SoLoader: libm.so not found on /data/app/~~cRuVz8N8lCDfkf4B9V9aBg==/com.expensify.chat-3TAavFNh5eQK3YVgTQYmQg==/split_config.xxhdpi.apk!/lib/arm64-v8a
02-19 03:27:21.476 4984 4984 V SoLoader: libm.so not found on /data/app/~~cRuVz8N8lCDfkf4B9V9aBg==/com.expensify.chat-3TAavFNh5eQK3YVgTQYmQg==/split_config.es.apk!/lib/arm64-v8a
02-19 03:27:21.476 4984 4984 V SoLoader: libm.so not found on /data/app/~~cRuVz8N8lCDfkf4B9V9aBg==/com.expensify.chat-3TAavFNh5eQK3YVgTQYmQg==/split_config.arm64_v8a.apk!/lib/arm64-v8a
02-19 03:27:21.476 4984 4984 D SoLoader: libm.so found on /system/lib64
02-19 03:27:21.476 4984 4984 D SoLoader: libm.so loaded implicitly
02-19 03:27:21.476 4984 4984 V SoLoader: libc.so not found on /data/app/~~cRuVz8N8lCDfkf4B9V9aBg==/com.expensify.chat-3TAavFNh5eQK3YVgTQYmQg==/lib/arm64
02-19 03:27:21.476 4984 4984 V SoLoader: libc.so not found on /data/app/~~cRuVz8N8lCDfkf4B9V9aBg==/com.expensify.chat-3TAavFNh5eQK3YVgTQYmQg==/split_config.arm64_v8a.apk!/lib/arm64-v8a
02-19 03:27:21.476 4984 4984 V SoLoader: libc.so not found on /data/app/~~cRuVz8N8lCDfkf4B9V9aBg==/com.expensify.chat-3TAavFNh5eQK3YVgTQYmQg==/base.apk!/lib/arm64-v8a
02-19 03:27:21.476 4984 4984 V SoLoader: libc.so not found on /data/app/~~cRuVz8N8lCDfkf4B9V9aBg==/com.expensify.chat-3TAavFNh5eQK3YVgTQYmQg==/split_config.es.apk!/lib/arm64-v8a
02-19 03:27:21.476 4984 4984 V SoLoader: libc.so not found on /data/app/~~cRuVz8N8lCDfkf4B9V9aBg==/com.expensify.chat-3TAavFNh5eQK3YVgTQYmQg==/split_config.xxhdpi.apk!/lib/arm64-v8a
02-19 03:27:21.476 4984 4984 V SoLoader: libc.so not found on /data/app/~~cRuVz8N8lCDfkf4B9V9aBg==/com.expensify.chat-3TAavFNh5eQK3YVgTQYmQg==/split_config.xxhdpi.apk!/lib/arm64-v8a
02-19 03:27:21.476 4984 4984 V SoLoader: libc.so not found on /data/app/~~cRuVz8N8lCDfkf4B9V9aBg==/com.expensify.chat-3TAavFNh5eQK3YVgTQYmQg==/split_config.es.apk!/lib/arm64-v8a
02-19 03:27:21.476 4984 4984 V SoLoader: libc.so not found on /data/app/~~cRuVz8N8lCDfkf4B9V9aBg==/com.expensify.chat-3TAavFNh5eQK3YVgTQYmQg==/split_config.arm64_v8a.apk!/lib/arm64-v8a
02-19 03:27:21.476 4984 4984 D SoLoader: libc.so found on /system/lib64
02-19 03:27:21.476 4984 4984 D SoLoader: libc.so loaded implicitly
02-19 03:27:21.485 381 381 D BoundBrokerSvc: onBind: Intent { act=com.google.android.gms.measurement.START pkg=com.google.android.gms }
02-19 03:27:21.485 381 381 D BoundBrokerSvc: Loading bound service for intent: Intent { act=com.google.android.gms.measurement.START pkg=com.google.android.gms }
02-19 03:27:21.515 912 912 D Zygote : Forked child process 5081
02-19 03:27:21.517 1703 1734 I ActivityManager: Start proc 5081:com.google.process.gapps/u0a225 for content provider {com.google.android.gsf/com.google.android.gsf.subscribedfeeds.SubscribedFeedsProvider}
02-19 03:27:21.524 5081 5081 I e.process.gapp: Using CollectorTypeCC GC.
02-19 03:27:21.527 5081 5081 E e.process.gapp: Not starting debugger since process cannot load the jdwp agent.
02-19 03:27:21.529 5081 5081 D ProcessState: Binder ioctl to enable oneway spam detection failed: Invalid argument
02-19 03:27:21.557 5081 5081 D nativeloader: Configuring clns-shared-4 for other apk /system/framework/org.apache.http.legacy.jar. target_sdk_version=31, uses_libraries=ALL, library_path=/system_ext/priv-app/GoogleServicesFramework/lib/arm64:/system_ext/priv-app/GoogleServicesFramework/GoogleServicesFramework.apk!/lib/arm64-v8a:/system/lib64:/system_ext/lib64, permitted_path=/data:/mnt/expand:/data/user/0/com.google.android.gsf:/system_ext/priv-app/GoogleServicesFramework:/system/lib64:/system_ext/lib64
02-19 03:27:21.557 5081 5081 D nativeloader: Extending system_exposed_libraries: libteeservice_client.trustonic.so:libapuwareapusys.mtk.so:libapuwareapusys_v2.mtk.so:libapuwarexrp.mtk.so:libapuwarexrp_v2.mtk.so:libapuwareutils.mtk.so:libapuwareutils_v2.mtk.so:libapuwarehmp.mtk.so:libmcv_runtime_usdk.mtk.so:libneuron_graph_delegate.mtk.so:libneuronusdk_adapter.mtk.so:libtflite_mtk.mtk.so:libarmnn_ndk.mtk.so:libcmdl_ndk.mtk.so:libnir_neon_driver_ndk.mtk.so:libmvpu_runtime.mtk.so:libmvpu_runtime_pub.mtk.so:libmvpu_engine_pub.mtk.so:libmvpu_pattern_pub.mtk.so:libmvpuop_mtk_cv.mtk.so:libmvpuop_mtk_nn.mtk.so:libjni_helper.motocameradesktop.so:libimgTuner_jni.motoimagetuner.so:libmcf_native_window_helper.motocamera.so
02-19 03:27:21.571 5081 5081 D nativeloader: Configuring clns-shared-5 for other apk /system_ext/priv-app/GoogleServicesFramework/GoogleServicesFramework.apk. target_sdk_version=31, uses_libraries=, library_path=/system_ext/priv-app/GoogleServicesFramework/lib/arm64:/system_ext/priv-app/GoogleServicesFramework/GoogleServicesFramework.apk!/lib/arm64-v8a:/system/lib64:/system_ext/lib64, permitted_path=/data:/mnt/expand:/data/user/0/com.google.android.gsf:/system_ext/priv-app/GoogleServicesFramework:/system/lib64:/system_ext/lib64
02-19 03:27:21.576 4984 4984 D nativeloader: Load /data/app/~~cRuVz8N8lCDfkf4B9V9aBg==/com.expensify.chat-3TAavFNh5eQK3YVgTQYmQg==/split_config.arm64_v8a.apk!/lib/arm64-v8a/libreact_newarchdefaults.so using ns clns-5 from class loader (caller=base.apk): ok
02-19 03:27:21.577 4984 4984 D SoLoader: libreact_newarchdefaults.so found on /data/app/~~cRuVz8N8lCDfkf4B9V9aBg==/com.expensify.chat-3TAavFNh5eQK3YVgTQYmQg==/split_config.arm64_v8a.apk!/lib/arm64-v8a
02-19 03:27:21.577 4984 4984 V SoLoader: libappmodules.so not found on /data/app/~~cRuVz8N8lCDfkf4B9V9aBg==/com.expensify.chat-3TAavFNh5eQK3YVgTQYmQg==/lib/arm64
02-19 03:27:21.577 4984 4984 V SoLoader: libappmodules.so not found on /data/app/~~cRuVz8N8lCDfkf4B9V9aBg==/com.expensify.chat-3TAavFNh5eQK3YVgTQYmQg==/split_config.arm64_v8a.apk!/lib/arm64-v8a
02-19 03:27:21.577 4984 4984 V SoLoader: libappmodules.so not found on /data/app/~~cRuVz8N8lCDfkf4B9V9aBg==/com.expensify.chat-3TAavFNh5eQK3YVgTQYmQg==/base.apk!/lib/arm64-v8a
02-19 03:27:21.577 4984 4984 V SoLoader: libappmodules.so not found on /data/app/~~cRuVz8N8lCDfkf4B9V9aBg==/com.expensify.chat-3TAavFNh5eQK3YVgTQYmQg==/split_config.es.apk!/lib/arm64-v8a
02-19 03:27:21.577 4984 4984 V SoLoader: libappmodules.so not found on /data/app/~~cRuVz8N8lCDfkf4B9V9aBg==/com.expensify.chat-3TAavFNh5eQK3YVgTQYmQg==/split_config.xxhdpi.apk!/lib/arm64-v8a
02-19 03:27:21.577 4984 4984 V SoLoader: libappmodules.so not found on /data/app/~~cRuVz8N8lCDfkf4B9V9aBg==/com.expensify.chat-3TAavFNh5eQK3YVgTQYmQg==/split_config.xxhdpi.apk!/lib/arm64-v8a
02-19 03:27:21.577 4984 4984 V SoLoader: libappmodules.so not found on /data/app/~~cRuVz8N8lCDfkf4B9V9aBg==/com.expensify.chat-3TAavFNh5eQK3YVgTQYmQg==/split_config.es.apk!/lib/arm64-v8a
02-19 03:27:21.591 5081 5081 V GraphicsEnvironment: ANGLE Developer option for 'com.google.android.gsf' set to: 'default'
02-19 03:27:21.591 5081 5081 V GraphicsEnvironment: ANGLE GameManagerService for com.google.android.gsf: false
02-19 03:27:21.591 5081 5081 V GraphicsEnvironment: Neither updatable production driver nor prerelease driver is supported.
02-19 03:27:21.614 5081 5081 I GoogleHttpClient: GMS http client unavailable, use old client
02-19 03:27:21.633 5081 5081 I CarUiInstaller: CarUiInstaller started for com.google.android.gsf
02-19 03:27:21.636 5081 5081 I Typeface: updateThemeFont new=source-sans-pro;old=sans-serif;new=source-sans-pro;old=
02-19 03:27:21.666 953 1238 I hwcomposer: [HWC] (0)fire a callback of refresh to SF[4]
02-19 03:27:21.680 4984 4984 D nativeloader: Load /data/app/~~cRuVz8N8lCDfkf4B9V9aBg==/com.expensify.chat-3TAavFNh5eQK3YVgTQYmQg==/split_config.arm64_v8a.apk!/lib/arm64-v8a/libappmodules.so using ns clns-5 from class loader (caller=base.apk): ok
02-19 03:27:21.680 4984 4984 D SoLoader: libappmodules.so found on /data/app/~~cRuVz8N8lCDfkf4B9V9aBg==/com.expensify.chat-3TAavFNh5eQK3YVgTQYmQg==/split_config.arm64_v8a.apk!/lib/arm64-v8a
02-19 03:27:21.680 953 1235 I hwcomposer: [HWCDisplay] setColorTransformForJob ccorr_state=0->1 hint=0 force_disable_color=1 identity=1
02-19 03:27:21.680 953 1239 I hwcomposer: [DEV] [DEV] (Send identity matrix)
02-19 03:27:21.687 4984 4984 I Typeface: updateThemeFont new=source-sans-pro;old=sans-serif;new=source-sans-pro;old=
02-19 03:27:21.707 4984 5047 I WM-WorkerWrapper: Worker result SUCCESS for Work [ id=0c9b896c-1bc8-48fa-b088-1468cd894c34, tags={ com.urbanairship.job.AirshipWorker, airship } ]
02-19 03:27:21.716 4984 5054 E New Expensify - UALib: Notification channel 1196495493615203 does not exist. Falling back to com.urbanairship.default
02-19 03:27:21.721 4984 5047 I WM-WorkerWrapper: Worker result SUCCESS for Work [ id=63fdca48-f4b3-4488-8f99-e332f22a6299, tags={ com.urbanairship.job.AirshipWorker, airship } ]
02-19 03:27:21.723 4984 5054 D NotificationProvider: buildNotification: {com.urbanairship.metadata=eyJ2ZXJzaW9uX2lkIjoxLCJ0aW1lIjoxNzM5OTQ2NDQwMDQzLCJwdXNoX2lkIjoiOTI1NDcyMDAtZWU4YS0xMWVmLTkxMGEtMDAwMGExYWNlZjA3IiwiY2FtcGFpZ25zIjp7ImNhdGVnb3JpZXMiOltdfSwiY29udGV4dCI6e319, com.urbanairship.push.APID=d894b7f2-9671-4ba0-9a59-78e0d9adbcb9, payload={"type":"reportComment","title":"Expensify Concierge","onyxData":[{"key":"report_1196495493615203","onyxMethod":"merge","value":{"chatType":"","description":"","lastActorAccountID":8392101,"lastMessageText":"

Finish getting set up in Expensify<\/h1>Hey there! We see you're here to manage your team's expenses<\/b>, and you're just a few steps away from being fully set up. Let's finish this together! Continue onboarding<\/a> and get started right away.

[Attachment]","lastVisibleActionCreated":"2025-02-19 06:27:19.377","managerID":null,"ownerAccountID":0,"parentReportActionID":null,"parentReportID":null,"policyID":"_FAKE_","reportID":"1196495493615203","reportName":"Chat Report","state":"OPEN","stateNum":0,"statusNum":0,"type":"chat","visibility":null}},{"key":"reportActions_1196495493615203","onyxMethod":"merge","shouldShowPushNotification":true,"value":{"4024914346138273970":{"actionName":"ADDCOMMENT","actorAccountID":8392101,"avatar":"https:\/\/d1wpcgnaa73g0y.cloudfront.net\/894b50e60056c966d12216005fbcacec8ce5a2c0.png","created":"2025-02-19 06:27:19.377","lastModified":"2025-02-19 06:27:19.377","message":[{"html":"

Finish getting set up in Expensify<\/h1>Hey there! We see you're here to manage your team's expenses<\/b>, and you're just a few steps away from being fully set up. Let's finish this together! Continue onboarding<\/a> and get started right away.

\"1717782451102-11_4_Onboarding_v4.gif\"","text":"Finish getting set up in Expensify\nHey there! We see you're here to manage your team's expenses, and you're just a few steps away from being fully set up. Let's finish this together! Continue onboarding and get started right away.\n\n[Attachment]","type":"COMMENT","whisperedTo":[]}],"originalMessage":{"html":"

Finish getting set up in Expensify<\/h1>Hey there! We see you're here to manage your team's expenses<\/b>, and you're just a few steps away from being fully set up. Let's finish this together! Continue onboarding<\/a> and get started right away.

\"1717782451102-11_4_Onboarding_v4.gif\"","isMarketingMessage":true,"isNewDot":false,"lastModified":"2025-02-19 06:27:19.377"},"person":[{"style":"strong","text":"Expensify Concierge","type":"TEXT"}],"reportActionID":"4024914346138273970","shouldShow":true}}}],"previousUpdateID":4228193674,"lastUpdateID":4240008887,"reportID":1196495493615203,"reportActionID":"4024914346138273970","roomName":"","app":"new"}, com.urbanairship.push.CANONICAL_PUSH_ID=92547200-ee8a-11ef-910a-0000a1acef07, com.urbanairship.push.PUSH_ID=925fe3b3-ee8a-11ef-bf19-02424fe65ff1, com.urbanairship.priority=high, com.urbanairship.notification_channel=1196495493615203, com.urbanairship.push.ALERT=Finish getting set up in Expensify
02-19 03:27:21.723 4984 5054 D NotificationProvider: Hey there! We see you're here to manage your team's expenses, and you're just a few steps away from being fully set up. Let's...", com.urbanairship.title=Expensify Concierge}
02-19 03:27:21.723 4984 5054 D NotificationProvider: payload contains onxyData
02-19 03:27:21.724 381 4589 D AdvertisingIdClient: AdvertisingIdClient already created.
02-19 03:27:21.727 381 4589 I AdvertisingIdClient: shouldSendLog 110661510
02-19 03:27:21.727 381 4589 I AdvertisingIdClient: GetInfoInternal elapse 3ms
02-19 03:27:22.113 4984 5117 D hw-ProcessState: Binder ioctl to enable oneway spam detection failed: Invalid argument
02-19 03:27:22.118 4984 5117 E ion : ioctl c0044901 failed with code -1: Invalid argument
02-19 03:27:22.119 4984 5128 D libMEOW : meow new tls: 0xb4000079b5275400
02-19 03:27:22.119 4984 5128 W libc : Access denied finding property "ro.vendor.mtk.gpu.glt"
02-19 03:27:22.119 4984 5128 D libMEOW : meow reload base cfg path: na
02-19 03:27:22.119 4984 5128 D libMEOW : meow reload overlay cfg path: na
02-19 03:27:22.124 26469 26469 W aquf : Already started: aquf@4d4c530
02-19 03:27:22.127 4984 5128 E QT : [QT]file does not exist
02-19 03:27:22.127 4984 5128 D libMEOW : applied 1 plugins for [com.expensify.chat]:
02-19 03:27:22.128 4984 5128 D libMEOW : plugin 1: [libMEOW_gift.so]:
02-19 03:27:22.134 615 615 I hwservicemanager: getTransport: Cannot find entry android.hardware.configstore@1.0::ISurfaceFlingerConfigs/default in either framework or device VINTF manifest.
02-19 03:27:22.137 4984 5128 I GED : [GT]_get_procNameprocess pid(4984)
02-19 03:27:22.137 4984 5128 I GED : [GT]_getprocess name(com.expensify.chat)
02-19 03:27:22.137 4984 5128 I .expensify.cha: [GT] ret(1) gt_status(00000000) aniso_debug_level(0) gt_aniso_max_level(16) ani so mask(00000001) tri mask(00000002)
02-19 03:27:22.138 4984 5117 D libMEOW : meow new tls: 0xb400007900cf1440
02-19 03:27:22.138 4984 5117 D libMEOW : applied 1 plugins for [com.expensify.chat]:
02-19 03:27:22.138 4984 5117 D libMEOW : plugin 1: [libMEOW_gift.so]:
02-19 03:27:22.138 4984 5117 D hw-ProcessState: Binder ioctl to enable oneway spam detection failed: Invalid argument
02-19 03:27:22.147 4984 5142 D libMEOW : meow new tls: 0xb400007900d4e240
02-19 03:27:22.148 4984 5142 D libMEOW : applied 1 plugins for [com.expensify.chat]:
02-19 03:27:22.148 4984 5142 D libMEOW : plugin 1: [libMEOW_gift.so]:
02-19 03:27:22.154 26469 5073 W anoh : Job(ItemListsService:stopItemList#0.616) Attempting to unregister unknown list: itemlist-ViewType(96)-21
02-19 03:27:22.154 4984 5142 I GED : [GT]_get_procNameprocess pid(4984)
02-19 03:27:22.155 4984 5142 I GED : [GT]_getprocess name(com.expensify.chat)
02-19 03:27:22.155 4984 5142 I .expensify.cha: [GT] ret(1) gt_status(00000000) aniso_debug_level(0) gt_aniso_max_level(16) ani so mask(00000001) tri mask(00000002)
02-19 03:27:22.170 4984 5142 I OpenGLRenderer: setGrContext nullptr-->validptr
02-19 03:27:22.173 26469 26469 W jng : [Gmail] MailSyncAdapterService: MailSyncAdapterService is destroyed! [CONTEXT android_log_tag="MailSyncAdapterService" ]
02-19 03:27:22.178 4984 5142 I GED : ged_boost_gpu_freq, level 100, eOrigin 2, final_idx 27, oppidx_max 27, oppidx_min 0
02-19 03:27:22.240 4984 5051 I WM-WorkerWrapper: Worker result SUCCESS for Work [ id=42b8fcc7-a1c6-4990-af38-e69ac735859f, tags={ com.urbanairship.job.AirshipWorker, airship } ]
02-19 03:27:22.241 4984 5051 I WM-WorkerWrapper: Worker result SUCCESS for Work [ id=0c1dfc7a-15d5-4cb4-b114-53e394556d6f, tags={ com.urbanairship.job.AirshipWorker, airship } ]
02-19 03:27:22.264 4984 4984 V SoLoader: libreactnativejni.so not found on /data/app/~~cRuVz8N8lCDfkf4B9V9aBg==/com.expensify.chat-3TAavFNh5eQK3YVgTQYmQg==/lib/arm64
02-19 03:27:22.264 4984 4984 V SoLoader: libreactnativejni.so not found on /data/app/~~cRuVz8N8lCDfkf4B9V9aBg==/com.expensify.chat-3TAavFNh5eQK3YVgTQYmQg==/split_config.arm64_v8a.apk!/lib/arm64-v8a
02-19 03:27:22.264 4984 4984 V SoLoader: libreactnativejni.so not found on /data/app/~~cRuVz8N8lCDfkf4B9V9aBg==/com.expensify.chat-3TAavFNh5eQK3YVgTQYmQg==/base.apk!/lib/arm64-v8a
02-19 03:27:22.264 4984 4984 V SoLoader: libreactnativejni.so not found on /data/app/~~cRuVz8N8lCDfkf4B9V9aBg==/com.expensify.chat-3TAavFNh5eQK3YVgTQYmQg==/split_config.es.apk!/lib/arm64-v8a
02-19 03:27:22.264 4984 4984 V SoLoader: libreactnativejni.so not found on /data/app/~~cRuVz8N8lCDfkf4B9V9aBg==/com.expensify.chat-3TAavFNh5eQK3YVgTQYmQg==/split_config.xxhdpi.apk!/lib/arm64-v8a
02-19 03:27:22.264 4984 4984 V SoLoader: libreactnativejni.so not found on /data/app/~~cRuVz8N8lCDfkf4B9V9aBg==/com.expensify.chat-3TAavFNh5eQK3YVgTQYmQg==/split_config.xxhdpi.apk!/lib/arm64-v8a
02-19 03:27:22.264 4984 4984 V SoLoader: libreactnativejni.so not found on /data/app/~~cRuVz8N8lCDfkf4B9V9aBg==/com.expensify.chat-3TAavFNh5eQK3YVgTQYmQg==/split_config.es.apk!/lib/arm64-v8a
02-19 03:27:22.270 4984 4984 D nativeloader: Load /data/app/~~cRuVz8N8lCDfkf4B9V9aBg==/com.expensify.chat-3TAavFNh5eQK3YVgTQYmQg==/split_config.arm64_v8a.apk!/lib/arm64-v8a/libreactnativejni.so using ns clns-5 from class loader (caller=base.apk): ok
02-19 03:27:22.272 4984 4984 D SoLoader: libreactnativejni.so found on /data/app/~~cRuVz8N8lCDfkf4B9V9aBg==/com.expensify.chat-3TAavFNh5eQK3YVgTQYmQg==/split_config.arm64_v8a.apk!/lib/arm64-v8a
02-19 03:27:22.273 4984 4984 V SoLoader: libfbjni.so not found on /data/app/~~cRuVz8N8lCDfkf4B9V9aBg==/com.expensify.chat-3TAavFNh5eQK3YVgTQYmQg==/lib/arm64
02-19 03:27:22.273 4984 4984 V SoLoader: libfbjni.so not found on /data/app/~~cRuVz8N8lCDfkf4B9V9aBg==/com.expensify.chat-3TAavFNh5eQK3YVgTQYmQg==/split_config.arm64_v8a.apk!/lib/arm64-v8a
02-19 03:27:22.273 4984 4984 V SoLoader: libfbjni.so not found on /data/app/~~cRuVz8N8lCDfkf4B9V9aBg==/com.expensify.chat-3TAavFNh5eQK3YVgTQYmQg==/base.apk!/lib/arm64-v8a
02-19 03:27:22.273 4984 4984 V SoLoader: libfbjni.so not found on /data/app/~~cRuVz8N8lCDfkf4B9V9aBg==/com.expensify.chat-3TAavFNh5eQK3YVgTQYmQg==/split_config.es.apk!/lib/arm64-v8a
02-19 03:27:22.273 4984 4984 V SoLoader: libfbjni.so not found on /data/app/~~cRuVz8N8lCDfkf4B9V9aBg==/com.expensify.chat-3TAavFNh5eQK3YVgTQYmQg==/split_config.xxhdpi.apk!/lib/arm64-v8a
02-19 03:27:22.273 4984 4984 V SoLoader: libfbjni.so not found on /data/app/~~cRuVz8N8lCDfkf4B9V9aBg==/com.expensify.chat-3TAavFNh5eQK3YVgTQYmQg==/split_config.xxhdpi.apk!/lib/arm64-v8a
02-19 03:27:22.273 4984 4984 V SoLoader: libfbjni.so not found on /data/app/~~cRuVz8N8lCDfkf4B9V9aBg==/com.expensify.chat-3TAavFNh5eQK3YVgTQYmQg==/split_config.es.apk!/lib/arm64-v8a
02-19 03:27:22.275 4984 4984 D nativeloader: Load /data/app/~~cRuVz8N8lCDfkf4B9V9aBg==/com.expensify.chat-3TAavFNh5eQK3YVgTQYmQg==/split_config.arm64_v8a.apk!/lib/arm64-v8a/libfbjni.so using ns clns-5 from class loader (caller=base.apk): ok
02-19 03:27:22.276 4984 4984 D SoLoader: libfbjni.so found on /data/app/~~cRuVz8N8lCDfkf4B9V9aBg==/com.expensify.chat-3TAavFNh5eQK3YVgTQYmQg==/split_config.arm64_v8a.apk!/lib/arm64-v8a
02-19 03:27:22.278 4984 4984 V SoLoader: libhermes.so not found on /data/app/~~cRuVz8N8lCDfkf4B9V9aBg==/com.expensify.chat-3TAavFNh5eQK3YVgTQYmQg==/lib/arm64
02-19 03:27:22.278 4984 4984 V SoLoader: libhermes.so not found on /data/app/~~cRuVz8N8lCDfkf4B9V9aBg==/com.expensify.chat-3TAavFNh5eQK3YVgTQYmQg==/split_config.arm64_v8a.apk!/lib/arm64-v8a
02-19 03:27:22.278 4984 4984 V SoLoader: libhermes.so not found on /data/app/~~cRuVz8N8lCDfkf4B9V9aBg==/com.expensify.chat-3TAavFNh5eQK3YVgTQYmQg==/base.apk!/lib/arm64-v8a
02-19 03:27:22.278 4984 4984 V SoLoader: libhermes.so not found on /data/app/~~cRuVz8N8lCDfkf4B9V9aBg==/com.expensify.chat-3TAavFNh5eQK3YVgTQYmQg==/split_config.es.apk!/lib/arm64-v8a
02-19 03:27:22.278 4984 4984 V SoLoader: libhermes.so not found on /data/app/~~cRuVz8N8lCDfkf4B9V9aBg==/com.expensify.chat-3TAavFNh5eQK3YVgTQYmQg==/split_config.xxhdpi.apk!/lib/arm64-v8a
02-19 03:27:22.278 4984 4984 V SoLoader: libhermes.so not found on /data/app/~~cRuVz8N8lCDfkf4B9V9aBg==/com.expensify.chat-3TAavFNh5eQK3YVgTQYmQg==/split_config.xxhdpi.apk!/lib/arm64-v8a
02-19 03:27:22.278 4984 4984 V SoLoader: libhermes.so not found on /data/app/~~cRuVz8N8lCDfkf4B9V9aBg==/com.expensify.chat-3TAavFNh5eQK3YVgTQYmQg==/split_config.es.apk!/lib/arm64-v8a
02-19 03:27:22.289 4984 4984 D nativeloader: Load /data/app/~~cRuVz8N8lCDfkf4B9V9aBg==/com.expensify.chat-3TAavFNh5eQK3YVgTQYmQg==/split_config.arm64_v8a.apk!/lib/arm64-v8a/libhermes.so using ns clns-5 from class loader (caller=base.apk): ok
02-19 03:27:22.289 4984 4984 D SoLoader: libhermes.so found on /data/app/~~cRuVz8N8lCDfkf4B9V9aBg==/com.expensify.chat-3TAavFNh5eQK3YVgTQYmQg==/split_config.arm64_v8a.apk!/lib/arm64-v8a
02-19 03:27:22.290 4984 4984 V SoLoader: libhermes_executor.so not found on /data/app/~~cRuVz8N8lCDfkf4B9V9aBg==/com.expensify.chat-3TAavFNh5eQK3YVgTQYmQg==/lib/arm64
02-19 03:27:22.290 4984 4984 V SoLoader: libhermes_executor.so not found on /data/app/~~cRuVz8N8lCDfkf4B9V9aBg==/com.expensify.chat-3TAavFNh5eQK3YVgTQYmQg==/split_config.arm64_v8a.apk!/lib/arm64-v8a
02-19 03:27:22.290 4984 4984 V SoLoader: libhermes_executor.so not found on /data/app/~~cRuVz8N8lCDfkf4B9V9aBg==/com.expensify.chat-3TAavFNh5eQK3YVgTQYmQg==/base.apk!/lib/arm64-v8a
02-19 03:27:22.290 4984 4984 V SoLoader: libhermes_executor.so not found on /data/app/~~cRuVz8N8lCDfkf4B9V9aBg==/com.expensify.chat-3TAavFNh5eQK3YVgTQYmQg==/split_config.es.apk!/lib/arm64-v8a
02-19 03:27:22.290 4984 4984 V SoLoader: libhermes_executor.so not found on /data/app/~~cRuVz8N8lCDfkf4B9V9aBg==/com.expensify.chat-3TAavFNh5eQK3YVgTQYmQg==/split_config.xxhdpi.apk!/lib/arm64-v8a
02-19 03:27:22.290 4984 4984 V SoLoader: libhermes_executor.so not found on /data/app/~~cRuVz8N8lCDfkf4B9V9aBg==/com.expensify.chat-3TAavFNh5eQK3YVgTQYmQg==/split_config.xxhdpi.apk!/lib/arm64-v8a
02-19 03:27:22.290 4984 4984 V SoLoader: libhermes_executor.so not found on /data/app/~~cRuVz8N8lCDfkf4B9V9aBg==/com.expensify.chat-3TAavFNh5eQK3YVgTQYmQg==/split_config.es.apk!/lib/arm64-v8a
02-19 03:27:22.299 4984 4984 D nativeloader: Load /data/app/~~cRuVz8N8lCDfkf4B9V9aBg==/com.expensify.chat-3TAavFNh5eQK3YVgTQYmQg==/split_config.arm64_v8a.apk!/lib/arm64-v8a/libhermes_executor.so using ns clns-5 from class loader (caller=base.apk): ok
02-19 03:27:22.299 4984 4984 D SoLoader: libhermes_executor.so found on /data/app/~~cRuVz8N8lCDfkf4B9V9aBg==/com.expensify.chat-3TAavFNh5eQK3YVgTQYmQg==/split_config.arm64_v8a.apk!/lib/arm64-v8a
02-19 03:27:22.309 4984 5148 D nativeloader: Load /data/app/~~cRuVz8N8lCDfkf4B9V9aBg==/com.expensify.chat-3TAavFNh5eQK3YVgTQYmQg==/split_config.arm64_v8a.apk!/lib/arm64-v8a/libexpo-av.so using ns clns-5 from class loader (caller=base.apk!classes4.dex): ok
02-19 03:27:22.316 4984 5148 I ExpoModulesCore: ✅ AppContext was initialized
02-19 03:27:22.322 4984 5148 D nativeloader: Load /data/app/~~cRuVz8N8lCDfkf4B9V9aBg==/com.expensify.chat-3TAavFNh5eQK3YVgTQYmQg==/split_config.arm64_v8a.apk!/lib/arm64-v8a/libVisionCamera.so using ns clns-5 from class loader (caller=base.apk!classes3.dex): ok
02-19 03:27:22.324 953 1235 I hwcomposer: [HWCDisplay] setColorTransformForJob ccorr_state=1->0 hint=1 force_disable_color=0 identity=0
02-19 03:27:22.324 953 1235 I hwcomposer: [HWCDisplay] [Display_0 (type:1)] fps:31.887035,dur:1599.40,max:644.21,min:12.26
02-19 03:27:22.325 953 1239 I hwcomposer: [DEV] 1024 0 0 0
02-19 03:27:22.325 953 1239 I hwcomposer: [DEV] 0 906 0 0
02-19 03:27:22.325 953 1239 I hwcomposer: [DEV] 0 0 797 0
02-19 03:27:22.325 953 1239 I hwcomposer: [DEV] 0 0 0 1024
02-19 03:27:22.325 953 1239 I hwcomposer: [DEV] [DEV] color transform: feature_flag=0
02-19 03:27:22.325 4984 5148 I CameraManagerGlobal: Connecting to camera service
02-19 03:27:22.335 1227 32403 W ServiceManager: Permission failure: android.permission.CAMERA_OPEN_CLOSE_LISTENER from uid=10852 pid=4984
02-19 03:27:22.338 4984 5148 V SoLoader: libreact_devsupportjni.so not found on /data/app/~~cRuVz8N8lCDfkf4B9V9aBg==/com.expensify.chat-3TAavFNh5eQK3YVgTQYmQg==/lib/arm64
02-19 03:27:22.338 4984 5148 V SoLoader: libreact_devsupportjni.so not found on /data/app/~~cRuVz8N8lCDfkf4B9V9aBg==/com.expensify.chat-3TAavFNh5eQK3YVgTQYmQg==/split_config.arm64_v8a.apk!/lib/arm64-v8a
02-19 03:27:22.338 4984 5148 V SoLoader: libreact_devsupportjni.so not found on /data/app/~~cRuVz8N8lCDfkf4B9V9aBg==/com.expensify.chat-3TAavFNh5eQK3YVgTQYmQg==/base.apk!/lib/arm64-v8a
02-19 03:27:22.338 4984 5148 V SoLoader: libreact_devsupportjni.so not found on /data/app/~~cRuVz8N8lCDfkf4B9V9aBg==/com.expensify.chat-3TAavFNh5eQK3YVgTQYmQg==/split_config.es.apk!/lib/arm64-v8a
02-19 03:27:22.338 4984 5148 V SoLoader: libreact_devsupportjni.so not found on /data/app/~~cRuVz8N8lCDfkf4B9V9aBg==/com.expensify.chat-3TAavFNh5eQK3YVgTQYmQg==/split_config.xxhdpi.apk!/lib/arm64-v8a
02-19 03:27:22.338 4984 5148 V SoLoader: libreact_devsupportjni.so not found on /data/app/~~cRuVz8N8lCDfkf4B9V9aBg==/com.expensify.chat-3TAavFNh5eQK3YVgTQYmQg==/split_config.xxhdpi.apk!/lib/arm64-v8a
02-19 03:27:22.338 4984 5148 V SoLoader: libreact_devsupportjni.so not found on /data/app/~~cRuVz8N8lCDfkf4B9V9aBg==/com.expensify.chat-3TAavFNh5eQK3YVgTQYmQg==/split_config.es.apk!/lib/arm64-v8a
02-19 03:27:22.343 4984 5148 D nativeloader: Load /data/app/~~cRuVz8N8lCDfkf4B9V9aBg==/com.expensify.chat-3TAavFNh5eQK3YVgTQYmQg==/split_config.arm64_v8a.apk!/lib/arm64-v8a/libreact_devsupportjni.so using ns clns-5 from class loader (caller=base.apk): ok
02-19 03:27:22.343 4984 5148 D SoLoader: libreact_devsupportjni.so found on /data/app/~~cRuVz8N8lCDfkf4B9V9aBg==/com.expensify.chat-3TAavFNh5eQK3YVgTQYmQg==/split_config.arm64_v8a.apk!/lib/arm64-v8a
02-19 03:27:22.357 4984 5148 V SoLoader: libturbomodulejsijni.so not found on /data/app/~~cRuVz8N8lCDfkf4B9V9aBg==/com.expensify.chat-3TAavFNh5eQK3YVgTQYmQg==/lib/arm64
02-19 03:27:22.357 4984 5148 V SoLoader: libturbomodulejsijni.so not found on /data/app/~~cRuVz8N8lCDfkf4B9V9aBg==/com.expensify.chat-3TAavFNh5eQK3YVgTQYmQg==/split_config.arm64_v8a.apk!/lib/arm64-v8a
02-19 03:27:22.357 4984 5148 V SoLoader: libturbomodulejsijni.so not found on /data/app/~~cRuVz8N8lCDfkf4B9V9aBg==/com.expensify.chat-3TAavFNh5eQK3YVgTQYmQg==/base.apk!/lib/arm64-v8a
02-19 03:27:22.357 4984 5148 V SoLoader: libturbomodulejsijni.so not found on /data/app/~~cRuVz8N8lCDfkf4B9V9aBg==/com.expensify.chat-3TAavFNh5eQK3YVgTQYmQg==/split_config.es.apk!/lib/arm64-v8a
02-19 03:27:22.357 4984 5148 V SoLoader: libturbomodulejsijni.so not found on /data/app/~~cRuVz8N8lCDfkf4B9V9aBg==/com.expensify.chat-3TAavFNh5eQK3YVgTQYmQg==/split_config.xxhdpi.apk!/lib/arm64-v8a
02-19 03:27:22.357 4984 5148 V SoLoader: libturbomodulejsijni.so not found on /data/app/~~cRuVz8N8lCDfkf4B9V9aBg==/com.expensify.chat-3TAavFNh5eQK3YVgTQYmQg==/split_config.xxhdpi.apk!/lib/arm64-v8a
02-19 03:27:22.357 4984 5148 V SoLoader: libturbomodulejsijni.so not found on /data/app/~~cRuVz8N8lCDfkf4B9V9aBg==/com.expensify.chat-3TAavFNh5eQK3YVgTQYmQg==/split_config.es.apk!/lib/arm64-v8a
02-19 03:27:22.362 4984 5148 D nativeloader: Load /data/app/~~cRuVz8N8lCDfkf4B9V9aBg==/com.expensify.chat-3TAavFNh5eQK3YVgTQYmQg==/split_config.arm64_v8a.apk!/lib/arm64-v8a/libturbomodulejsijni.so using ns clns-5 from class loader (caller=base.apk): ok
02-19 03:27:22.362 4984 5148 D SoLoader: libturbomodulejsijni.so found on /data/app/~~cRuVz8N8lCDfkf4B9V9aBg==/com.expensify.chat-3TAavFNh5eQK3YVgTQYmQg==/split_config.arm64_v8a.apk!/lib/arm64-v8a
02-19 03:27:22.370 4984 5148 V SoLoader: libfabricjni.so not found on /data/app/~~cRuVz8N8lCDfkf4B9V9aBg==/com.expensify.chat-3TAavFNh5eQK3YVgTQYmQg==/lib/arm64
02-19 03:27:22.371 4984 5148 V SoLoader: libfabricjni.so not found on /data/app/~~cRuVz8N8lCDfkf4B9V9aBg==/com.expensify.chat-3TAavFNh5eQK3YVgTQYmQg==/split_config.arm64_v8a.apk!/lib/arm64-v8a
02-19 03:27:22.371 4984 5148 V SoLoader: libfabricjni.so not found on /data/app/~~cRuVz8N8lCDfkf4B9V9aBg==/com.expensify.chat-3TAavFNh5eQK3YVgTQYmQg==/base.apk!/lib/arm64-v8a
02-19 03:27:22.371 4984 5148 V SoLoader: libfabricjni.so not found on /data/app/~~cRuVz8N8lCDfkf4B9V9aBg==/com.expensify.chat-3TAavFNh5eQK3YVgTQYmQg==/split_config.es.apk!/lib/arm64-v8a
02-19 03:27:22.371 4984 5148 V SoLoader: libfabricjni.so not found on /data/app/~~cRuVz8N8lCDfkf4B9V9aBg==/com.expensify.chat-3TAavFNh5eQK3YVgTQYmQg==/split_config.xxhdpi.apk!/lib/arm64-v8a
02-19 03:27:22.371 4984 5148 V SoLoader: libfabricjni.so not found on /data/app/~~cRuVz8N8lCDfkf4B9V9aBg==/com.expensify.chat-3TAavFNh5eQK3YVgTQYmQg==/split_config.xxhdpi.apk!/lib/arm64-v8a
02-19 03:27:22.371 4984 5148 V SoLoader: libfabricjni.so not found on /data/app/~~cRuVz8N8lCDfkf4B9V9aBg==/com.expensify.chat-3TAavFNh5eQK3YVgTQYmQg==/split_config.es.apk!/lib/arm64-v8a
02-19 03:27:22.378 4984 5148 D nativeloader: Load /data/app/~~cRuVz8N8lCDfkf4B9V9aBg==/com.expensify.chat-3TAavFNh5eQK3YVgTQYmQg==/split_config.arm64_v8a.apk!/lib/arm64-v8a/libfabricjni.so using ns clns-5 from class loader (caller=base.apk): ok
02-19 03:27:22.379 4984 5148 D SoLoader: libfabricjni.so found on /data/app/~~cRuVz8N8lCDfkf4B9V9aBg==/com.expensify.chat-3TAavFNh5eQK3YVgTQYmQg==/split_config.arm64_v8a.apk!/lib/arm64-v8a
02-19 03:27:22.382 4984 5148 V SoLoader: libexpo-modules-core.so not found on /data/app/~~cRuVz8N8lCDfkf4B9V9aBg==/com.expensify.chat-3TAavFNh5eQK3YVgTQYmQg==/lib/arm64
02-19 03:27:22.382 4984 5148 V SoLoader: libexpo-modules-core.so not found on /data/app/~~cRuVz8N8lCDfkf4B9V9aBg==/com.expensify.chat-3TAavFNh5eQK3YVgTQYmQg==/split_config.arm64_v8a.apk!/lib/arm64-v8a
02-19 03:27:22.382 4984 5148 V SoLoader: libexpo-modules-core.so not found on /data/app/~~cRuVz8N8lCDfkf4B9V9aBg==/com.expensify.chat-3TAavFNh5eQK3YVgTQYmQg==/base.apk!/lib/arm64-v8a
02-19 03:27:22.382 4984 5148 V SoLoader: libexpo-modules-core.so not found on /data/app/~~cRuVz8N8lCDfkf4B9V9aBg==/com.expensify.chat-3TAavFNh5eQK3YVgTQYmQg==/split_config.es.apk!/lib/arm64-v8a
02-19 03:27:22.382 4984 5148 V SoLoader: libexpo-modules-core.so not found on /data/app/~~cRuVz8N8lCDfkf4B9V9aBg==/com.expensify.chat-3TAavFNh5eQK3YVgTQYmQg==/split_config.xxhdpi.apk!/lib/arm64-v8a
02-19 03:27:22.382 4984 5148 V SoLoader: libexpo-modules-core.so not found on /data/app/~~cRuVz8N8lCDfkf4B9V9aBg==/com.expensify.chat-3TAavFNh5eQK3YVgTQYmQg==/split_config.xxhdpi.apk!/lib/arm64-v8a
02-19 03:27:22.382 4984 5148 V SoLoader: libexpo-modules-core.so not found on /data/app/~~cRuVz8N8lCDfkf4B9V9aBg==/com.expensify.chat-3TAavFNh5eQK3YVgTQYmQg==/split_config.es.apk!/lib/arm64-v8a
02-19 03:27:22.388 29012 30671 D RNFBCrashlyticsInit: isCrashlyticsCollectionEnabled via RNFBMeta: true
02-19 03:27:22.388 29012 30671 D RNFBCrashlyticsInit: isCrashlyticsCollectionEnabled final value: true
02-19 03:27:22.391 29012 29012 D ViewRootImpl[ExpensifyActivityBase]: update {(0,0)(fillxfill) sim={adjust=nothing} ty=BASE_APPLICATION wanim=0x10302fe
02-19 03:27:22.391 29012 29012 D ViewRootImpl[ExpensifyActivityBase]: fl=LAYOUT_IN_SCREEN LAYOUT_INSET_DECOR SPLIT_TOUCH HARDWARE_ACCELERATED DRAWS_SYSTEM_BAR_BACKGROUNDS
02-19 03:27:22.391 29012 29012 D ViewRootImpl[ExpensifyActivityBase]: pfl=NO_MOVE_ANIMATION FORCE_DRAW_STATUS_BAR_BACKGROUND FIT_INSETS_CONTROLLED
02-19 03:27:22.391 29012 29012 D ViewRootImpl[ExpensifyActivityBase]: bhv=DEFAULT
02-19 03:27:22.391 29012 29012 D ViewRootImpl[ExpensifyActivityBase]: fitSides=} by setLayoutParams
02-19 03:27:22.394 4984 5148 D nativeloader: Load /data/app/~~cRuVz8N8lCDfkf4B9V9aBg==/com.expensify.chat-3TAavFNh5eQK3YVgTQYmQg==/split_config.arm64_v8a.apk!/lib/arm64-v8a/libexpo-modules-core.so using ns clns-5 from class loader (caller=base.apk): ok
02-19 03:27:22.396 4984 5148 D SoLoader: libexpo-modules-core.so found on /data/app/~~cRuVz8N8lCDfkf4B9V9aBg==/com.expensify.chat-3TAavFNh5eQK3YVgTQYmQg==/split_config.arm64_v8a.apk!/lib/arm64-v8a
02-19 03:27:22.398 4984 5148 D nativeloader: Load /data/app/~~cRuVz8N8lCDfkf4B9V9aBg==/com.expensify.chat-3TAavFNh5eQK3YVgTQYmQg==/split_config.arm64_v8a.apk!/lib/arm64-v8a/libreact_codegen_rnscreens.so using ns clns-5 from class loader (caller=base.apk): ok
02-19 03:27:22.401 4984 5148 V SoLoader: libmapbufferjni.so not found on /data/app/~~cRuVz8N8lCDfkf4B9V9aBg==/com.expensify.chat-3TAavFNh5eQK3YVgTQYmQg==/lib/arm64
02-19 03:27:22.401 4984 5148 V SoLoader: libmapbufferjni.so not found on /data/app/~~cRuVz8N8lCDfkf4B9V9aBg==/com.expensify.chat-3TAavFNh5eQK3YVgTQYmQg==/split_config.arm64_v8a.apk!/lib/arm64-v8a
02-19 03:27:22.401 4984 5148 V SoLoader: libmapbufferjni.so not found on /data/app/~~cRuVz8N8lCDfkf4B9V9aBg==/com.expensify.chat-3TAavFNh5eQK3YVgTQYmQg==/base.apk!/lib/arm64-v8a
02-19 03:27:22.401 4984 5148 V SoLoader: libmapbufferjni.so not found on /data/app/~~cRuVz8N8lCDfkf4B9V9aBg==/com.expensify.chat-3TAavFNh5eQK3YVgTQYmQg==/split_config.es.apk!/lib/arm64-v8a
02-19 03:27:22.401 4984 5148 V SoLoader: libmapbufferjni.so not found on /data/app/~~cRuVz8N8lCDfkf4B9V9aBg==/com.expensify.chat-3TAavFNh5eQK3YVgTQYmQg==/split_config.xxhdpi.apk!/lib/arm64-v8a
02-19 03:27:22.401 4984 5148 V SoLoader: libmapbufferjni.so not found on /data/app/~~cRuVz8N8lCDfkf4B9V9aBg==/com.expensify.chat-3TAavFNh5eQK3YVgTQYmQg==/split_config.xxhdpi.apk!/lib/arm64-v8a
02-19 03:27:22.401 4984 5148 V SoLoader: libmapbufferjni.so not found on /data/app/~~cRuVz8N8lCDfkf4B9V9aBg==/com.expensify.chat-3TAavFNh5eQK3YVgTQYmQg==/split_config.es.apk!/lib/arm64-v8a
02-19 03:27:22.405 4984 5148 D nativeloader: Load /data/app/~~cRuVz8N8lCDfkf4B9V9aBg==/com.expensify.chat-3TAavFNh5eQK3YVgTQYmQg==/split_config.arm64_v8a.apk!/lib/arm64-v8a/libmapbufferjni.so using ns clns-5 from class loader (caller=base.apk): ok
02-19 03:27:22.405 4984 5148 D SoLoader: libmapbufferjni.so found on /data/app/~~cRuVz8N8lCDfkf4B9V9aBg==/com.expensify.chat-3TAavFNh5eQK3YVgTQYmQg==/split_config.arm64_v8a.apk!/lib/arm64-v8a
02-19 03:27:22.408 2167 2379 I Bugle : BroadcastReceiverAsyncWorkTracker: Acknowledging broadcast of ckgz@d87a70c
02-19 03:27:22.414 1703 1722 D CompanionDeviceManagerService: onPackageModified(packageName = com.expensify.chat)
02-19 03:27:22.414 1703 1821 I InputReader: Reconfiguring input devices, changes=KEYBOARD_LAYOUTS |
02-19 03:27:22.416 4984 5148 E ReactNativeJNI: Component property map contains multiple entries for 'borderColor'. Ensure all calls to convertRawProp use a consistent prefix, name and suffix.
02-19 03:27:22.416 4984 5148 E ReactNativeJNI: Component property map contains multiple entries for 'borderStyle'. Ensure all calls to convertRawProp use a consistent prefix, name and suffix.
02-19 03:27:22.416 4984 5148 E ReactNativeJNI: Component property map contains multiple entries for 'borderRadius'. Ensure all calls to convertRawProp use a consistent prefix, name and suffix.
02-19 03:27:22.416 4984 5148 E ReactNativeJNI: Component property map contains multiple entries for 'borderEndColor'. Ensure all calls to convertRawProp use a consistent prefix, name and suffix.
02-19 03:27:22.416 4984 5148 E ReactNativeJNI: Component property map contains multiple entries for 'borderTopColor'. Ensure all calls to convertRawProp use a consistent prefix, name and suffix.
02-19 03:27:22.416 4984 5148 E ReactNativeJNI: Component property map contains multiple entries for 'borderLeftColor'. Ensure all calls to convertRawProp use a consistent prefix, name and suffix.
02-19 03:27:22.416 4984 5148 E ReactNativeJNI: Component property map contains multiple entries for 'borderBlockColor'. Ensure all calls to convertRawProp use a consistent prefix, name and suffix.
02-19 03:27:22.416 4984 5148 E ReactNativeJNI: Component property map contains multiple entries for 'borderRightColor'. Ensure all calls to convertRawProp use a consistent prefix, name and suffix.
02-19 03:27:22.417 4984 5148 E ReactNativeJNI: Component property map contains multiple entries for 'borderStartColor'. Ensure all calls to convertRawProp use a consistent prefix, name and suffix.
02-19 03:27:22.417 4984 5148 E ReactNativeJNI: Component property map contains multiple entries for 'borderBottomColor'. Ensure all calls to convertRawProp use a consistent prefix, name and suffix.
02-19 03:27:22.417 4984 5148 E ReactNativeJNI: Component property map contains multiple entries for 'borderEndEndRadius'. Ensure all calls to convertRawProp use a consistent prefix, name and suffix.
02-19 03:27:22.417 4984 5148 E ReactNativeJNI: Component property map contains multiple entries for 'borderTopEndRadius'. Ensure all calls to convertRawProp use a consistent prefix, name and suffix.
02-19 03:27:22.417 4984 5148 E ReactNativeJNI: Component property map contains multiple entries for 'borderBlockEndColor'. Ensure all calls to convertRawProp use a consistent prefix, name and suffix.
02-19 03:27:22.417 4984 5148 E ReactNativeJNI: Component property map contains multiple entries for 'borderTopLeftRadius'. Ensure all calls to convertRawProp use a consistent prefix, name and suffix.
02-19 03:27:22.417 4984 5148 E ReactNativeJNI: Component property map contains multiple entries for 'borderEndStartRadius'. Ensure all calls to convertRawProp use a consistent prefix, name and suffix.
02-19 03:27:22.417 4984 5148 E ReactNativeJNI: Component property map contains multiple entries for 'borderStartEndRadius'. Ensure all calls to convertRawProp use a consistent prefix, name and suffix.
02-19 03:27:22.417 4984 5148 E ReactNativeJNI: Component property map contains multiple entries for 'borderTopRightRadius'. Ensure all calls to convertRawProp use a consistent prefix, name and suffix.
02-19 03:27:22.417 4984 5148 E ReactNativeJNI: Component property map contains multiple entries for 'borderTopStartRadius'. Ensure all calls to convertRawProp use a consistent prefix, name and suffix.
02-19 03:27:22.417 4984 5148 E ReactNativeJNI: Component property map contains multiple entries for 'borderBlockStartColor'. Ensure all calls to convertRawProp use a consistent prefix, name and suffix.
02-19 03:27:22.417 4984 5148 E ReactNativeJNI: Component property map contains multiple entries for 'borderBottomEndRadius'. Ensure all calls to convertRawProp use a consistent prefix, name and suffix.
02-19 03:27:22.417 4984 5148 E ReactNativeJNI: Component property map contains multiple entries for 'borderBottomLeftRadius'. Ensure all calls to convertRawProp use a consistent prefix, name and suffix.
02-19 03:27:22.417 4984 5148 E ReactNativeJNI: Component property map contains multiple entries for 'borderStartStartRadius'. Ensure all calls to convertRawProp use a consistent prefix, name and suffix.
02-19 03:27:22.417 4984 5148 E ReactNativeJNI: Component property map contains multiple entries for 'borderBottomRightRadius'. Ensure all calls to convertRawProp use a consistent prefix, name and suffix.
02-19 03:27:22.417 4984 5148 E ReactNativeJNI: Component property map contains multiple entries for 'borderBottomStartRadius'. Ensure all calls to convertRawProp use a consistent prefix, name and suffix.
02-19 03:27:22.420 1703 1813 I RoleService: Granting default roles...
02-19 03:27:22.422 1703 1726 W Choreographer: Frame time is 0.179644 ms in the future! Check that graphics HAL is generating vsync timestamps using the correct timebase.
02-19 03:27:22.428 1703 1703 I Telecom : DefaultDialerCache: Refreshing default dialer for user 0: now com.google.android.dialer: DDC.oR@HKc
02-19 03:27:22.437 3450 3450 E AidRoutingManager: Size of routing table774
02-19 03:27:22.437 3450 3450 I NfcService: Add T4T Nfcee AID
02-19 03:27:22.437 3450 3450 D RegisteredNfcFServicesCache: Service unchanged, not updating
02-19 03:27:22.438 2305 2319 I SecureElement-Terminal-SIM1: isNfcEventAllowed: No access rules for checking.
02-19 03:27:22.438 1703 1726 W Choreographer: Frame time is 0.239711 ms in the future! Check that graphics HAL is generating vsync timestamps using the correct timebase.
02-19 03:27:22.442 25232 25250 I PermissionControllerServiceImpl: Updating user sensitive for uid 10852
02-19 03:27:22.444 996 1045 I libPerfCtl: xgfGetFPS pid:2117 fps:-1
02-19 03:27:22.444 996 1045 I libPerfCtl: xgfGetFPS pid:29012 fps:58
02-19 03:27:22.452 1703 1703 W NotificationHistory: Attempted to add notif for locked/gone/disabled user 0
02-19 03:27:22.455 4984 5148 E ReactNativeJNI: Component property map contains multiple entries for 'borderColor'. Ensure all calls to convertRawProp use a consistent prefix, name and suffix.
02-19 03:27:22.455 4984 5148 E ReactNativeJNI: Component property map contains multiple entries for 'borderStyle'. Ensure all calls to convertRawProp use a consistent prefix, name and suffix.
02-19 03:27:22.466 953 1238 I hwcomposer: [HWC] (0)fire a callback of refresh to SF[4]
02-19 03:27:22.467 2342 2342 D CarrierSvcBindHelper: No carrier app for: 0
02-19 03:27:22.481 2117 2117 D InterruptionStateProvider: No bubble up: not allowed to bubble: 0|com.expensify.chat|1038|null|10852
02-19 03:27:22.482 953 1235 I hwcomposer: [HWCDisplay] setColorTransformForJob ccorr_state=0->1 hint=0 force_disable_color=1 identity=1
02-19 03:27:22.482 953 1239 I hwcomposer: [DEV] [DEV] (Send identity matrix)
02-19 03:27:22.486 2117 2117 W NotifBindPipeline: Row is not set so pipeline will not run. notif = 0|com.expensify.chat|1038|null|10852
02-19 03:27:22.492 2342 2342 D ImsResolver: maybeAddedImsService, packageName: com.expensify.chat
02-19 03:27:22.493 2117 2221 D PeopleSpaceWidgetMgr: No app widget ids returned
02-19 03:27:22.550 2117 2117 D ViewRootImpl[NotificationShade]: update {(0,0)(fillxfill) gr=TOP CENTER_VERTICAL sim={adjust=resize} layoutInDisplayCutoutMode=always ty=2040 fmt=TRANSLUCENT
02-19 03:27:22.550 2117 2117 D ViewRootImpl[NotificationShade]: fl=NOT_FOCUSABLE NOT_TOUCH_MODAL TOUCHABLE_WHEN_WAKING WATCH_OUTSIDE_TOUCH SPLIT_TOUCH HARDWARE_ACCELERATED DRAWS_SYSTEM_BAR_BACKGROUNDS
02-19 03:27:22.550 2117 2117 D ViewRootImpl[NotificationShade]: pfl=BEHAVIOR_CONTROLLED FIT_INSETS_CONTROLLED
02-19 03:27:22.550 2117 2117 D ViewRootImpl[NotificationShade]: bhv=SHOW_TRANSIENT_BARS_BY_SWIPE} by setLayoutParams
02-19 03:27:22.552 2117 2117 D ViewRootImpl[StatusBar]: update {(0,0)(fillx115) gr=TOP CENTER_VERTICAL layoutInDisplayCutoutMode=always ty=STATUS_BAR fmt=TRANSLUCENT
02-19 03:27:22.552 2117 2117 D ViewRootImpl[StatusBar]: fl=NOT_FOCUSABLE SPLIT_TOUCH HARDWARE_ACCELERATED DRAWS_SYSTEM_BAR_BACKGROUNDS
02-19 03:27:22.552 2117 2117 D ViewRootImpl[StatusBar]: pfl=FORCE_STATUS_BAR_VISIBLE COLOR_SPACE_AGNOSTIC FIT_INSETS_CONTROLLED
02-19 03:27:22.552 2117 2117 D ViewRootImpl[StatusBar]: bhv=DEFAULT} by setLayoutParams
02-19 03:27:22.553 2117 2117 D ViewRootImpl[NotificationShade]: update {(0,0)(fillxfill) gr=TOP CENTER_VERTICAL sim={adjust=resize} layoutInDisplayCutoutMode=always ty=2040 fmt=TRANSLUCENT
02-19 03:27:22.553 2117 2117 D ViewRootImpl[NotificationShade]: fl=NOT_FOCUSABLE NOT_TOUCH_MODAL TOUCHABLE_WHEN_WAKING WATCH_OUTSIDE_TOUCH SPLIT_TOUCH HARDWARE_ACCELERATED DRAWS_SYSTEM_BAR_BACKGROUNDS
02-19 03:27:22.553 2117 2117 D ViewRootImpl[NotificationShade]: pfl=COLOR_SPACE_AGNOSTIC BEHAVIOR_CONTROLLED FIT_INSETS_CONTROLLED
02-19 03:27:22.553 2117 2117 D ViewRootImpl[NotificationShade]: bhv=SHOW_TRANSIENT_BARS_BY_SWIPE} by setLayoutParams
02-19 03:27:22.553 2117 2117 W TouchableRegionManager: onHeadsUpPinnedModeChanged
02-19 03:27:22.554 2117 2117 D StatusBar: disable disable2
02-19 03:27:22.575 953 1235 I hwcomposer: [HWCDisplay] setColorTransformForJob ccorr_state=1->0 hint=1 force_disable_color=0 identity=0
02-19 03:27:22.575 953 1239 I hwcomposer: [DEV] 1024 0 0 0
02-19 03:27:22.575 953 1239 I hwcomposer: [DEV] 0 906 0 0
02-19 03:27:22.575 953 1239 I hwcomposer: [DEV] 0 0 797 0
02-19 03:27:22.575 953 1239 I hwcomposer: [DEV] 0 0 0 1024
02-19 03:27:22.575 953 1239 I hwcomposer: [DEV] [DEV] color transform: feature_flag=0
02-19 03:27:22.619 2117 2117 D ViewRootImpl[NotificationShade]: update {(0,0)(fillxfill) gr=TOP CENTER_VERTICAL sim={adjust=resize} layoutInDisplayCutoutMode=always ty=2040 fmt=TRANSLUCENT
02-19 03:27:22.619 2117 2117 D ViewRootImpl[NotificationShade]: fl=NOT_FOCUSABLE NOT_TOUCH_MODAL TOUCHABLE_WHEN_WAKING WATCH_OUTSIDE_TOUCH SPLIT_TOUCH HARDWARE_ACCELERATED DRAWS_SYSTEM_BAR_BACKGROUNDS
02-19 03:27:22.619 2117 2117 D ViewRootImpl[NotificationShade]: pfl=BEHAVIOR_CONTROLLED FIT_INSETS_CONTROLLED
02-19 03:27:22.619 2117 2117 D ViewRootImpl[NotificationShade]: bhv=SHOW_TRANSIENT_BARS_BY_SWIPE} by setLayoutParams
02-19 03:27:22.632 1030 1116 E BufferQueueDebug: [NotificationShade#0](this:0xb400007e124ed8d8,id:-1,api:0,p:-1,c:-1) id info cannot be read from 'NotificationShade#0'
02-19 03:27:22.632 1030 1116 I BufferQueueDebug: [NotificationShade#0](this:0xb400007e124ed8d8,id:-1,api:0,p:-1,c:-1) BufferQueue core=(1030:/system/bin/surfaceflinger)
02-19 03:27:22.633 1703 3481 I WindowManager: SURFACE create Surface(name=NotificationShade)/@0x16a605c on display:0
02-19 03:27:22.636 2117 2117 I BufferQueueConsumer: [](id:84500000c92,api:0,p:-1,c:2117) connect: controlledByApp=false
02-19 03:27:22.636 2117 2117 I BLASTBufferQueue: [ViewRootImpl[NotificationShade]#3218] constructor()
02-19 03:27:22.638 1703 1726 W Choreographer: Frame time is 0.265572 ms in the future! Check that graphics HAL is generating vsync timestamps using the correct timebase.
02-19 03:27:22.655 1703 1726 W Choreographer: Frame time is 0.151666 ms in the future! Check that graphics HAL is generating vsync timestamps using the correct timebase.
02-19 03:27:22.658 1703 1726 I WindowManager: SURFACE SHOW Surface(name=NotificationShade)/@0x16a605c on display:0
02-19 03:27:22.718 4984 5162 I CameraDevices: Initializing ProcessCameraProvider...
02-19 03:27:22.719 4984 5154 I CameraDevices: Camera #0 is now available.
02-19 03:27:22.720 4984 5154 I CameraDevices: Camera #1 is now available.
