--------- beginning of main
02-19 03:26:59.628 996 1045 I libPerfCtl: xgfGetFPS pid:2117 fps:-1
02-19 03:26:59.628 996 1045 I libPerfCtl: xgfGetFPS pid:4839 fps:-1
02-19 03:26:59.628 996 1045 I libPerfCtl: xgfGetFPS pid:29012 fps:57
02-19 03:27:00.073 953 1235 I hwcomposer: [HWCDisplay] setColorTransformForJob ccorr_state=1->0 hint=1 force_disable_color=0 identity=0
02-19 03:27:00.073 953 1235 I hwcomposer: [HWCDisplay] [Display_0 (type:1)] fps:16.390892,dur:1403.22,max:965.87,min:16.35
02-19 03:27:00.075 953 1239 I hwcomposer: [DEV] 1024 0 0 0
02-19 03:27:00.075 953 1239 I hwcomposer: [DEV] 0 906 0 0
02-19 03:27:00.075 953 1239 I hwcomposer: [DEV] 0 0 797 0
02-19 03:27:00.075 953 1239 I hwcomposer: [DEV] 0 0 0 1024
02-19 03:27:00.075 953 1239 I hwcomposer: [DEV] [DEV] color transform: feature_flag=0
02-19 03:27:00.136 953 1238 I hwcomposer: [HWC] (0)fire a callback of refresh to SF[4]
02-19 03:27:00.165 953 1235 I hwcomposer: [HWCDisplay] setColorTransformForJob ccorr_state=0->1 hint=0 force_disable_color=1 identity=1
02-19 03:27:00.166 953 1239 I hwcomposer: [DEV] [DEV] (Send identity matrix)
02-19 03:27:00.431 1299 1379 E AAL : [ERROR] Kernel does not support AAL, please enable CONFIG_MTK_AAL_SUPPORT in kconfig.
02-19 03:27:00.449 1043 1068 D ccci_mdinit: (1):monitor_time_update_thread round:4628 ########
02-19 03:27:00.628 996 1045 I libPerfCtl: xgfGetFPS pid:2117 fps:-1
02-19 03:27:00.628 996 1045 I libPerfCtl: xgfGetFPS pid:4839 fps:-1
02-19 03:27:00.628 996 1045 I libPerfCtl: xgfGetFPS pid:29012 fps:-1
02-19 03:27:01.629 996 1045 I libPerfCtl: xgfGetFPS pid:2117 fps:-1
02-19 03:27:01.629 996 1045 I libPerfCtl: xgfGetFPS pid:29012 fps:-1
02-19 03:27:01.707 18692 18692 I WifiHAL : Get link layer stats
02-19 03:27:01.707 18692 18692 I WifiHAL : GetLinkStatsCommand::create
02-19 03:27:01.707 18692 18692 D android.hardware.wifi@1.0-service-lazy: WifiRequest::create vendor command to iface 32, vendor_id=0x1a11, subcmd=0x1200, res=0
02-19 03:27:01.707 18692 18692 I android.hardware.wifi@1.0-service-lazy: WifiCommand::requestResponse err=-14
02-19 03:27:01.707 18692 18692 I WifiHAL : wifi_get_link_stats: result=-1
02-19 03:27:01.708 1703 1883 E WifiVendorHal: getWifiLinkLayerStats_1_5_Internal(l.1191) failed {.code = ERROR_UNKNOWN, .description = unknown} --------- beginning of system
02-19 03:27:02.292 1703 3481 I ActivityManager: Killing 1886:com.facebook.orca:fdidsync/u0a325 (adj 995, setSvc -10000): empty #21
02-19 03:27:02.330 1703 3481 I ActivityManager: appDiedLocked: app=ProcessRecord{ffa0255 1886:com.facebook.orca:fdidsync/u0a325} thread=android.os.BinderProxy@1c6ab80 fromBinderDied=true isKilledByAm=true reason=null
02-19 03:27:02.331 912 912 I Zygote : Process 1886 exited due to signal 9 (Killed)
02-19 03:27:02.340 1703 1735 I libprocessgroup: Successfully killed process cgroup uid 10325 pid 1886 in 45ms
02-19 03:27:02.629 996 1045 I libPerfCtl: xgfGetFPS pid:2117 fps:-1
02-19 03:27:02.629 996 1045 I libPerfCtl: xgfGetFPS pid:29012 fps:-1
02-19 03:27:02.740 953 1235 I hwcomposer: [HWCDisplay] setColorTransformForJob ccorr_state=1->0 hint=1 force_disable_color=0 identity=0
02-19 03:27:02.740 953 1235 I hwcomposer: [HWCDisplay] [Display_0 (type:1)] fps:0.750053,dur:2666.48,max:2575.03,min:91.45
02-19 03:27:02.741 953 1239 I hwcomposer: [DEV] 1024 0 0 0
02-19 03:27:02.741 953 1239 I hwcomposer: [DEV] 0 906 0 0
02-19 03:27:02.741 953 1239 I hwcomposer: [DEV] 0 0 797 0
02-19 03:27:02.741 953 1239 I hwcomposer: [DEV] 0 0 0 1024
02-19 03:27:02.741 953 1239 I hwcomposer: [DEV] [DEV] color transform: feature_flag=0
02-19 03:27:03.629 996 1045 I libPerfCtl: xgfGetFPS pid:2117 fps:-1
02-19 03:27:03.629 996 1045 I libPerfCtl: xgfGetFPS pid:29012 fps:-1
02-19 03:27:03.813 953 1238 I hwcomposer: [HWC] (0)fire a callback of refresh to SF[4]
02-19 03:27:03.833 953 1235 I hwcomposer: [HWCDisplay] setColorTransformForJob ccorr_state=0->1 hint=0 force_disable_color=1 identity=1
02-19 03:27:03.833 953 1235 I hwcomposer: [HWCDisplay] [Display_0 (type:1)] fps:0.914565,dur:1093.42,max:1093.42,min:1093.42
02-19 03:27:03.834 953 1239 I hwcomposer: [DEV] [DEV] (Send identity matrix)
02-19 03:27:04.171 2117 2117 D InterruptionStateProvider: No bubble up: not allowed to bubble: -1|android|26|null|1000
02-19 03:27:04.172 2117 2117 D InterruptionStateProvider: No bubble up: not allowed to bubble: 0|com.google.android.gm|0|gig:1924894316:^sq_ig_i_personal|10259
02-19 03:27:04.172 2117 2117 D InterruptionStateProvider: No alerting: suppressed due to group alert behavior
02-19 03:27:04.172 2117 2117 D InterruptionStateProvider: No bubble up: not allowed to bubble: -1|android|28|null|1000
02-19 03:27:04.172 2117 2117 D InterruptionStateProvider: No alerting: suppressed due to group alert behavior
02-19 03:27:04.172 2117 2117 D InterruptionStateProvider: No bubble up: not allowed to bubble: 0|com.google.android.googlequicksearchbox|0|1245193047::a:snotification:[0x394,wx.f,NOTIFICATION]|10224
02-19 03:27:04.193 2117 2117 D InterruptionStateProvider: No bubble up: not allowed to bubble: -1|android|26|null|1000
02-19 03:27:04.193 2117 2117 D InterruptionStateProvider: No bubble up: not allowed to bubble: 0|com.google.android.gm|0|gig:1924894316:^sq_ig_i_personal|10259
02-19 03:27:04.194 2117 2117 D InterruptionStateProvider: No alerting: suppressed due to group alert behavior
02-19 03:27:04.194 2117 2117 D InterruptionStateProvider: No bubble up: not allowed to bubble: -1|android|28|null|1000
02-19 03:27:04.194 2117 2117 D InterruptionStateProvider: No alerting: suppressed due to group alert behavior
02-19 03:27:04.194 2117 2117 D InterruptionStateProvider: No bubble up: not allowed to bubble: 0|com.google.android.googlequicksearchbox|0|1245193047::a:snotification:[0x394,wx.f,NOTIFICATION]|10224
02-19 03:27:04.223 953 1235 I hwcomposer: [HWCDisplay] setColorTransformForJob ccorr_state=1->0 hint=1 force_disable_color=0 identity=0
02-19 03:27:04.224 953 1239 I hwcomposer: [DEV] 1024 0 0 0
02-19 03:27:04.224 953 1239 I hwcomposer: [DEV] 0 906 0 0
02-19 03:27:04.224 953 1239 I hwcomposer: [DEV] 0 0 797 0
02-19 03:27:04.224 953 1239 I hwcomposer: [DEV] 0 0 0 1024
02-19 03:27:04.224 953 1239 I hwcomposer: [DEV] [DEV] color transform: feature_flag=0
02-19 03:27:04.296 953 1238 I hwcomposer: [HWC] (0)fire a callback of refresh to SF[4]
02-19 03:27:04.311 953 1235 I hwcomposer: [HWCDisplay] setColorTransformForJob ccorr_state=0->1 hint=0 force_disable_color=1 identity=1
02-19 03:27:04.311 953 1239 I hwcomposer: [DEV] [DEV] (Send identity matrix)
02-19 03:27:04.630 996 1045 I libPerfCtl: xgfGetFPS pid:2117 fps:-1
02-19 03:27:04.630 996 1045 I libPerfCtl: xgfGetFPS pid:29012 fps:-1
02-19 03:27:04.729 18692 18692 I WifiHAL : Get link layer stats
02-19 03:27:04.729 18692 18692 I WifiHAL : GetLinkStatsCommand::create
02-19 03:27:04.729 18692 18692 D android.hardware.wifi@1.0-service-lazy: WifiRequest::create vendor command to iface 32, vendor_id=0x1a11, subcmd=0x1200, res=0
02-19 03:27:04.730 18692 18692 I android.hardware.wifi@1.0-service-lazy: WifiCommand::requestResponse err=-14
02-19 03:27:04.730 18692 18692 I WifiHAL : wifi_get_link_stats: result=-1
02-19 03:27:04.731 1703 1883 E WifiVendorHal: getWifiLinkLayerStats_1_5_Internal(l.1191) failed {.code = ERROR_UNKNOWN, .description = unknown}
02-19 03:27:05.432 1299 1379 E AAL : [ERROR] Kernel does not support AAL, please enable CONFIG_MTK_AAL_SUPPORT in kconfig.
02-19 03:27:05.630 996 1045 I libPerfCtl: xgfGetFPS pid:2117 fps:-1
02-19 03:27:05.630 996 1045 I libPerfCtl: xgfGetFPS pid:29012 fps:-1
02-19 03:27:06.360 1293 1293 I thermal_repeater: [recvMdThermalInfo] ret=27, strLen=127, 3, 35, -50, 0, 32767, 9457
02-19 03:27:06.630 996 1045 I libPerfCtl: xgfGetFPS pid:2117 fps:-1
02-19 03:27:06.630 996 1045 I libPerfCtl: xgfGetFPS pid:29012 fps:-1
02-19 03:27:07.236 996 1013 D power@timer: [mtkPowerTimer] visRead:0
02-19 03:27:07.631 996 1045 I libPerfCtl: xgfGetFPS pid:2117 fps:-1
02-19 03:27:07.631 996 1045 I libPerfCtl: xgfGetFPS pid:29012 fps:-1
02-19 03:27:07.750 18692 18692 I WifiHAL : Get link layer stats
02-19 03:27:07.750 18692 18692 I WifiHAL : GetLinkStatsCommand::create
02-19 03:27:07.750 18692 18692 D android.hardware.wifi@1.0-service-lazy: WifiRequest::create vendor command to iface 32, vendor_id=0x1a11, subcmd=0x1200, res=0
02-19 03:27:07.750 18692 18692 I android.hardware.wifi@1.0-service-lazy: WifiCommand::requestResponse err=-14
02-19 03:27:07.750 18692 18692 I WifiHAL : wifi_get_link_stats: result=-1
02-19 03:27:07.751 1703 1883 E WifiVendorHal: getWifiLinkLayerStats_1_5_Internal(l.1191) failed {.code = ERROR_UNKNOWN, .description = unknown}
02-19 03:27:08.253 5708 5846 W LibevQuicAsyncUDPSocket.h: setReuseAddr not implemented in LibevQuicAsyncUDPSocket
02-19 03:27:08.253 5708 5846 W LibevQuicAsyncUDPSocket.h: setTosOrTrafficClass not implemented in LibevQuicAsyncUDPSocket
02-19 03:27:08.262 381 381 D BoundBrokerSvc: onUnbind: Intent { act=com.google.android.gms.measurement.START pkg=com.google.android.gms }
02-19 03:27:08.266 1703 3969 I ActivityManager: Killing 31717:com.facebook.appmanager/u0a231 (adj 995, setSvc -10000): empty #21
02-19 03:27:08.298 1703 3969 I ActivityManager: appDiedLocked: app=ProcessRecord{f049ccd 31717:com.facebook.appmanager/u0a231} thread=android.os.BinderProxy@ed835b9 fromBinderDied=true isKilledByAm=true reason=null
02-19 03:27:08.299 912 912 I Zygote : Process 31717 exited due to signal 9 (Killed)
02-19 03:27:08.319 1703 1735 I libprocessgroup: Successfully killed process cgroup uid 10231 pid 31717 in 52ms
02-19 03:27:08.631 996 1045 I libPerfCtl: xgfGetFPS pid:2117 fps:-1
02-19 03:27:08.631 996 1045 I libPerfCtl: xgfGetFPS pid:29012 fps:-1
02-19 03:27:09.631 996 1045 I libPerfCtl: xgfGetFPS pid:2117 fps:-1
02-19 03:27:10.432 1299 1379 E AAL : [ERROR] Kernel does not support AAL, please enable CONFIG_MTK_AAL_SUPPORT in kconfig.
02-19 03:27:10.631 996 1045 I libPerfCtl: xgfGetFPS pid:2117 fps:-1
02-19 03:27:10.778 18692 18692 I WifiHAL : Get link layer stats
02-19 03:27:10.778 18692 18692 I WifiHAL : GetLinkStatsCommand::create
02-19 03:27:10.778 18692 18692 D android.hardware.wifi@1.0-service-lazy: WifiRequest::create vendor command to iface 32, vendor_id=0x1a11, subcmd=0x1200, res=0
02-19 03:27:10.778 18692 18692 I android.hardware.wifi@1.0-service-lazy: WifiCommand::requestResponse err=-14
02-19 03:27:10.778 18692 18692 I WifiHAL : wifi_get_link_stats: result=-1
02-19 03:27:10.779 1703 1883 E WifiVendorHal: getWifiLinkLayerStats_1_5_Internal(l.1191) failed {.code = ERROR_UNKNOWN, .description = unknown}
02-19 03:27:11.632 996 1045 I libPerfCtl: xgfGetFPS pid:2117 fps:-1
02-19 03:27:12.006 1703 1793 D BatteryService: uevent={POWER_SUPPLY_VOLTAGE_NOW=3941000, POWER_SUPPLY_CHARGE_RATE=Turbo, POWER_SUPPLY_CURRENT_AVG=648200, POWER_SUPPLY_CAPACITY_LEVEL=Normal, POWER_SUPPLY_HEALTH=Good, POWER_SUPPLY_CURRENT_NOW=883500, POWER_SUPPLY_PRESENT=1, POWER_SUPPLY_TECHNOLOGY=Li-poly, POWER_SUPPLY_CHARGE_FULL=5041000, POWER_SUPPLY_TIME_TO_FULL_NOW=12585, POWER_SUPPLY_CHARGE_FULL_DESIGN=5041000, SUBSYSTEM=power_supply, POWER_SUPPLY_TEMP=361, SEQNUM=116254, ACTION=change, POWER_SUPPLY_AGE=90, POWER_SUPPLY_NAME=battery, POWER_SUPPLY_STATUS=Charging, POWER_SUPPLY_CYCLE_COUNT=778, POWER_SUPPLY_CHARGE_COUNTER=1965990, POWER_SUPPLY_CAPACITY=39, DEVPATH=/devices/platform/battery/power_supply/battery}
02-19 03:27:12.007 1703 1793 D BatteryService: uevent={POWER_SUPPLY_VOLTAGE_NOW=3941000, POWER_SUPPLY_CHARGE_RATE=Turbo, POWER_SUPPLY_CURRENT_AVG=648200, POWER_SUPPLY_CAPACITY_LEVEL=Normal, POWER_SUPPLY_HEALTH=Good, POWER_SUPPLY_CURRENT_NOW=883500, POWER_SUPPLY_PRESENT=1, POWER_SUPPLY_TECHNOLOGY=Li-poly, POWER_SUPPLY_CHARGE_FULL=5041000, POWER_SUPPLY_TIME_TO_FULL_NOW=12585, POWER_SUPPLY_CHARGE_FULL_DESIGN=5041000, SUBSYSTEM=power_supply, POWER_SUPPLY_TEMP=361, SEQNUM=116254, ACTION=change, POWER_SUPPLY_AGE=90, POWER_SUPPLY_NAME=battery, POWER_SUPPLY_STATUS=Charging, POWER_SUPPLY_CYCLE_COUNT=778, POWER_SUPPLY_CHARGE_COUNTER=1965990, POWER_SUPPLY_CAPACITY=39, DEVPATH=/devices/platform/battery/power_supply/battery}
02-19 03:27:12.022 3708 4195 D CmdCenter: - RowBase2: sPrevModStatus: 1, modStatus: 1
02-19 03:27:12.025 3708 4195 D CmdCenter: - RowBase2: sPrevBatStatus: 2, status: 2
02-19 03:27:12.025 3708 4195 D CmdCenter: - RowBase2: sPrevChargeRate = 3, new = 3
02-19 03:27:12.025 3708 4195 D CmdCenter: - RowBase2: sPrevPlugType: 2 plugType: 2
02-19 03:27:12.632 996 1045 I libPerfCtl: xgfGetFPS pid:2117 fps:-1
02-19 03:27:13.632 996 1045 I libPerfCtl: xgfGetFPS pid:2117 fps:-1
02-19 03:27:13.797 18692 18692 I WifiHAL : Get link layer stats
02-19 03:27:13.798 18692 18692 I WifiHAL : GetLinkStatsCommand::create
02-19 03:27:13.798 18692 18692 D android.hardware.wifi@1.0-service-lazy: WifiRequest::create vendor command to iface 32, vendor_id=0x1a11, subcmd=0x1200, res=0
02-19 03:27:13.798 18692 18692 I android.hardware.wifi@1.0-service-lazy: WifiCommand::requestResponse err=-14
02-19 03:27:13.798 18692 18692 I WifiHAL : wifi_get_link_stats: result=-1
02-19 03:27:13.799 1703 1883 E WifiVendorHal: getWifiLinkLayerStats_1_5_Internal(l.1191) failed {.code = ERROR_UNKNOWN, .description = unknown}
02-19 03:27:15.432 1299 1379 E AAL : [ERROR] Kernel does not support AAL, please enable CONFIG_MTK_AAL_SUPPORT in kconfig.
02-19 03:27:15.464 953 1235 I hwcomposer: [HWCDisplay] setColorTransformForJob ccorr_state=1->0 hint=1 force_disable_color=0 identity=0
02-19 03:27:15.464 953 1235 I hwcomposer: [HWCDisplay] [Display_0 (type:1)] fps:0.343926,dur:11630.41,max:11153.09,min:12.97
02-19 03:27:15.464 953 1239 I hwcomposer: [DEV] 1024 0 0 0
02-19 03:27:15.464 953 1239 I hwcomposer: [DEV] 0 906 0 0
02-19 03:27:15.464 953 1239 I hwcomposer: [DEV] 0 0 797 0
02-19 03:27:15.464 953 1239 I hwcomposer: [DEV] 0 0 0 1024
02-19 03:27:15.464 953 1239 I hwcomposer: [DEV] [DEV] color transform: feature_flag=0
02-19 03:27:15.632 953 1238 I hwcomposer: [HWC] (0)fire a callback of refresh to SF[4]
02-19 03:27:15.650 953 1235 I hwcomposer: [HWCDisplay] setColorTransformForJob ccorr_state=0->1 hint=0 force_disable_color=1 identity=1
02-19 03:27:15.650 953 1239 I hwcomposer: [DEV] [DEV] (Send identity matrix)
02-19 03:27:15.711 29012 29012 W [RNScreens]: backTitleVisible prop is not available on Android
02-19 03:27:15.711 29012 29012 W [RNScreens]: largeTitleHideShadow prop is not available on Android
02-19 03:27:15.711 29012 29012 W [RNScreens]: disableBackButtonMenu prop is not available on Android
02-19 03:27:16.308 29012 29012 I Choreographer: Skipped 32 frames! The application may be doing too much work on its main thread.
02-19 03:27:16.361 953 1235 I hwcomposer: [HWCDisplay] setColorTransformForJob ccorr_state=1->0 hint=1 force_disable_color=0 identity=0
02-19 03:27:16.362 953 1239 I hwcomposer: [DEV] 1024 0 0 0
02-19 03:27:16.362 953 1239 I hwcomposer: [DEV] 0 906 0 0
02-19 03:27:16.362 953 1239 I hwcomposer: [DEV] 0 0 797 0
02-19 03:27:16.362 953 1239 I hwcomposer: [DEV] 0 0 0 1024
02-19 03:27:16.362 953 1239 I hwcomposer: [DEV] [DEV] color transform: feature_flag=0
02-19 03:27:16.370 1293 1293 I thermal_repeater: [recvMdThermalInfo] ret=27, strLen=127, 3, 34, -50, 0, 32767, 9457
02-19 03:27:16.377 29012 29012 D ViewRootImpl[ExpensifyActivityBase]: update {(0,0)(fillxfill) sim={adjust=nothing} ty=BASE_APPLICATION wanim=0x10302fe
02-19 03:27:16.377 29012 29012 D ViewRootImpl[ExpensifyActivityBase]: fl=LAYOUT_IN_SCREEN LAYOUT_INSET_DECOR SPLIT_TOUCH HARDWARE_ACCELERATED DRAWS_SYSTEM_BAR_BACKGROUNDS
02-19 03:27:16.377 29012 29012 D ViewRootImpl[ExpensifyActivityBase]: pfl=NO_MOVE_ANIMATION FORCE_DRAW_STATUS_BAR_BACKGROUND FIT_INSETS_CONTROLLED
02-19 03:27:16.377 29012 29012 D ViewRootImpl[ExpensifyActivityBase]: bhv=DEFAULT
02-19 03:27:16.377 29012 29012 D ViewRootImpl[ExpensifyActivityBase]: fitSides=} by setLayoutParams
02-19 03:27:16.380 29012 30671 D RNFBCrashlyticsInit: isCrashlyticsCollectionEnabled via RNFBMeta: true
02-19 03:27:16.380 29012 30671 D RNFBCrashlyticsInit: isCrashlyticsCollectionEnabled final value: true
02-19 03:27:16.388 29012 29022 I .mobiexpensify: Background young concurrent copying GC freed 13MB AllocSpace bytes, 89(5060KB) LOS objects, 44% free, 23MB/42MB, paused 451us,420us total 162.012ms
02-19 03:27:16.401 29012 29012 D ViewRootImpl[ExpensifyActivityBase]: update {(0,0)(fillxfill) sim={adjust=resize} ty=BASE_APPLICATION wanim=0x10302fe
02-19 03:27:16.401 29012 29012 D ViewRootImpl[ExpensifyActivityBase]: fl=LAYOUT_IN_SCREEN LAYOUT_INSET_DECOR SPLIT_TOUCH HARDWARE_ACCELERATED DRAWS_SYSTEM_BAR_BACKGROUNDS
02-19 03:27:16.401 29012 29012 D ViewRootImpl[ExpensifyActivityBase]: pfl=NO_MOVE_ANIMATION FORCE_DRAW_STATUS_BAR_BACKGROUND FIT_INSETS_CONTROLLED
02-19 03:27:16.401 29012 29012 D ViewRootImpl[ExpensifyActivityBase]: bhv=DEFAULT
02-19 03:27:16.401 29012 29012 D ViewRootImpl[ExpensifyActivityBase]: fitSides=} by setLayoutParams
02-19 03:27:16.416 953 1238 I hwcomposer: [HWC] (0)fire a callback of refresh to SF[4]
02-19 03:27:16.435 953 1235 I hwcomposer: [HWCDisplay] setColorTransformForJob ccorr_state=0->1 hint=0 force_disable_color=1 identity=1
02-19 03:27:16.436 953 1239 I hwcomposer: [DEV] [DEV] (Send identity matrix)
02-19 03:27:16.443 1703 1726 W Choreographer: Frame time is 0.084398 ms in the future! Check that graphics HAL is generating vsync timestamps using the correct timebase.
02-19 03:27:16.443 996 1045 I libPerfCtl: xgfGetFPS pid:29012 fps:31
02-19 03:27:16.445 953 1235 I hwcomposer: [HWCDisplay] setColorTransformForJob ccorr_state=1->0 hint=1 force_disable_color=0 identity=0
02-19 03:27:16.445 953 1239 I hwcomposer: [DEV] 1024 0 0 0
02-19 03:27:16.445 953 1239 I hwcomposer: [DEV] 0 906 0 0
02-19 03:27:16.445 953 1239 I hwcomposer: [DEV] 0 0 797 0
02-19 03:27:16.445 953 1239 I hwcomposer: [DEV] 0 0 0 1024
02-19 03:27:16.445 953 1239 I hwcomposer: [DEV] [DEV] color transform: feature_flag=0
02-19 03:27:16.478 953 1235 I hwcomposer: [HWCDisplay] [Display_0 (type:1)] fps:8.872578,dur:1014.36,max:711.51,min:9.26
02-19 03:27:16.556 953 1238 I hwcomposer: [HWC] (0)fire a callback of refresh to SF[4]
02-19 03:27:16.571 953 1235 I hwcomposer: [HWCDisplay] setColorTransformForJob ccorr_state=0->1 hint=0 force_disable_color=1 identity=1
02-19 03:27:16.571 953 1239 I hwcomposer: [DEV] [DEV] (Send identity matrix)
02-19 03:27:16.819 18692 18692 I WifiHAL : Get link layer stats
02-19 03:27:16.819 18692 18692 I WifiHAL : GetLinkStatsCommand::create
02-19 03:27:16.819 18692 18692 D android.hardware.wifi@1.0-service-lazy: WifiRequest::create vendor command to iface 32, vendor_id=0x1a11, subcmd=0x1200, res=0
02-19 03:27:16.819 18692 18692 I android.hardware.wifi@1.0-service-lazy: WifiCommand::requestResponse err=-14
02-19 03:27:16.819 18692 18692 I WifiHAL : wifi_get_link_stats: result=-1
02-19 03:27:16.821 1703 1883 E WifiVendorHal: getWifiLinkLayerStats_1_5_Internal(l.1191) failed {.code = ERROR_UNKNOWN, .description = unknown}
02-19 03:27:16.962 953 1235 I hwcomposer: [HWCDisplay] setColorTransformForJob ccorr_state=1->0 hint=1 force_disable_color=0 identity=0
02-19 03:27:16.962 953 1239 I hwcomposer: [DEV] 1024 0 0 0
02-19 03:27:16.962 953 1239 I hwcomposer: [DEV] 0 906 0 0
02-19 03:27:16.962 953 1239 I hwcomposer: [DEV] 0 0 797 0
02-19 03:27:16.962 953 1239 I hwcomposer: [DEV] 0 0 0 1024
02-19 03:27:16.962 953 1239 I hwcomposer: [DEV] [DEV] color transform: feature_flag=0
02-19 03:27:17.039 953 1238 I hwcomposer: [HWC] (0)fire a callback of refresh to SF[4]
02-19 03:27:17.056 953 1235 I hwcomposer: [HWCDisplay] setColorTransformForJob ccorr_state=0->1 hint=0 force_disable_color=1 identity=1
02-19 03:27:17.057 953 1239 I hwcomposer: [DEV] [DEV] (Send identity matrix)
02-19 03:27:17.244 953 1235 I hwcomposer: [HWCDisplay] setColorTransformForJob ccorr_state=1->0 hint=1 force_disable_color=0 identity=0
02-19 03:27:17.245 953 1239 I hwcomposer: [DEV] 1024 0 0 0
02-19 03:27:17.245 953 1239 I hwcomposer: [DEV] 0 906 0 0
02-19 03:27:17.245 953 1239 I hwcomposer: [DEV] 0 0 797 0
02-19 03:27:17.245 953 1239 I hwcomposer: [DEV] 0 0 0 1024
02-19 03:27:17.245 953 1239 I hwcomposer: [DEV] [DEV] color transform: feature_flag=0
02-19 03:27:17.272 29012 29270 D skia : --- Failed to create image decoder with message 'unimplemented'
02-19 03:27:17.273 29012 29273 D skia : --- Failed to create image decoder with message 'unimplemented'
02-19 03:27:17.273 29012 29270 D skia : --- Failed to create image decoder with message 'unimplemented'
02-19 03:27:17.274 29012 29273 D skia : --- Failed to create image decoder with message 'unimplemented'
02-19 03:27:17.274 29012 29272 D skia : --- Failed to create image decoder with message 'unimplemented'
02-19 03:27:17.274 29012 29271 D skia : --- Failed to create image decoder with message 'unimplemented'
02-19 03:27:17.274 29012 29270 D skia : --- Failed to create image decoder with message 'unimplemented'
02-19 03:27:17.274 29012 29273 D skia : --- Failed to create image decoder with message 'unimplemented'
02-19 03:27:17.274 29012 29272 D skia : --- Failed to create image decoder with message 'unimplemented'
02-19 03:27:17.275 29012 29271 D skia : --- Failed to create image decoder with message 'unimplemented'
02-19 03:27:17.275 29012 29270 D skia : --- Failed to create image decoder with message 'unimplemented'
02-19 03:27:17.275 29012 29273 D skia : --- Failed to create image decoder with message 'unimplemented'
02-19 03:27:17.275 29012 29270 D skia : --- Failed to create image decoder with message 'unimplemented'
02-19 03:27:17.275 29012 29272 D skia : --- Failed to create image decoder with message 'unimplemented'
02-19 03:27:17.275 29012 29271 D skia : --- Failed to create image decoder with message 'unimplemented'
02-19 03:27:17.276 29012 29273 D skia : --- Failed to create image decoder with message 'unimplemented'
02-19 03:27:17.276 29012 29272 D skia : --- Failed to create image decoder with message 'unimplemented'
02-19 03:27:17.276 29012 29270 D skia : --- Failed to create image decoder with message 'unimplemented'
02-19 03:27:17.276 29012 29273 D skia : --- Failed to create image decoder with message 'unimplemented'
02-19 03:27:17.276 29012 29271 D skia : --- Failed to create image decoder with message 'unimplemented'
02-19 03:27:17.277 29012 29272 D skia : --- Failed to create image decoder with message 'unimplemented'
02-19 03:27:17.277 29012 29271 D skia : --- Failed to create image decoder with message 'unimplemented'
02-19 03:27:17.277 29012 29271 D skia : --- Failed to create image decoder with message 'unimplemented'
02-19 03:27:17.278 29012 29272 D skia : --- Failed to create image decoder with message 'unimplemented'
02-19 03:27:17.389 953 1238 I hwcomposer: [HWC] (0)fire a callback of refresh to SF[4]
02-19 03:27:17.404 953 1235 I hwcomposer: [HWCDisplay] setColorTransformForJob ccorr_state=0->1 hint=0 force_disable_color=1 identity=1
02-19 03:27:17.405 953 1239 I hwcomposer: [DEV] [DEV] (Send identity matrix)
02-19 03:27:17.444 996 1045 I libPerfCtl: xgfGetFPS pid:29012 fps:48
02-19 03:27:17.451 953 1235 I hwcomposer: [HWCDisplay] setColorTransformForJob ccorr_state=1->0 hint=1 force_disable_color=0 identity=0
02-19 03:27:17.452 953 1239 I hwcomposer: [DEV] 1024 0 0 0
02-19 03:27:17.452 953 1239 I hwcomposer: [DEV] 0 906 0 0
02-19 03:27:17.452 953 1239 I hwcomposer: [DEV] 0 0 797 0
02-19 03:27:17.452 953 1239 I hwcomposer: [DEV] 0 0 0 1024
02-19 03:27:17.452 953 1239 I hwcomposer: [DEV] [DEV] color transform: feature_flag=0
02-19 03:27:17.506 953 1238 I hwcomposer: [HWC] (0)fire a callback of refresh to SF[4]
02-19 03:27:17.520 953 1235 I hwcomposer: [HWCDisplay] setColorTransformForJob ccorr_state=0->1 hint=0 force_disable_color=1 identity=1
02-19 03:27:17.520 953 1235 I hwcomposer: [HWCDisplay] [Display_0 (type:1)] fps:11.516640,dur:1041.97,max:390.79,min:16.20
02-19 03:27:17.521 953 1239 I hwcomposer: [DEV] [DEV] (Send identity matrix)
02-19 03:27:17.563 953 1235 I hwcomposer: [HWCDisplay] setColorTransformForJob ccorr_state=1->0 hint=1 force_disable_color=0 identity=0
02-19 03:27:17.564 953 1239 I hwcomposer: [DEV] 1024 0 0 0
02-19 03:27:17.564 953 1239 I hwcomposer: [DEV] 0 906 0 0
02-19 03:27:17.564 953 1239 I hwcomposer: [DEV] 0 0 797 0
02-19 03:27:17.564 953 1239 I hwcomposer: [DEV] 0 0 0 1024
02-19 03:27:17.564 953 1239 I hwcomposer: [DEV] [DEV] color transform: feature_flag=0
02-19 03:27:17.623 953 1238 I hwcomposer: [HWC] (0)fire a callback of refresh to SF[4]
02-19 03:27:17.637 953 1235 I hwcomposer: [HWCDisplay] setColorTransformForJob ccorr_state=0->1 hint=0 force_disable_color=1 identity=1
02-19 03:27:17.638 953 1239 I hwcomposer: [DEV] [DEV] (Send identity matrix)
02-19 03:27:17.861 953 1235 I hwcomposer: [HWCDisplay] setColorTransformForJob ccorr_state=1->0 hint=1 force_disable_color=0 identity=0
02-19 03:27:17.861 953 1239 I hwcomposer: [DEV] 1024 0 0 0
02-19 03:27:17.862 953 1239 I hwcomposer: [DEV] 0 906 0 0
02-19 03:27:17.862 953 1239 I hwcomposer: [DEV] 0 0 797 0
02-19 03:27:17.862 953 1239 I hwcomposer: [DEV] 0 0 0 1024
02-19 03:27:17.862 953 1239 I hwcomposer: [DEV] [DEV] color transform: feature_flag=0
02-19 03:27:18.444 996 1045 I libPerfCtl: xgfGetFPS pid:2117 fps:-1
02-19 03:27:18.444 996 1045 I libPerfCtl: xgfGetFPS pid:29012 fps:50
02-19 03:27:18.526 953 1235 I hwcomposer: [HWCDisplay] [Display_0 (type:1)] fps:36.792175,dur:1005.65,max:223.80,min:15.53
02-19 03:27:18.602 953 1238 I hwcomposer: [HWC] (0)fire a callback of refresh to SF[4]
02-19 03:27:18.614 953 1235 I hwcomposer: [HWCDisplay] setColorTransformForJob ccorr_state=0->1 hint=0 force_disable_color=1 identity=1
02-19 03:27:18.614 953 1239 I hwcomposer: [DEV] [DEV] (Send identity matrix)
02-19 03:27:19.010 953 1235 I hwcomposer: [HWCDisplay] setColorTransformForJob ccorr_state=1->0 hint=1 force_disable_color=0 identity=0
02-19 03:27:19.010 953 1239 I hwcomposer: [DEV] 1024 0 0 0
02-19 03:27:19.010 953 1239 I hwcomposer: [DEV] 0 906 0 0
02-19 03:27:19.010 953 1239 I hwcomposer: [DEV] 0 0 797 0
02-19 03:27:19.010 953 1239 I hwcomposer: [DEV] 0 0 0 1024
02-19 03:27:19.010 953 1239 I hwcomposer: [DEV] [DEV] color transform: feature_flag=0
02-19 03:27:19.116 953 1238 I hwcomposer: [HWC] (0)fire a callback of refresh to SF[4]
02-19 03:27:19.129 29012 30671 D RNFBCrashlyticsInit: isCrashlyticsCollectionEnabled via RNFBMeta: true
02-19 03:27:19.129 29012 30671 D RNFBCrashlyticsInit: isCrashlyticsCollectionEnabled final value: true
02-19 03:27:19.130 953 1235 I hwcomposer: [HWCDisplay] setColorTransformForJob ccorr_state=0->1 hint=0 force_disable_color=1 identity=1
02-19 03:27:19.130 953 1239 I hwcomposer: [DEV] [DEV] (Send identity matrix)
02-19 03:27:19.226 953 1235 I hwcomposer: [HWCDisplay] setColorTransformForJob ccorr_state=1->0 hint=1 force_disable_color=0 identity=0
02-19 03:27:19.226 953 1239 I hwcomposer: [DEV] 1024 0 0 0
02-19 03:27:19.226 953 1239 I hwcomposer: [DEV] 0 906 0 0
02-19 03:27:19.226 953 1239 I hwcomposer: [DEV] 0 0 797 0
02-19 03:27:19.226 953 1239 I hwcomposer: [DEV] 0 0 0 1024
02-19 03:27:19.226 953 1239 I hwcomposer: [DEV] [DEV] color transform: feature_flag=0
02-19 03:27:19.279 953 1238 I hwcomposer: [HWC] (0)fire a callback of refresh to SF[4]
02-19 03:27:19.297 953 1235 I hwcomposer: [HWCDisplay] setColorTransformForJob ccorr_state=0->1 hint=0 force_disable_color=1 identity=1
02-19 03:27:19.297 953 1239 I hwcomposer: [DEV] [DEV] (Send identity matrix)
02-19 03:27:19.316 29012 29272 D skia : --- Failed to create image decoder with message 'unimplemented'
02-19 03:27:19.316 29012 29271 D skia : --- Failed to create image decoder with message 'unimplemented'
02-19 03:27:19.317 29012 29272 D skia : --- Failed to create image decoder with message 'unimplemented'
02-19 03:27:19.317 29012 29271 D skia : --- Failed to create image decoder with message 'unimplemented'
02-19 03:27:19.317 29012 29271 D skia : --- Failed to create image decoder with message 'unimplemented'
02-19 03:27:19.317 29012 29272 D skia : --- Failed to create image decoder with message 'unimplemented'
02-19 03:27:19.318 29012 29271 D skia : --- Failed to create image decoder with message 'unimplemented'
02-19 03:27:19.318 29012 29272 D skia : --- Failed to create image decoder with message 'unimplemented'
02-19 03:27:19.318 29012 29272 D skia : --- Failed to create image decoder with message 'unimplemented'
02-19 03:27:19.318 29012 29271 D skia : --- Failed to create image decoder with message 'unimplemented'
02-19 03:27:19.319 29012 29272 D skia : --- Failed to create image decoder with message 'unimplemented'
02-19 03:27:19.319 29012 29271 D skia : --- Failed to create image decoder with message 'unimplemented'
02-19 03:27:19.361 953 1235 I hwcomposer: [HWCDisplay] setColorTransformForJob ccorr_state=1->0 hint=1 force_disable_color=0 identity=0
02-19 03:27:19.362 953 1239 I hwcomposer: [DEV] 1024 0 0 0
02-19 03:27:19.362 953 1239 I hwcomposer: [DEV] 0 906 0 0
02-19 03:27:19.362 953 1239 I hwcomposer: [DEV] 0 0 797 0
02-19 03:27:19.362 953 1239 I hwcomposer: [DEV] 0 0 0 1024
02-19 03:27:19.362 953 1239 I hwcomposer: [DEV] [DEV] color transform: feature_flag=0
02-19 03:27:19.444 996 1045 I libPerfCtl: xgfGetFPS pid:2117 fps:-1
02-19 03:27:19.444 996 1045 I libPerfCtl: xgfGetFPS pid:29012 fps:53
02-19 03:27:19.503 953 1238 I hwcomposer: [HWC] (0)fire a callback of refresh to SF[4]
02-19 03:27:19.517 953 1235 I hwcomposer: [HWCDisplay] setColorTransformForJob ccorr_state=0->1 hint=0 force_disable_color=1 identity=1
02-19 03:27:19.518 953 1239 I hwcomposer: [DEV] [DEV] (Send identity matrix)
02-19 03:27:19.710 953 1235 I hwcomposer: [HWCDisplay] setColorTransformForJob ccorr_state=1->0 hint=1 force_disable_color=0 identity=0
02-19 03:27:19.710 953 1235 I hwcomposer: [HWCDisplay] [Display_0 (type:1)] fps:13.510854,dur:1184.23,max:395.93,min:15.12
02-19 03:27:19.710 953 1239 I hwcomposer: [DEV] 1024 0 0 0
02-19 03:27:19.711 953 1239 I hwcomposer: [DEV] 0 906 0 0
02-19 03:27:19.711 953 1239 I hwcomposer: [DEV] 0 0 797 0
02-19 03:27:19.711 953 1239 I hwcomposer: [DEV] 0 0 0 1024
02-19 03:27:19.711 953 1239 I hwcomposer: [DEV] [DEV] color transform: feature_flag=0
02-19 03:27:19.836 18692 18692 I WifiHAL : Get link layer stats
02-19 03:27:19.836 18692 18692 I WifiHAL : GetLinkStatsCommand::create
02-19 03:27:19.836 18692 18692 D android.hardware.wifi@1.0-service-lazy: WifiRequest::create vendor command to iface 32, vendor_id=0x1a11, subcmd=0x1200, res=0
02-19 03:27:19.837 18692 18692 I android.hardware.wifi@1.0-service-lazy: WifiCommand::requestResponse err=-14
02-19 03:27:19.837 18692 18692 I WifiHAL : wifi_get_link_stats: result=-1
02-19 03:27:19.837 1703 1883 E WifiVendorHal: getWifiLinkLayerStats_1_5_Internal(l.1191) failed {.code = ERROR_UNKNOWN, .description = unknown}
02-19 03:27:19.871 29012 4972 W LOTTIE : Animation contains merge paths. Merge paths are only supported on KitKat+ and must be manually enabled by calling enableMergePathsForKitKatAndAbove().
02-19 03:27:19.991 29012 29012 W LOTTIE : Animation contains merge paths but they are disabled.
02-19 03:27:20.432 1299 1379 E AAL : [ERROR] Kernel does not support AAL, please enable CONFIG_MTK_AAL_SUPPORT in kconfig.
02-19 03:27:20.444 996 1045 I libPerfCtl: xgfGetFPS pid:2117 fps:-1
02-19 03:27:20.444 996 1045 I libPerfCtl: xgfGetFPS pid:29012 fps:59
02-19 03:27:20.607 29012 29022 I .mobiexpensify: Background concurrent copying GC freed 12MB AllocSpace bytes, 49(3672KB) LOS objects, 46% free, 27MB/51MB, paused 167us,52us total 212.846ms
02-19 03:27:20.725 953 1235 I hwcomposer: [HWCDisplay] [Display_0 (type:1)] fps:41.380421,dur:1014.97,max:198.35,min:14.74
02-19 03:27:20.896 2553 4270 I AlarmManager: setExactAndAllowWhileIdle [name: GCM_HB_ALARM type: 2 triggerAtMillis: 112927377]
02-19 03:27:20.904 2553 4969 W ChimeraUtils: Module com.google.android.gms.gcm missing resource null(0)
02-19 03:27:20.909 2553 4270 I AlarmManager: setExactAndAllowWhileIdle [name: GCM_HB_ALARM type: 2 triggerAtMillis: 112927389]
02-19 03:27:20.912 2553 4969 I AlarmManager: setExactAndAllowWhileIdle [name: FcmRetry type: 2 triggerAtMillis: 111317391]
02-19 03:27:20.912 29012 29012 W [RNScreens]: backTitleVisible prop is not available on Android
02-19 03:27:20.912 29012 29012 W [RNScreens]: largeTitleHideShadow prop is not available on Android
02-19 03:27:20.912 29012 29012 W [RNScreens]: disableBackButtonMenu prop is not available on Android
02-19 03:27:20.913 29012 29012 W [RNScreens]: backTitleVisible prop is not available on Android
02-19 03:27:20.913 29012 29012 W [RNScreens]: largeTitleHideShadow prop is not available on Android
02-19 03:27:20.913 29012 29012 W [RNScreens]: disableBackButtonMenu prop is not available on Android
02-19 03:27:20.920 9822 9822 E USAP : Attempt to invoke virtual method 'int com.android.internal.os.ZygoteCommandBuffer.getCount()' on a null object reference
02-19 03:27:20.920 1703 1734 E ZygoteProcess: IO Exception while communicating with USAP pool - Connection reset by peer
02-19 03:27:20.929 912 912 D Zygote : Forked child process 4984
02-19 03:27:20.931 1703 1734 I ActivityManager: Start proc 4984:com.expensify.chat/u0a852 for broadcast {com.expensify.chat/com.google.firebase.iid.FirebaseInstanceIdReceiver}
02-19 03:27:20.946 4984 4984 I .expensify.cha: Using CollectorTypeCC GC.
02-19 03:27:20.950 4984 4984 E .expensify.cha: Not starting debugger since process cannot load the jdwp agent.
02-19 03:27:20.953 4984 4984 D ProcessState: Binder ioctl to enable oneway spam detection failed: Invalid argument
02-19 03:27:20.958 29012 30671 D RNFBCrashlyticsInit: isCrashlyticsCollectionEnabled via RNFBMeta: true
02-19 03:27:20.959 29012 30671 D RNFBCrashlyticsInit: isCrashlyticsCollectionEnabled final value: true
02-19 03:27:20.985 4984 4984 D nativeloader: Configuring clns-4 for other apk /system_ext/framework/com.motorola.androidx.camera.extensions.jar. target_sdk_version=34, uses_libraries=ALL, library_path=/data/app/~~cRuVz8N8lCDfkf4B9V9aBg==/com.expensify.chat-3TAavFNh5eQK3YVgTQYmQg==/lib/arm64:/data/app/~~cRuVz8N8lCDfkf4B9V9aBg==/com.expensify.chat-3TAavFNh5eQK3YVgTQYmQg==/base.apk!/lib/arm64-v8a:/data/app/~~cRuVz8N8lCDfkf4B9V9aBg==/com.expensify.chat-3TAavFNh5eQK3YVgTQYmQg==/split_config.arm64_v8a.apk!/lib/arm64-v8a:/data/app/~~cRuVz8N8lCDfkf4B9V9aBg==/com.expensify.chat-3TAavFNh5eQK3YVgTQYmQg==/split_config.es.apk!/lib/arm64-v8a:/data/app/~~cRuVz8N8lCDfkf4B9V9aBg==/com.expensify.chat-3TAavFNh5eQK3YVgTQYmQg==/split_config.xxhdpi.apk!/lib/arm64-v8a, permitted_path=/data:/mnt/expand:/data/user/0/com.expensify.chat
02-19 03:27:20.985 4984 4984 D nativeloader: Extending system_exposed_libraries: libteeservice_client.trustonic.so:libapuwareapusys.mtk.so:libapuwareapusys_v2.mtk.so:libapuwarexrp.mtk.so:libapuwarexrp_v2.mtk.so:libapuwareutils.mtk.so:libapuwareutils_v2.mtk.so:libapuwarehmp.mtk.so:libmcv_runtime_usdk.mtk.so:libneuron_graph_delegate.mtk.so:libneuronusdk_adapter.mtk.so:libtflite_mtk.mtk.so:libarmnn_ndk.mtk.so:libcmdl_ndk.mtk.so:libnir_neon_driver_ndk.mtk.so:libmvpu_runtime.mtk.so:libmvpu_runtime_pub.mtk.so:libmvpu_engine_pub.mtk.so:libmvpu_pattern_pub.mtk.so:libmvpuop_mtk_cv.mtk.so:libmvpuop_mtk_nn.mtk.so:libjni_helper.motocameradesktop.so:libimgTuner_jni.motoimagetuner.so:libmcf_native_window_helper.motocamera.so
02-19 03:27:21.144 4984 4984 W ziparchive: Unable to open '/data/app/~~cRuVz8N8lCDfkf4B9V9aBg==/com.expensify.chat-3TAavFNh5eQK3YVgTQYmQg==/split_config.arm64_v8a.dm': No such file or directory
02-19 03:27:21.145 4984 4984 W ziparchive: Unable to open '/data/app/~~cRuVz8N8lCDfkf4B9V9aBg==/com.expensify.chat-3TAavFNh5eQK3YVgTQYmQg==/split_config.arm64_v8a.dm': No such file or directory
02-19 03:27:21.147 4984 4984 W .expensify.cha: Entry not found
02-19 03:27:21.148 4984 4984 W ziparchive: Unable to open '/data/app/~~cRuVz8N8lCDfkf4B9V9aBg==/com.expensify.chat-3TAavFNh5eQK3YVgTQYmQg==/split_config.es.dm': No such file or directory
02-19 03:27:21.148 4984 4984 W ziparchive: Unable to open '/data/app/~~cRuVz8N8lCDfkf4B9V9aBg==/com.expensify.chat-3TAavFNh5eQK3YVgTQYmQg==/split_config.es.dm': No such file or directory
02-19 03:27:21.150 4984 4984 W .expensify.cha: Entry not found
02-19 03:27:21.151 4984 4984 W ziparchive: Unable to open '/data/app/~~cRuVz8N8lCDfkf4B9V9aBg==/com.expensify.chat-3TAavFNh5eQK3YVgTQYmQg==/split_config.xxhdpi.dm': No such file or directory
02-19 03:27:21.151 4984 4984 W ziparchive: Unable to open '/data/app/~~cRuVz8N8lCDfkf4B9V9aBg==/com.expensify.chat-3TAavFNh5eQK3YVgTQYmQg==/split_config.xxhdpi.dm': No such file or directory
02-19 03:27:21.152 4984 4984 W .expensify.cha: Entry not found
02-19 03:27:21.153 4984 4984 D nativeloader: Configuring clns-5 for other apk /data/app/~~cRuVz8N8lCDfkf4B9V9aBg==/com.expensify.chat-3TAavFNh5eQK3YVgTQYmQg==/base.apk:/data/app/~~cRuVz8N8lCDfkf4B9V9aBg==/com.expensify.chat-3TAavFNh5eQK3YVgTQYmQg==/split_config.arm64_v8a.apk:/data/app/~~cRuVz8N8lCDfkf4B9V9aBg==/com.expensify.chat-3TAavFNh5eQK3YVgTQYmQg==/split_config.es.apk:/data/app/~~cRuVz8N8lCDfkf4B9V9aBg==/com.expensify.chat-3TAavFNh5eQK3YVgTQYmQg==/split_config.xxhdpi.apk. target_sdk_version=34, uses_libraries=, library_path=/data/app/~~cRuVz8N8lCDfkf4B9V9aBg==/com.expensify.chat-3TAavFNh5eQK3YVgTQYmQg==/lib/arm64:/data/app/~~cRuVz8N8lCDfkf4B9V9aBg==/com.expensify.chat-3TAavFNh5eQK3YVgTQYmQg==/base.apk!/lib/arm64-v8a:/data/app/~~cRuVz8N8lCDfkf4B9V9aBg==/com.expensify.chat-3TAavFNh5eQK3YVgTQYmQg==/split_config.arm64_v8a.apk!/lib/arm64-v8a:/data/app/~~cRuVz8N8lCDfkf4B9V9aBg==/com.expensify.chat-3TAavFNh5eQK3YVgTQYmQg==/split_config.es.apk!/lib/arm64-v8a:/data/app/~~cRuVz8N8lCDfkf4B9V9aBg==/com.expensify.chat-3TAavFNh5eQK3YVgTQYmQg==/split_config.xxh
02-19 03:27:21.171 4984 4984 V GraphicsEnvironment: ANGLE Developer option for 'com.expensify.chat' set to: 'default'
02-19 03:27:21.172 4984 4984 V GraphicsEnvironment: ANGLE GameManagerService for com.expensify.chat: false
02-19 03:27:21.173 4984 4984 V GraphicsEnvironment: Neither updatable production driver nor prerelease driver is supported.
02-19 03:27:21.201 4984 4984 D nativeloader: Load /data/app/~~cRuVz8N8lCDfkf4B9V9aBg==/com.expensify.chat-3TAavFNh5eQK3YVgTQYmQg==/split_config.arm64_v8a.apk!/lib/arm64-v8a/libfs-native.so using ns clns-5 from class loader (caller=base.apk!classes6.dex): ok
02-19 03:27:21.219 4984 4984 I MultiDex: VM with version 2.1.0 has multidex support
02-19 03:27:21.219 4984 4984 I MultiDex: Installing application
02-19 03:27:21.219 4984 4984 I MultiDex: VM has multidex support, MultiDex support library is disabled.
02-19 03:27:21.234 4984 4984 I FirebaseApp: Device unlocked: initializing all Firebase APIs for app [DEFAULT]
02-19 03:27:21.246 4984 4984 D nativeloader: Load /data/app/~~cRuVz8N8lCDfkf4B9V9aBg==/com.expensify.chat-3TAavFNh5eQK3YVgTQYmQg==/split_config.arm64_v8a.apk!/lib/arm64-v8a/libcrashlytics.so using ns clns-5 from class loader (caller=base.apk): ok
02-19 03:27:21.249 4984 4984 I FirebaseCrashlytics: Initializing Firebase Crashlytics 18.2.6 for com.expensify.chat
02-19 03:27:21.260 4984 5025 W .expensify.cha: ClassLoaderContext classpath size mismatch. expected=1, found=0 (DLC[];PCL[base.apk*2991005092]{PCL[/system/framework/org.apache.http.legacy.jar*126433619]#PCL[/apex/com.android.extservices/javalib/android.ext.adservices.jar*2508603815]#PCL[/system/framework/com.android.media.remotedisplay.jar*3472798123]#PCL[/system/framework/com.android.location.provider.jar*3633238672]#PCL[/system/framework/org.apache.http.legacy.jar*126433619]#PCL[/apex/com.android.extservices/javalib/android.ext.adservices.jar*2508603815]} | DLC[];PCL[])
02-19 03:27:21.264 4984 5025 I DynamiteModule: Considering local module com.google.android.gms.measurement.dynamite:55 and remote module com.google.android.gms.measurement.dynamite:138
02-19 03:27:21.264 4984 5025 I DynamiteModule: Selected remote version of com.google.android.gms.measurement.dynamite, version >= 138
02-19 03:27:21.264 4984 5025 V DynamiteModule: Dynamite loader version >= 2, using loadModule2NoCrashUtils
02-19 03:27:21.272 4984 4984 I FirebaseInitProvider: FirebaseApp initialization successful
02-19 03:27:21.272 4984 4984 D ReactNativeFirebaseApp: received application context.
02-19 03:27:21.273 2553 4970 I AlarmManager: setExactAndAllowWhileIdle [name: GCM_HB_ALARM type: 2 triggerAtMillis: 112927753]
02-19 03:27:21.275 4984 5025 W System : ClassLoader referenced unknown path:
02-19 03:27:21.277 4984 5025 D nativeloader: Configuring clns-6 for other apk . target_sdk_version=34, uses_libraries=, library_path=/data/app/~~c2pYMtzM0yEaRsimUPMv3Q==/com.google.android.gms-7suDINMxzoOXzScMkjgk2g==/lib/arm64:/data/app/~~c2pYMtzM0yEaRsimUPMv3Q==/com.google.android.gms-7suDINMxzoOXzScMkjgk2g==/base.apk!/lib/arm64-v8a, permitted_path=/data:/mnt/expand:/data/user/0/com.google.android.gms
02-19 03:27:21.278 4984 4984 D RNFBCrashlyticsInit: isCrashlyticsCollectionEnabled via RNFBMeta: true
02-19 03:27:21.278 4984 4984 D RNFBCrashlyticsInit: isCrashlyticsCollectionEnabled final value: true
02-19 03:27:21.278 4984 4984 I RNFBCrashlyticsInit: initialization successful
02-19 03:27:21.285 4984 5033 D libcrashlytics: Initializing libcrashlytics version 3.2.0
02-19 03:27:21.286 2553 4270 I AlarmManager: setExactAndAllowWhileIdle [name: FcmRetry type: 2 triggerAtMillis: 111317391]
02-19 03:27:21.296 4984 5033 D libcrashlytics: Initializing native crash handling successful.
02-19 03:27:21.297 29012 29270 D skia : --- Failed to create image decoder with message 'unimplemented'
02-19 03:27:21.297 4984 4984 D WM-WrkMgrInitializer: Initializing WorkManager with default configuration.
02-19 03:27:21.298 29012 29270 D skia : --- Failed to create image decoder with message 'unimplemented'
02-19 03:27:21.299 29012 29270 D skia : --- Failed to create image decoder with message 'unimplemented'
02-19 03:27:21.299 4984 5025 W .expensify.cha: ClassLoaderContext classpath element checksum mismatch. expected=2991005092, found=4111311134 (DLC[];PCL[base.apk*2991005092]{PCL[/system/framework/org.apache.http.legacy.jar*126433619]#PCL[/apex/com.android.extservices/javalib/android.ext.adservices.jar*2508603815]#PCL[/system/framework/com.android.media.remotedisplay.jar*3472798123]#PCL[/system/framework/com.android.location.provider.jar*3633238672]#PCL[/system/framework/org.apache.http.legacy.jar*126433619]#PCL[/apex/com.android.extservices/javalib/android.ext.adservices.jar*2508603815]} | DLC[];PCL[/data/app/~~cRuVz8N8lCDfkf4B9V9aBg==/com.expensify.chat-3TAavFNh5eQK3YVgTQYmQg==/base.apk*4111311134]{PCL[/system_ext/framework/com.motorola.androidx.camera.extensions.jar*187048820]})
02-19 03:27:21.300 29012 29270 D skia : --- Failed to create image decoder with message 'unimplemented'
02-19 03:27:21.301 29012 29270 D skia : --- Failed to create image decoder with message 'unimplemented'
02-19 03:27:21.302 29012 29270 D skia : --- Failed to create image decoder with message 'unimplemented'
02-19 03:27:21.303 4984 4984 D WM-PackageManagerHelper: Skipping component enablement for androidx.work.impl.background.systemjob.SystemJobService
02-19 03:27:21.303 4984 4984 D WM-Schedulers: Created SystemJobScheduler and enabled SystemJobService
02-19 03:27:21.304 4984 4984 I MapboxInitializer: MapboxMapsInitializer create() is called
02-19 03:27:21.305 4984 4984 I MapboxInitializer: MapboxInitializer started MapboxMapsInitializerImpl initialization, attempt 1
02-19 03:27:21.309 2553 28868 I AlarmManager: setExactAndAllowWhileIdle [name: FcmRetry type: 2 triggerAtMillis: 111317391]
02-19 03:27:21.326 4984 5044 D New Expensify Channel ID: d894b7f2-9671-4ba0-9a59-78e0d9adbcb9
02-19 03:27:21.328 4984 5044 E New Expensify - UALib: The Airship config options is missing URL allow list rules for SCOPE_OPEN that controls what external URLs are able to be opened externally or loaded in a web view by Airship. By default, all URLs will be allowed. To suppress this error, specify the config urlAllowListScopeOpenUrl = [*] to keep the defaults, or by providing a list of rules that your app expects. See https://docs.airship.com/platform/mobile/setup/sdk/android/#url-allow-list for more information.
02-19 03:27:21.343 4984 4984 D nativeloader: Load /data/app/~~cRuVz8N8lCDfkf4B9V9aBg==/com.expensify.chat-3TAavFNh5eQK3YVgTQYmQg==/split_config.arm64_v8a.apk!/lib/arm64-v8a/libmapbox-common.so using ns clns-5 from class loader (caller=base.apk!classes3.dex): ok
02-19 03:27:21.352 4984 4984 I Mapbox : [common]: Using Mapbox Common SDK v23.10.0(1b9b63709)
02-19 03:27:21.353 953 1238 I hwcomposer: [HWC] (0)fire a callback of refresh to SF[4]
02-19 03:27:21.362 953 1235 I hwcomposer: [HWCDisplay] setColorTransformForJob ccorr_state=0->1 hint=0 force_disable_color=1 identity=1
02-19 03:27:21.363 953 1239 I hwcomposer: [DEV] [DEV] (Send identity matrix)
02-19 03:27:21.370 4984 4984 I Mapbox : [telemetry]: Telemetry service not started, missing token
02-19 03:27:21.375 953 1235 I hwcomposer: [HWCDisplay] setColorTransformForJob ccorr_state=1->0 hint=1 force_disable_color=0 identity=0
02-19 03:27:21.375 953 1239 I hwcomposer: [DEV] 1024 0 0 0
02-19 03:27:21.375 953 1239 I hwcomposer: [DEV] 0 906 0 0
02-19 03:27:21.375 953 1239 I hwcomposer: [DEV] 0 0 797 0
02-19 03:27:21.375 953 1239 I hwcomposer: [DEV] 0 0 0 1024
02-19 03:27:21.375 953 1239 I hwcomposer: [DEV] [DEV] color transform: feature_flag=0
02-19 03:27:21.401 4984 4984 I Mapbox : [maps-core]: Using Mapbox Core Maps SDK v10.18.0(83c0470aa4)
02-19 03:27:21.414 4984 4984 D nativeloader: Load /data/app/~~cRuVz8N8lCDfkf4B9V9aBg==/com.expensify.chat-3TAavFNh5eQK3YVgTQYmQg==/split_config.arm64_v8a.apk!/lib/arm64-v8a/libmapbox-maps.so using ns clns-5 from class loader (caller=base.apk!classes3.dex): ok
02-19 03:27:21.418 4984 4984 I MapboxInitializer: Initialized MapboxMapsInitializerImpl successfully
02-19 03:27:21.418 4984 4984 I MapboxInitializer: MapboxSDKCommonInitializer create() is called
02-19 03:27:21.418 4984 4984 I MapboxInitializer: Already initialized MapboxSDKCommonInitializerImpl before successfully
02-19 03:27:21.430 4984 5059 E .expensify.cha: No package ID 76 found for ID 0x760b000f.
02-19 03:27:21.434 4984 5059 E .expensify.cha: No package ID 76 found for ID 0x760b000f.
02-19 03:27:21.436 4984 5059 I FA : App measurement initialized, version: 116010
02-19 03:27:21.436 4984 5059 I FA : To enable debug logging run: adb shell setprop log.tag.FA VERBOSE
02-19 03:27:21.437 4984 5059 I FA : To enable faster debug mode event logging run:
02-19 03:27:21.437 4984 5059 I FA : adb shell setprop debug.firebase.analytics.app com.expensify.chat
02-19 03:27:21.445 996 1045 I libPerfCtl: xgfGetFPS pid:2117 fps:-1
02-19 03:27:21.445 996 1045 I libPerfCtl: xgfGetFPS pid:29012 fps:56
02-19 03:27:21.453 29012 29047 I TRuntime.CctTransportBackend: Making request to: https://firebaselogging-pa.googleapis.com/v1/firelog/legacy/batchlog
02-19 03:27:21.460 1703 1883 D WifiNetworkFactory: got request NetworkRequest [ REQUEST id=7837, [ Capabilities: INTERNET&NOT_RESTRICTED&TRUSTED&NOT_VCN_MANAGED Uid: 10852 RequestorUid: 10852 RequestorPkg: com.expensify.chat UnderlyingNetworks: Null] ]
02-19 03:27:21.460 1703 1883 D UntrustedWifiNetworkFactory: got request NetworkRequest [ REQUEST id=7837, [ Capabilities: INTERNET&NOT_RESTRICTED&TRUSTED&NOT_VCN_MANAGED Uid: 10852 RequestorUid: 10852 RequestorPkg: com.expensify.chat UnderlyingNetworks: Null] ]
02-19 03:27:21.461 1703 1883 D OemPaidWifiNetworkFactory: got request NetworkRequest [ REQUEST id=7837, [ Capabilities: INTERNET&NOT_RESTRICTED&TRUSTED&NOT_VCN_MANAGED Uid: 10852 RequestorUid: 10852 RequestorPkg: com.expensify.chat UnderlyingNetworks: Null] ]
02-19 03:27:21.462 4984 4984 V SoLoader: libreact_newarchdefaults.so not found on /data/app/~~cRuVz8N8lCDfkf4B9V9aBg==/com.expensify.chat-3TAavFNh5eQK3YVgTQYmQg==/lib/arm64
02-19 03:27:21.462 4984 4984 V SoLoader: libreact_newarchdefaults.so not found on /data/app/~~cRuVz8N8lCDfkf4B9V9aBg==/com.expensify.chat-3TAavFNh5eQK3YVgTQYmQg==/split_config.arm64_v8a.apk!/lib/arm64-v8a
02-19 03:27:21.462 4984 4984 V SoLoader: libreact_newarchdefaults.so not found on /data/app/~~cRuVz8N8lCDfkf4B9V9aBg==/com.expensify.chat-3TAavFNh5eQK3YVgTQYmQg==/base.apk!/lib/arm64-v8a
02-19 03:27:21.462 4984 4984 V SoLoader: libreact_newarchdefaults.so not found on /data/app/~~cRuVz8N8lCDfkf4B9V9aBg==/com.expensify.chat-3TAavFNh5eQK3YVgTQYmQg==/split_config.es.apk!/lib/arm64-v8a
02-19 03:27:21.462 4984 4984 V SoLoader: libreact_newarchdefaults.so not found on /data/app/~~cRuVz8N8lCDfkf4B9V9aBg==/com.expensify.chat-3TAavFNh5eQK3YVgTQYmQg==/split_config.xxhdpi.apk!/lib/arm64-v8a
02-19 03:27:21.462 4984 4984 V SoLoader: libreact_newarchdefaults.so not found on /data/app/~~cRuVz8N8lCDfkf4B9V9aBg==/com.expensify.chat-3TAavFNh5eQK3YVgTQYmQg==/split_config.xxhdpi.apk!/lib/arm64-v8a
02-19 03:27:21.462 4984 4984 V SoLoader: libreact_newarchdefaults.so not found on /data/app/~~cRuVz8N8lCDfkf4B9V9aBg==/com.expensify.chat-3TAavFNh5eQK3YVgTQYmQg==/split_config.es.apk!/lib/arm64-v8a
02-19 03:27:21.474 4984 4984 V SoLoader: libdl.so not found on /data/app/~~cRuVz8N8lCDfkf4B9V9aBg==/com.expensify.chat-3TAavFNh5eQK3YVgTQYmQg==/lib/arm64
02-19 03:27:21.474 4984 4984 V SoLoader: libdl.so not found on /data/app/~~cRuVz8N8lCDfkf4B9V9aBg==/com.expensify.chat-3TAavFNh5eQK3YVgTQYmQg==/split_config.arm64_v8a.apk!/lib/arm64-v8a
02-19 03:27:21.474 4984 4984 V SoLoader: libdl.so not found on /data/app/~~cRuVz8N8lCDfkf4B9V9aBg==/com.expensify.chat-3TAavFNh5eQK3YVgTQYmQg==/base.apk!/lib/arm64-v8a
02-19 03:27:21.474 4984 4984 V SoLoader: libdl.so not found on /data/app/~~cRuVz8N8lCDfkf4B9V9aBg==/com.expensify.chat-3TAavFNh5eQK3YVgTQYmQg==/split_config.es.apk!/lib/arm64-v8a
02-19 03:27:21.474 4984 4984 V SoLoader: libdl.so not found on /data/app/~~cRuVz8N8lCDfkf4B9V9aBg==/com.expensify.chat-3TAavFNh5eQK3YVgTQYmQg==/split_config.xxhdpi.apk!/lib/arm64-v8a
02-19 03:27:21.474 4984 4984 V SoLoader: libdl.so not found on /data/app/~~cRuVz8N8lCDfkf4B9V9aBg==/com.expensify.chat-3TAavFNh5eQK3YVgTQYmQg==/split_config.xxhdpi.apk!/lib/arm64-v8a
