02-19 03:27:34.199 1703 4034 D JobScheduler: Enqueueing job: (job:5500/com.facebook.appmanager/com.facebook.oxygen.appmanager.update.core.UpdateService) work: JobWorkItem{id=0 intent=Intent { act=package_event cmp=com.facebook.appmanager/com.facebook.oxygen.appmanager.update.core.UpdateService (has extras) }}
02-19 03:27:34.204 1703 4034 D JobScheduler: Enqueueing job: (job:5100/com.facebook.appmanager/com.facebook.oxygen.common.jobqueue.JobQueueService) work: JobWorkItem{id=0 intent=Intent { act=appmanager.sso.SsoSessionWorker (has extras) }}
02-19 03:27:34.205 1703 3984 D JobScheduler: Enqueueing job: (job:5500/com.facebook.appmanager/com.facebook.oxygen.appmanager.update.core.UpdateService) work: JobWorkItem{id=0 intent=Intent { act=package_event cmp=com.facebook.appmanager/com.facebook.oxygen.appmanager.update.core.UpdateService (has extras) }}
02-19 03:27:34.209 953 1238 I hwcomposer: [HWC] (0)fire a callback of refresh to SF[4]
02-19 03:27:34.222 953 1235 I hwcomposer: [HWCDisplay] setColorTransformForJob ccorr_state=0->1 hint=0 force_disable_color=1 identity=1
02-19 03:27:34.222 953 1239 I hwcomposer: [DEV] [DEV] (Send identity matrix)
02-19 03:27:34.428 1703 3984 I ActivityManager: Killing 3137:com.android.providers.calendar/u0a150 (adj 999, setSvc -10000): empty #21
02-19 03:27:34.446 996 1045 I libPerfCtl: xgfGetFPS pid:2117 fps:-1
02-19 03:27:34.446 996 1045 I libPerfCtl: xgfGetFPS pid:29012 fps:54
02-19 03:27:34.447 1703 3984 I ActivityManager: appDiedLocked: app=ProcessRecord{3edaba7 3137:com.android.providers.calendar/u0a150} thread=android.os.BinderProxy@56f99b0 fromBinderDied=true isKilledByAm=true reason=null
02-19 03:27:34.447 912 912 I Zygote : Process 3137 exited due to signal 9 (Killed)
02-19 03:27:34.472 1703 1735 I libprocessgroup: Successfully killed process cgroup uid 10150 pid 3137 in 43ms
02-19 03:27:34.894 18692 18692 I WifiHAL : Get link layer stats
02-19 03:27:34.894 18692 18692 I WifiHAL : GetLinkStatsCommand::create
02-19 03:27:34.894 18692 18692 D android.hardware.wifi@1.0-service-lazy: WifiRequest::create vendor command to iface 32, vendor_id=0x1a11, subcmd=0x1200, res=0
02-19 03:27:34.894 18692 18692 I android.hardware.wifi@1.0-service-lazy: WifiCommand::requestResponse err=-14
02-19 03:27:34.894 18692 18692 I WifiHAL : wifi_get_link_stats: result=-1
02-19 03:27:34.895 1703 1883 E WifiVendorHal: getWifiLinkLayerStats_1_5_Internal(l.1191) failed {.code = ERROR_UNKNOWN, .description = unknown}
02-19 03:27:34.912 3595 10671 D OtaApp : PollingManagerService:NetworkCallback:networkCapabilities=[ Transports: WIFI Capabilities: NOT_METERED&INTERNET&NOT_RESTRICTED&TRUSTED&NOT_VPN&VALIDATED&NOT_ROAMING&FOREGROUND&NOT_CONGESTED&NOT_SUSPENDED&NOT_VCN_MANAGED LinkUpBandwidth>=12000Kbps LinkDnBandwidth>=30000Kbps TransportInfo: , BSSID: 02:00:00:00:00:00, MAC: 02:00:00:00:00:00, Security type: 2, Supplicant state: COMPLETED, Wi-Fi standard: 4, RSSI: -63, Link speed: 65Mbps, Tx Link speed: 65Mbps, Max Supported Tx Link speed: 72Mbps, Rx Link speed: 1Mbps, Max Supported Rx Link speed: 72Mbps, Frequency: 2437MHz, Net ID: -1, Metered hint: false, score: 60, CarrierMerged: false, SubscriptionId: -1, IsPrimary: -1> SignalStrength: -63 UnderlyingNetworks: Null]
02-19 03:27:34.912 2553 4146 I NullBinder: NullBinder for android.net.action.RECOMMEND_NETWORKS triggering remote TransactionTooLargeException due to Service without Chimera impl
02-19 03:27:34.912 2553 4146 W Binder : reply too large data on java level: InterfaceDescriptor = null, code = 1
02-19 03:27:34.912 3595 10671 D Fota : ConnectivityActionReceiver:NetworkCallback:networkCapabilities=[ Transports: WIFI Capabilities: NOT_METERED&INTERNET&NOT_RESTRICTED&TRUSTED&NOT_VPN&VALIDATED&NOT_ROAMING&FOREGROUND&NOT_CONGESTED&NOT_SUSPENDED&NOT_VCN_MANAGED LinkUpBandwidth>=12000Kbps LinkDnBandwidth>=30000Kbps TransportInfo: , BSSID: 02:00:00:00:00:00, MAC: 02:00:00:00:00:00, Security type: 2, Supplicant state: COMPLETED, Wi-Fi standard: 4, RSSI: -63, Link speed: 65Mbps, Tx Link speed: 65Mbps, Max Supported Tx Link speed: 72Mbps, Rx Link speed: 1Mbps, Max Supported Rx Link speed: 72Mbps, Frequency: 2437MHz, Net ID: -1, Metered hint: false, score: 60, CarrierMerged: false, SubscriptionId: -1, IsPrimary: -1> SignalStrength: -63 UnderlyingNetworks: Null]
02-19 03:27:34.913 3541 4938 I ModemStats: [DataStallDetectService] onCapabilitiesChanged networkCapabilities=[ Transports: WIFI Capabilities: NOT_METERED&INTERNET&NOT_RESTRICTED&TRUSTED&NOT_VPN&VALIDATED&NOT_ROAMING&FOREGROUND&NOT_CONGESTED&NOT_SUSPENDED&NOT_VCN_MANAGED LinkUpBandwidth>=12000Kbps LinkDnBandwidth>=30000Kbps TransportInfo: , BSSID: 02:00:00:00:00:00, MAC: 02:00:00:00:00:00, Security type: 2, Supplicant state: COMPLETED, Wi-Fi standard: 4, RSSI: -63, Link speed: 65Mbps, Tx Link speed: 65Mbps, Max Supported Tx Link speed: 72Mbps, Rx Link speed: 1Mbps, Max Supported Rx Link speed: 72Mbps, Frequency: 2437MHz, Net ID: -1, Metered hint: false, score: 60, CarrierMerged: false, SubscriptionId: -1, IsPrimary: -1> SignalStrength: -63 UnderlyingNetworks: Null]
02-19 03:27:34.913 3541 4938 I ModemStats: [DataStallDetectService] onCapabilitiesChanged NET_CAPABILITY_VALIDATED=true
02-19 03:27:34.913 3541 4938 I ModemStats: [DataStallDetectService] onCapabilitiesChanged mDataStallManager.mDataStallInstance=null
02-19 03:27:34.913 3541 4938 I ModemStats: [DataStallDetectService] onCapabilitiesChanged mDataStallSmart5gManager.mDataStallInstance=null
02-19 03:27:34.918 953 1235 I hwcomposer: [HWCDisplay] setColorTransformForJob ccorr_state=1->0 hint=1 force_disable_color=0 identity=0
02-19 03:27:34.918 953 1235 I hwcomposer: [HWCDisplay] [Display_0 (type:1)] fps:29.672670,dur:1583.95,max:695.47,min:15.90
02-19 03:27:34.918 953 1239 I hwcomposer: [DEV] 1024 0 0 0
02-19 03:27:34.918 953 1239 I hwcomposer: [DEV] 0 906 0 0
02-19 03:27:34.918 953 1239 I hwcomposer: [DEV] 0 0 797 0
02-19 03:27:34.918 953 1239 I hwcomposer: [DEV] 0 0 0 1024
02-19 03:27:34.918 953 1239 I hwcomposer: [DEV] [DEV] color transform: feature_flag=0
02-19 03:27:34.920 12527 12561 I CarrierServices: [9232] fau.handleMessage:39 RcsEngineImpl[DUAL_REG]:[8bcabda4-247a]>Handler: handleMessage processing message:[NOTIFY_UPTIME_IGNORE_STATE_CHANGED] with [non-null]:RcsEngineImpl reference
02-19 03:27:34.922 12527 12562 I CarrierServices: [9233] eqy.c:51 Connected state: [1], networkType: [WIFI]
02-19 03:27:34.935 12527 12561 I CarrierServices: [9232] ezm.f:78 ProvisioningEngineDataRetriever: Rcs is enabled from user settings: true
02-19 03:27:34.997 29012 30671 D RNFBCrashlyticsInit: isCrashlyticsCollectionEnabled via RNFBMeta: true
02-19 03:27:34.998 29012 30671 D RNFBCrashlyticsInit: isCrashlyticsCollectionEnabled final value: true
02-19 03:27:35.001 29012 29012 D ViewRootImpl[ExpensifyActivityBase]: update {(0,0)(fillxfill) sim={adjust=nothing} ty=BASE_APPLICATION wanim=0x10302fe
02-19 03:27:35.001 29012 29012 D ViewRootImpl[ExpensifyActivityBase]: fl=LAYOUT_IN_SCREEN LAYOUT_INSET_DECOR SPLIT_TOUCH HARDWARE_ACCELERATED DRAWS_SYSTEM_BAR_BACKGROUNDS
02-19 03:27:35.001 29012 29012 D ViewRootImpl[ExpensifyActivityBase]: pfl=NO_MOVE_ANIMATION FORCE_DRAW_STATUS_BAR_BACKGROUND FIT_INSETS_CONTROLLED
02-19 03:27:35.001 29012 29012 D ViewRootImpl[ExpensifyActivityBase]: bhv=DEFAULT
02-19 03:27:35.001 29012 29012 D ViewRootImpl[ExpensifyActivityBase]: fitSides=} by setLayoutParams
02-19 03:27:35.048 1703 1726 W Choreographer: Frame time is 0.133457 ms in the future! Check that graphics HAL is generating vsync timestamps using the correct timebase.
02-19 03:27:35.076 953 1238 I hwcomposer: [HWC] (0)fire a callback of refresh to SF[4]
02-19 03:27:35.089 953 1235 I hwcomposer: [HWCDisplay] setColorTransformForJob ccorr_state=0->1 hint=0 force_disable_color=1 identity=1
02-19 03:27:35.089 953 1239 I hwcomposer: [DEV] [DEV] (Send identity matrix)
02-19 03:27:35.200 953 1235 I hwcomposer: [HWCDisplay] setColorTransformForJob ccorr_state=1->0 hint=1 force_disable_color=0 identity=0
02-19 03:27:35.201 953 1239 I hwcomposer: [DEV] 1024 0 0 0
02-19 03:27:35.201 953 1239 I hwcomposer: [DEV] 0 906 0 0
02-19 03:27:35.201 953 1239 I hwcomposer: [DEV] 0 0 797 0
02-19 03:27:35.201 953 1239 I hwcomposer: [DEV] 0 0 0 1024
02-19 03:27:35.201 953 1239 I hwcomposer: [DEV] [DEV] color transform: feature_flag=0
02-19 03:27:35.204 1703 1722 D CompanionDeviceManagerService: onPackageModified(packageName = com.facebook.appmanager)
02-19 03:27:35.209 5241 5317 E libprocessgroup: set_timerslack_ns write failed: Operation not permitted
02-19 03:27:35.209 5241 5317 E libprocessgroup: set_timerslack_ns write failed: Operation not permitted
02-19 03:27:35.210 5241 5317 E libprocessgroup: set_timerslack_ns write failed: Operation not permitted
02-19 03:27:35.210 5241 5298 I Bugle : BroadcastReceiverAsyncWorkTracker: Acknowledging broadcast of ckgz@18f6b3
02-19 03:27:35.210 5241 5317 E libprocessgroup: set_timerslack_ns write failed: Operation not permitted
02-19 03:27:35.210 5241 5317 E libprocessgroup: set_timerslack_ns write failed: Operation not permitted
02-19 03:27:35.210 5241 5317 E libprocessgroup: set_timerslack_ns write failed: Operation not permitted
02-19 03:27:35.210 5241 5317 E libprocessgroup: set_timerslack_ns write failed: Operation not permitted
02-19 03:27:35.210 5241 5317 E libprocessgroup: set_timerslack_ns write failed: Operation not permitted
02-19 03:27:35.211 5241 5317 E libprocessgroup: set_timerslack_ns write failed: Operation not permitted
02-19 03:27:35.211 5241 5317 E libprocessgroup: set_timerslack_ns write failed: Operation not permitted
02-19 03:27:35.211 5241 5317 E libprocessgroup: set_timerslack_ns write failed: Operation not permitted
02-19 03:27:35.211 5241 5317 E libprocessgroup: set_timerslack_ns write failed: Operation not permitted
02-19 03:27:35.211 5241 5317 E libprocessgroup: set_timerslack_ns write failed: Operation not permitted
02-19 03:27:35.211 5241 5317 E libprocessgroup: set_timerslack_ns write failed: Operation not permitted
02-19 03:27:35.211 5241 5317 E libprocessgroup: set_timerslack_ns write failed: Operation not permitted
02-19 03:27:35.212 5241 5317 E libprocessgroup: set_timerslack_ns write failed: Operation not permitted
02-19 03:27:35.212 5241 5317 E libprocessgroup: set_timerslack_ns write failed: Operation not permitted
02-19 03:27:35.212 5241 5317 E libprocessgroup: set_timerslack_ns write failed: Operation not permitted
02-19 03:27:35.212 5241 5317 E libprocessgroup: set_timerslack_ns write failed: Operation not permitted
02-19 03:27:35.212 5241 5317 E libprocessgroup: set_timerslack_ns write failed: Operation not permitted
02-19 03:27:35.212 5241 5317 E libprocessgroup: set_timerslack_ns write failed: Operation not permitted
02-19 03:27:35.212 5241 5317 E libprocessgroup: set_timerslack_ns write failed: Operation not permitted
02-19 03:27:35.212 5241 5317 E libprocessgroup: set_timerslack_ns write failed: Operation not permitted
02-19 03:27:35.212 5241 5317 E libprocessgroup: set_timerslack_ns write failed: Operation not permitted
02-19 03:27:35.212 5241 5317 E libprocessgroup: set_timerslack_ns write failed: Operation not permitted
02-19 03:27:35.213 5241 5317 E libprocessgroup: set_timerslack_ns write failed: Operation not permitted
02-19 03:27:35.213 5241 5317 E libprocessgroup: set_timerslack_ns write failed: Operation not permitted
02-19 03:27:35.213 5241 5317 E libprocessgroup: set_timerslack_ns write failed: Operation not permitted
02-19 03:27:35.213 1703 3480 D JobScheduler: Enqueueing job: (job:5100/com.facebook.appmanager/com.facebook.oxygen.common.jobqueue.JobQueueService) work: JobWorkItem{id=0 intent=Intent { act=preloads.common.packages.source.common.RegisteredPackageEventWorker (has extras) }}
02-19 03:27:35.220 1703 1821 I InputReader: Reconfiguring input devices, changes=KEYBOARD_LAYOUTS |
02-19 03:27:35.224 1703 1703 I Telecom : DefaultDialerCache: Refreshing default dialer for user 0: now com.google.android.dialer: DDC.oR@HLA
02-19 03:27:35.227 25232 25250 I PermissionControllerServiceImpl: Updating user sensitive for uid 10231
02-19 03:27:35.236 3450 3450 E AidRoutingManager: Size of routing table774
02-19 03:27:35.236 3450 3450 I NfcService: Add T4T Nfcee AID
02-19 03:27:35.237 3450 3450 D RegisteredNfcFServicesCache: Service unchanged, not updating
02-19 03:27:35.239 2305 2319 I SecureElement-Terminal-SIM1: isNfcEventAllowed: No access rules for checking.
02-19 03:27:35.258 2342 2342 D CarrierSvcBindHelper: No carrier app for: 0
02-19 03:27:35.271 2342 2342 D ImsResolver: maybeAddedImsService, packageName: com.facebook.appmanager
02-19 03:27:35.294 2433 2477 I SQLiteCacheHelper: SqliteCacheHelper---->delete whereClause = componentName LIKE ? AND profileId = ?, whereArgs = com.facebook.appmanager/%;0;
02-19 03:27:35.302 2433 2477 I SQLiteCacheHelper: SqliteCacheHelper---->delete whereClause = packageName = ? AND profileId = ?, whereArgs = com.facebook.appmanager;0;
02-19 03:27:35.306 2433 2477 D CustomAppIcons: Get custom app icon: android.app.Application@b92f1bd | com.facebook.appmanager |
02-19 03:27:35.306 2433 2477 D CustomAppIcons: Icon from CustomAppIcons: com.facebook.appmanager | | null
02-19 03:27:35.314 2433 2477 E CustomAppIcons: Load icon from drawable: android.graphics.drawable.AdaptiveIconDrawable@c08f618
02-19 03:27:35.433 1299 1379 E AAL : [ERROR] Kernel does not support AAL, please enable CONFIG_MTK_AAL_SUPPORT in kconfig.
02-19 03:27:35.446 996 1045 I libPerfCtl: xgfGetFPS pid:29012 fps:53
02-19 03:27:35.659 381 381 D BoundBrokerSvc: onBind: Intent { act=com.google.android.gms.feedback.internal.IFeedbackService dat=chimera-action: cmp=com.google.android.gms/.chimera.GmsBoundBrokerService }
02-19 03:27:35.659 381 381 D BoundBrokerSvc: Loading bound service for intent: Intent { act=com.google.android.gms.feedback.internal.IFeedbackService dat=chimera-action: cmp=com.google.android.gms/.chimera.GmsBoundBrokerService }
02-19 03:27:35.834 29012 29012 W [RNScreens]: backTitleVisible prop is not available on Android
02-19 03:27:35.835 29012 29012 W [RNScreens]: largeTitleHideShadow prop is not available on Android
02-19 03:27:35.835 29012 29012 W [RNScreens]: disableBackButtonMenu prop is not available on Android
02-19 03:27:35.943 953 1238 I hwcomposer: [HWC] (0)fire a callback of refresh to SF[4]
02-19 03:27:35.959 953 1235 I hwcomposer: [HWCDisplay] setColorTransformForJob ccorr_state=0->1 hint=0 force_disable_color=1 identity=1
02-19 03:27:35.959 953 1235 I hwcomposer: [HWCDisplay] [Display_0 (type:1)] fps:45.137043,dur:1041.27,max:111.85,min:15.72
02-19 03:27:35.960 953 1239 I hwcomposer: [DEV] [DEV] (Send identity matrix)
02-19 03:27:35.995 29012 29270 D skia : --- Failed to create image decoder with message 'unimplemented'
02-19 03:27:35.995 29012 29271 D skia : --- Failed to create image decoder with message 'unimplemented'
02-19 03:27:35.997 29012 29270 D skia : --- Failed to create image decoder with message 'unimplemented'
02-19 03:27:35.997 29012 29271 D skia : --- Failed to create image decoder with message 'unimplemented'
02-19 03:27:35.998 29012 29270 D skia : --- Failed to create image decoder with message 'unimplemented'
02-19 03:27:35.998 29012 29271 D skia : --- Failed to create image decoder with message 'unimplemented'
02-19 03:27:36.000 29012 29270 D skia : --- Failed to create image decoder with message 'unimplemented'
02-19 03:27:36.000 29012 29271 D skia : --- Failed to create image decoder with message 'unimplemented'
02-19 03:27:36.001 29012 29270 D skia : --- Failed to create image decoder with message 'unimplemented'
02-19 03:27:36.001 29012 29271 D skia : --- Failed to create image decoder with message 'unimplemented'
02-19 03:27:36.002 29012 29270 D skia : --- Failed to create image decoder with message 'unimplemented'
02-19 03:27:36.003 29012 29271 D skia : --- Failed to create image decoder with message 'unimplemented'
02-19 03:27:36.008 1703 1793 D BatteryService: uevent={POWER_SUPPLY_VOLTAGE_NOW=3903000, POWER_SUPPLY_CHARGE_RATE=Turbo, POWER_SUPPLY_CURRENT_AVG=440900, POWER_SUPPLY_CAPACITY_LEVEL=Normal, POWER_SUPPLY_HEALTH=Good, POWER_SUPPLY_CURRENT_NOW=357100, POWER_SUPPLY_PRESENT=1, POWER_SUPPLY_TECHNOLOGY=Li-poly, POWER_SUPPLY_CHARGE_FULL=5041000, POWER_SUPPLY_TIME_TO_FULL_NOW=28888, POWER_SUPPLY_CHARGE_FULL_DESIGN=5041000, SUBSYSTEM=power_supply, POWER_SUPPLY_TEMP=358, SEQNUM=116595, ACTION=change, POWER_SUPPLY_AGE=90, POWER_SUPPLY_NAME=battery, POWER_SUPPLY_STATUS=Charging, POWER_SUPPLY_CYCLE_COUNT=778, POWER_SUPPLY_CHARGE_COUNTER=1965990, POWER_SUPPLY_CAPACITY=39, DEVPATH=/devices/platform/battery/power_supply/battery}
02-19 03:27:36.008 1703 1793 D BatteryService: uevent={POWER_SUPPLY_VOLTAGE_NOW=3903000, POWER_SUPPLY_CHARGE_RATE=Turbo, POWER_SUPPLY_CURRENT_AVG=440900, POWER_SUPPLY_CAPACITY_LEVEL=Normal, POWER_SUPPLY_HEALTH=Good, POWER_SUPPLY_CURRENT_NOW=357100, POWER_SUPPLY_PRESENT=1, POWER_SUPPLY_TECHNOLOGY=Li-poly, POWER_SUPPLY_CHARGE_FULL=5041000, POWER_SUPPLY_TIME_TO_FULL_NOW=28888, POWER_SUPPLY_CHARGE_FULL_DESIGN=5041000, SUBSYSTEM=power_supply, POWER_SUPPLY_TEMP=358, SEQNUM=116595, ACTION=change, POWER_SUPPLY_AGE=90, POWER_SUPPLY_NAME=battery, POWER_SUPPLY_STATUS=Charging, POWER_SUPPLY_CYCLE_COUNT=778, POWER_SUPPLY_CHARGE_COUNTER=1965990, POWER_SUPPLY_CAPACITY=39, DEVPATH=/devices/platform/battery/power_supply/battery}
02-19 03:27:36.013 1037 1037 W MTK_FG : fd < 0, init first!
02-19 03:27:36.013 1037 1037 E MTK_FG : init failed, return!
02-19 03:27:36.013 1037 1037 W MTK_FG : fd < 0, init first!
02-19 03:27:36.013 1037 1037 E MTK_FG : init failed, return!
02-19 03:27:36.024 3708 4195 D CmdCenter: - RowBase2: sPrevModStatus: 1, modStatus: 1
02-19 03:27:36.024 3708 4195 D CmdCenter: - RowBase2: sPrevBatStatus: 2, status: 2
02-19 03:27:36.024 3708 4195 D CmdCenter: - RowBase2: sPrevChargeRate = 3, new = 3
02-19 03:27:36.024 3708 4195 D CmdCenter: - RowBase2: sPrevPlugType: 2 plugType: 2
02-19 03:27:36.043 1703 1793 D BatteryService: uevent={POWER_SUPPLY_VOLTAGE_NOW=3886000, POWER_SUPPLY_CHARGE_RATE=Turbo, POWER_SUPPLY_CURRENT_AVG=440900, POWER_SUPPLY_CAPACITY_LEVEL=Normal, POWER_SUPPLY_HEALTH=Good, POWER_SUPPLY_CURRENT_NOW=113600, POWER_SUPPLY_PRESENT=1, POWER_SUPPLY_TECHNOLOGY=Li-poly, POWER_SUPPLY_CHARGE_FULL=5041000, POWER_SUPPLY_TIME_TO_FULL_NOW=86080, POWER_SUPPLY_CHARGE_FULL_DESIGN=5041000, SUBSYSTEM=power_supply, POWER_SUPPLY_TEMP=356, SEQNUM=116598, ACTION=change, POWER_SUPPLY_AGE=90, POWER_SUPPLY_NAME=battery, POWER_SUPPLY_STATUS=Charging, POWER_SUPPLY_CYCLE_COUNT=778, POWER_SUPPLY_CHARGE_COUNTER=1965990, POWER_SUPPLY_CAPACITY=39, DEVPATH=/devices/platform/battery/power_supply/battery}
02-19 03:27:36.043 1703 1793 D BatteryService: uevent={POWER_SUPPLY_VOLTAGE_NOW=3886000, POWER_SUPPLY_CHARGE_RATE=Turbo, POWER_SUPPLY_CURRENT_AVG=440900, POWER_SUPPLY_CAPACITY_LEVEL=Normal, POWER_SUPPLY_HEALTH=Good, POWER_SUPPLY_CURRENT_NOW=113600, POWER_SUPPLY_PRESENT=1, POWER_SUPPLY_TECHNOLOGY=Li-poly, POWER_SUPPLY_CHARGE_FULL=5041000, POWER_SUPPLY_TIME_TO_FULL_NOW=86080, POWER_SUPPLY_CHARGE_FULL_DESIGN=5041000, SUBSYSTEM=power_supply, POWER_SUPPLY_TEMP=356, SEQNUM=116598, ACTION=change, POWER_SUPPLY_AGE=90, POWER_SUPPLY_NAME=battery, POWER_SUPPLY_STATUS=Charging, POWER_SUPPLY_CYCLE_COUNT=778, POWER_SUPPLY_CHARGE_COUNTER=1965990, POWER_SUPPLY_CAPACITY=39, DEVPATH=/devices/platform/battery/power_supply/battery}
02-19 03:27:36.056 3708 4195 D CmdCenter: - RowBase2: sPrevModStatus: 1, modStatus: 1
02-19 03:27:36.056 3708 4195 D CmdCenter: - RowBase2: sPrevBatStatus: 2, status: 2
02-19 03:27:36.056 3708 4195 D CmdCenter: - RowBase2: sPrevChargeRate = 3, new = 3
02-19 03:27:36.056 3708 4195 D CmdCenter: - RowBase2: sPrevPlugType: 2 plugType: 2
02-19 03:27:36.074 1703 1793 D BatteryService: uevent={POWER_SUPPLY_VOLTAGE_NOW=3898000, POWER_SUPPLY_CHARGE_RATE=Turbo, POWER_SUPPLY_CURRENT_AVG=440900, POWER_SUPPLY_CAPACITY_LEVEL=Normal, POWER_SUPPLY_HEALTH=Good, POWER_SUPPLY_CURRENT_NOW=341400, POWER_SUPPLY_PRESENT=1, POWER_SUPPLY_TECHNOLOGY=Li-poly, POWER_SUPPLY_CHARGE_FULL=5041000, POWER_SUPPLY_TIME_TO_FULL_NOW=37820, POWER_SUPPLY_CHARGE_FULL_DESIGN=5041000, SUBSYSTEM=power_supply, POWER_SUPPLY_TEMP=358, SEQNUM=116600, ACTION=change, POWER_SUPPLY_AGE=90, POWER_SUPPLY_NAME=battery, POWER_SUPPLY_STATUS=Charging, POWER_SUPPLY_CYCLE_COUNT=778, POWER_SUPPLY_CHARGE_COUNTER=1965990, POWER_SUPPLY_CAPACITY=39, DEVPATH=/devices/platform/battery/power_supply/battery}
02-19 03:27:36.075 1703 1793 D BatteryService: uevent={POWER_SUPPLY_VOLTAGE_NOW=3898000, POWER_SUPPLY_CHARGE_RATE=Turbo, POWER_SUPPLY_CURRENT_AVG=440900, POWER_SUPPLY_CAPACITY_LEVEL=Normal, POWER_SUPPLY_HEALTH=Good, POWER_SUPPLY_CURRENT_NOW=341400, POWER_SUPPLY_PRESENT=1, POWER_SUPPLY_TECHNOLOGY=Li-poly, POWER_SUPPLY_CHARGE_FULL=5041000, POWER_SUPPLY_TIME_TO_FULL_NOW=37820, POWER_SUPPLY_CHARGE_FULL_DESIGN=5041000, SUBSYSTEM=power_supply, POWER_SUPPLY_TEMP=358, SEQNUM=116600, ACTION=change, POWER_SUPPLY_AGE=90, POWER_SUPPLY_NAME=battery, POWER_SUPPLY_STATUS=Charging, POWER_SUPPLY_CYCLE_COUNT=778, POWER_SUPPLY_CHARGE_COUNTER=1965990, POWER_SUPPLY_CAPACITY=39, DEVPATH=/devices/platform/battery/power_supply/battery}
02-19 03:27:36.086 3708 4195 D CmdCenter: - RowBase2: sPrevModStatus: 1, modStatus: 1
02-19 03:27:36.086 3708 4195 D CmdCenter: - RowBase2: sPrevBatStatus: 2, status: 2
02-19 03:27:36.086 3708 4195 D CmdCenter: - RowBase2: sPrevChargeRate = 3, new = 3
02-19 03:27:36.086 3708 4195 D CmdCenter: - RowBase2: sPrevPlugType: 2 plugType: 2
02-19 03:27:36.317 953 1235 I hwcomposer: [HWCDisplay] setColorTransformForJob ccorr_state=1->0 hint=1 force_disable_color=0 identity=0
02-19 03:27:36.318 953 1239 I hwcomposer: [DEV] 1024 0 0 0
02-19 03:27:36.318 953 1239 I hwcomposer: [DEV] 0 906 0 0
02-19 03:27:36.318 953 1239 I hwcomposer: [DEV] 0 0 797 0
02-19 03:27:36.318 953 1239 I hwcomposer: [DEV] 0 0 0 1024
02-19 03:27:36.318 953 1239 I hwcomposer: [DEV] [DEV] color transform: feature_flag=0
02-19 03:27:36.326 29012 30671 D RNFBCrashlyticsInit: isCrashlyticsCollectionEnabled via RNFBMeta: true
02-19 03:27:36.326 29012 30671 D RNFBCrashlyticsInit: isCrashlyticsCollectionEnabled final value: true
02-19 03:27:36.372 953 1238 I hwcomposer: [HWC] (0)fire a callback of refresh to SF[4]
02-19 03:27:36.387 953 1235 I hwcomposer: [HWCDisplay] setColorTransformForJob ccorr_state=0->1 hint=0 force_disable_color=1 identity=1
02-19 03:27:36.388 953 1239 I hwcomposer: [DEV] [DEV] (Send identity matrix)
02-19 03:27:36.392 1293 1293 I thermal_repeater: [recvMdThermalInfo] ret=27, strLen=127, 3, 35, -50, 0, 32767, 9457
02-19 03:27:36.447 996 1045 I libPerfCtl: xgfGetFPS pid:29012 fps:59
02-19 03:27:36.913 5398 5398 W linker64: type=1400 audit(0.0:25385): avc: denied { search } for name="power_supply" dev="sysfs" ino=22639 scontext=u:r:untrusted_app:s0:c172,c259,c512,c768 tcontext=u:object_r:vendor_sysfs_battery_supply:s0 tclass=dir permissive=0 app=org.me.mobiexpensifyg --------- beginning of crash
02-19 03:27:36.917 29012 29012 F libc : Fatal signal 11 (SIGSEGV), code 1 (SEGV_MAPERR), fault addr 0x800000000e8b in tid 29012 (.mobiexpensifyg), pid 29012 (.mobiexpensifyg)
02-19 03:27:37.158 5402 5402 I crash_dump64: obtaining output fd from tombstoned, type: kDebuggerdTombstoneProto
02-19 03:27:37.162 729 729 I tombstoned: received crash request for pid 29012
02-19 03:27:37.163 5402 5402 I crash_dump64: performing dump of process 29012 (target tid = 29012)
02-19 03:27:37.191 5402 5402 E DEBUG : failed to read /proc/uptime: Permission denied
02-19 03:27:37.447 996 1045 I libPerfCtl: xgfGetFPS pid:29012 fps:-1
02-19 03:27:37.907 18692 18692 I WifiHAL : Get link layer stats
02-19 03:27:37.907 18692 18692 I WifiHAL : GetLinkStatsCommand::create
02-19 03:27:37.907 18692 18692 D android.hardware.wifi@1.0-service-lazy: WifiRequest::create vendor command to iface 32, vendor_id=0x1a11, subcmd=0x1200, res=0
02-19 03:27:37.908 18692 18692 I android.hardware.wifi@1.0-service-lazy: WifiCommand::requestResponse err=-14
02-19 03:27:37.908 18692 18692 I WifiHAL : wifi_get_link_stats: result=-1
02-19 03:27:37.908 1703 1883 E WifiVendorHal: getWifiLinkLayerStats_1_5_Internal(l.1191) failed {.code = ERROR_UNKNOWN, .description = unknown}
02-19 03:27:38.362 5402 5402 F DEBUG : *** *** *** *** *** *** *** *** *** *** *** *** *** *** *** ***
02-19 03:27:38.362 5402 5402 F DEBUG : Build fingerprint: 'motorola/lisbon_retail/lisbon:12/S3RLS32.114-25-13/cdb96c:user/release-keys'
02-19 03:27:38.362 5402 5402 F DEBUG : Revision: 'PVT'
02-19 03:27:38.362 5402 5402 F DEBUG : ABI: 'arm64'
02-19 03:27:38.362 5402 5402 F DEBUG : Timestamp: 2025-02-19 03:27:37.191076218-0300
02-19 03:27:38.362 5402 5402 F DEBUG : Process uptime: 0s
02-19 03:27:38.362 5402 5402 F DEBUG : Cmdline: org.me.mobiexpensifyg
02-19 03:27:38.362 5402 5402 F DEBUG : pid: 29012, tid: 29012, name: .mobiexpensifyg >>> org.me.mobiexpensifyg <<<
02-19 03:27:38.363 5402 5402 F DEBUG : uid: 10940
02-19 03:27:38.363 5402 5402 F DEBUG : signal 11 (SIGSEGV), code 1 (SEGV_MAPERR), fault addr 0x800000000e8b
02-19 03:27:38.363 5402 5402 F DEBUG : x0 0000007fe5deaed0 x1 00000068e2800000 x2 00000000000009cf x3 0000000000000001
02-19 03:27:38.363 5402 5402 F DEBUG : x4 0000007fe5deae10 x5 000000003ed210bc x6 0000007fe5deaec8 x7 0000007fe5deaec8
02-19 03:27:38.363 5402 5402 F DEBUG : x8 0000800000000e7f x9 0000007fe5deaeb8 x10 0000007fe5deaf48 x11 ffffffffffffffff
02-19 03:27:38.363 5402 5402 F DEBUG : x12 0000000000000000 x13 6d6f632e79666973 x14 0000000000000001 x15 00000068e2e2639c
02-19 03:27:38.363 5402 5402 F DEBUG : x16 0000006bed7f99d8 x17 0000007a64d2f530 x18 0000000000000003 x19 0000000000000000
02-19 03:27:38.363 5402 5402 F DEBUG : x20 0000007fe5deaed8 x21 0000007fe5deae08 x22 00000068e2800000 x23 b400006bc02371e8
02-19 03:27:38.363 5402 5402 F DEBUG : x24 00000000000009cf x25 0000007fe5deaec8 x26 0000000000000001 x27 0000000000000001
02-19 03:27:38.363 5402 5402 F DEBUG : x28 0000007fe5deaeb8 x29 0000007fe5dead70
02-19 03:27:38.363 5402 5402 F DEBUG : lr 0000006bed6b5814 sp 0000007fe5dead60 pc 0000006bed6b583c pst 0000000000001000
02-19 03:27:38.363 5402 5402 F DEBUG : backtrace:
02-19 03:27:38.363 5402 5402 F DEBUG : #00 pc 00000000000e683c /data/app/~~G4mUDRHGVfHIQMcL0D1FVQ==/org.me.mobiexpensifyg-gISlg8B1hAV2cHwfQqjTdA==/lib/arm64/libhermes.so (BuildId: 83ee171dd2864af68d9dc4088283166739d07dc8)
02-19 03:27:38.363 5402 5402 F DEBUG : #01 pc 00000000000e89b4 /data/app/~~G4mUDRHGVfHIQMcL0D1FVQ==/org.me.mobiexpensifyg-gISlg8B1hAV2cHwfQqjTdA==/lib/arm64/libhermes.so (BuildId: 83ee171dd2864af68d9dc4088283166739d07dc8)
02-19 03:27:38.363 5402 5402 F DEBUG : #02 pc 00000000000b2140 /data/app/~~G4mUDRHGVfHIQMcL0D1FVQ==/org.me.mobiexpensifyg-gISlg8B1hAV2cHwfQqjTdA==/lib/arm64/libhermes.so (BuildId: 83ee171dd2864af68d9dc4088283166739d07dc8)
02-19 03:27:38.363 5402 5402 F DEBUG : #03 pc 000000000003b264 /data/app/~~G4mUDRHGVfHIQMcL0D1FVQ==/org.me.mobiexpensifyg-gISlg8B1hAV2cHwfQqjTdA==/lib/arm64/libworklets.so (worklets::ShareableObject::toJSValue(facebook::jsi::Runtime&)+236) (BuildId: b6e09933fcf5bddf9e08cc08e99bcc3e53016615)
02-19 03:27:38.363 5402 5402 F DEBUG : #04 pc 000000000003b248 /data/app/~~G4mUDRHGVfHIQMcL0D1FVQ==/org.me.mobiexpensifyg-gISlg8B1hAV2cHwfQqjTdA==/lib/arm64/libworklets.so (worklets::ShareableObject::toJSValue(facebook::jsi::Runtime&)+208) (BuildId: b6e09933fcf5bddf9e08cc08e99bcc3e53016615)
02-19 03:27:38.363 5402 5402 F DEBUG : #05 pc 000000000003b248 /data/app/~~G4mUDRHGVfHIQMcL0D1FVQ==/org.me.mobiexpensifyg-gISlg8B1hAV2cHwfQqjTdA==/lib/arm64/libworklets.so (worklets::ShareableObject::toJSValue(facebook::jsi::Runtime&)+208) (BuildId: b6e09933fcf5bddf9e08cc08e99bcc3e53016615)
02-19 03:27:38.363 5402 5402 F DEBUG : #06 pc 000000000003b248 /data/app/~~G4mUDRHGVfHIQMcL0D1FVQ==/org.me.mobiexpensifyg-gISlg8B1hAV2cHwfQqjTdA==/lib/arm64/libworklets.so (worklets::ShareableObject::toJSValue(facebook::jsi::Runtime&)+208) (BuildId: b6e09933fcf5bddf9e08cc08e99bcc3e53016615)
02-19 03:27:38.363 5402 5402 F DEBUG : #07 pc 000000000003b7e4 /data/app/~~G4mUDRHGVfHIQMcL0D1FVQ==/org.me.mobiexpensifyg-gISlg8B1hAV2cHwfQqjTdA==/lib/arm64/libworklets.so (worklets::ShareableWorklet::toJSValue(facebook::jsi::Runtime&)+44) (BuildId: b6e09933fcf5bddf9e08cc08e99bcc3e53016615)
02-19 03:27:38.363 5402 5402 F DEBUG : #08 pc 000000000003b248 /data/app/~~G4mUDRHGVfHIQMcL0D1FVQ==/org.me.mobiexpensifyg-gISlg8B1hAV2cHwfQqjTdA==/lib/arm64/libworklets.so (worklets::ShareableObject::toJSValue(facebook::jsi::Runtime&)+208) (BuildId: b6e09933fcf5bddf9e08cc08e99bcc3e53016615)
02-19 03:27:38.363 5402 5402 F DEBUG : #09 pc 000000000003b248 /data/app/~~G4mUDRHGVfHIQMcL0D1FVQ==/org.me.mobiexpensifyg-gISlg8B1hAV2cHwfQqjTdA==/lib/arm64/libworklets.so (worklets::ShareableObject::toJSValue(facebook::jsi::Runtime&)+208) (BuildId: b6e09933fcf5bddf9e08cc08e99bcc3e53016615)
02-19 03:27:38.363 5402 5402 F DEBUG : #10 pc 000000000003b7e4 /data/app/~~G4mUDRHGVfHIQMcL0D1FVQ==/org.me.mobiexpensifyg-gISlg8B1hAV2cHwfQqjTdA==/lib/arm64/libworklets.so (worklets::ShareableWorklet::toJSValue(facebook::jsi::Runtime&)+44) (BuildId: b6e09933fcf5bddf9e08cc08e99bcc3e53016615)
02-19 03:27:38.363 5402 5402 F DEBUG : #11 pc 000000000003b248 /data/app/~~G4mUDRHGVfHIQMcL0D1FVQ==/org.me.mobiexpensifyg-gISlg8B1hAV2cHwfQqjTdA==/lib/arm64/libworklets.so (worklets::ShareableObject::toJSValue(facebook::jsi::Runtime&)+208) (BuildId: b6e09933fcf5bddf9e08cc08e99bcc3e53016615)
02-19 03:27:38.363 5402 5402 F DEBUG : #12 pc 000000000003b248 /data/app/~~G4mUDRHGVfHIQMcL0D1FVQ==/org.me.mobiexpensifyg-gISlg8B1hAV2cHwfQqjTdA==/lib/arm64/libworklets.so (worklets::ShareableObject::toJSValue(facebook::jsi::Runtime&)+208) (BuildId: b6e09933fcf5bddf9e08cc08e99bcc3e53016615)
02-19 03:27:38.363 5402 5402 F DEBUG : #13 pc 000000000003b7e4 /data/app/~~G4mUDRHGVfHIQMcL0D1FVQ==/org.me.mobiexpensifyg-gISlg8B1hAV2cHwfQqjTdA==/lib/arm64/libworklets.so (worklets::ShareableWorklet::toJSValue(facebook::jsi::Runtime&)+44) (BuildId: b6e09933fcf5bddf9e08cc08e99bcc3e53016615)
02-19 03:27:38.363 5402 5402 F DEBUG : #14 pc 00000000000054d4 /data/app/~~G4mUDRHGVfHIQMcL0D1FVQ==/org.me.mobiexpensifyg-gISlg8B1hAV2cHwfQqjTdA==/lib/arm64/liblivemarkdown.so (BuildId: f49ad7e3a6a252a8554f3eafb1c48e5245ca3b06)
02-19 03:27:38.363 5402 5402 F DEBUG : #15 pc 0000000000005cc4 /data/app/~~G4mUDRHGVfHIQMcL0D1FVQ==/org.me.mobiexpensifyg-gISlg8B1hAV2cHwfQqjTdA==/lib/arm64/liblivemarkdown.so (BuildId: f49ad7e3a6a252a8554f3eafb1c48e5245ca3b06)
02-19 03:27:38.363 5402 5402 F DEBUG : #16 pc 00000000003ca15c /data/misc/apexdata/com.android.art/dalvik-cache/arm64/boot.oat (art_jni_trampoline+124)
02-19 03:27:38.412 729 729 E tombstoned: Tombstone written to: tombstone_28
02-19 03:27:38.413 1703 5408 I DropBoxManagerService: add tag=data_app_native_crash isTagEnabled=true flags=0x2
02-19 03:27:38.414 1703 5408 W DropBoxManagerService: Dropping: data_app_native_crash (5442 > 0 bytes)
02-19 03:27:38.416 1703 5407 W ActivityTaskManager: Force finishing activity org.me.mobiexpensifyg/.ExpensifyActivityBase
02-19 03:27:38.420 1703 5407 V WindowManager: Changing focus of displayId=0 to null from Window{d8f78f u0 org.me.mobiexpensifyg/org.me.mobiexpensifyg.ExpensifyActivityBase}
02-19 03:27:38.438 1703 1804 I BootReceiver: Copying /data/tombstones/tombstone_28 to DropBox (SYSTEM_TOMBSTONE)
02-19 03:27:38.439 1703 1804 I DropBoxManagerService: add tag=SYSTEM_TOMBSTONE isTagEnabled=true flags=0x6
02-19 03:27:38.439 1703 1804 W DropBoxManagerService: Dropping: SYSTEM_TOMBSTONE (256574 > 0 bytes)
02-19 03:27:38.447 1030 1030 D Layer : d8f78f org.me.mobiexpensifyg/org.me.mobiexpensifyg.ExpensifyActivityBase#0: setFrameRate to 0.00fps Exact Default
02-19 03:27:38.447 996 1045 I libPerfCtl: xgfGetFPS pid:29012 fps:-1
02-19 03:27:38.448 1703 1733 W BroadcastQueue: Background execution not allowed: receiving Intent { act=android.intent.action.DROPBOX_ENTRY_ADDED flg=0x10 (has extras) } to com.google.android.gms/.stats.service.DropBoxEntryAddedReceiver
02-19 03:27:38.450 1703 1733 W BroadcastQueue: Background execution not allowed: receiving Intent { act=android.intent.action.DROPBOX_ENTRY_ADDED flg=0x10 (has extras) } to com.google.android.gms/.stats.service.DropBoxEntryAddedReceiver
02-19 03:27:38.451 953 1235 I hwcomposer: [HWCDisplay] setColorTransformForJob ccorr_state=1->0 hint=1 force_disable_color=0 identity=0
02-19 03:27:38.451 953 1235 I hwcomposer: [HWCDisplay] [Display_0 (type:1)] fps:1.203588,dur:2492.55,max:2064.14,min:69.79
02-19 03:27:38.452 953 1239 I hwcomposer: [DEV] 1024 0 0 0
02-19 03:27:38.452 953 1239 I hwcomposer: [DEV] 0 906 0 0
02-19 03:27:38.452 953 1239 I hwcomposer: [DEV] 0 0 797 0
02-19 03:27:38.452 953 1239 I hwcomposer: [DEV] 0 0 0 1024
02-19 03:27:38.452 953 1239 I hwcomposer: [DEV] [DEV] color transform: feature_flag=0
02-19 03:27:38.454 1703 1804 I DropBoxManagerService: add tag=SYSTEM_TOMBSTONE_PROTO isTagEnabled=true flags=0x4
02-19 03:27:38.454 1703 1804 W DropBoxManagerService: Dropping: SYSTEM_TOMBSTONE_PROTO (416585 > 0 bytes)
02-19 03:27:38.463 1703 1733 W BroadcastQueue: Background execution not allowed: receiving Intent { act=android.intent.action.DROPBOX_ENTRY_ADDED flg=0x10 (has extras) } to com.google.android.gms/.stats.service.DropBoxEntryAddedReceiver
02-19 03:27:38.468 3798 3848 W DynamicVolume: DynamicVolumeService: onForegroundActivitiesChanged, record latest volume: AppStartVolume(packageUid=10291, packageName=com.motorola.launcher3, timeInMillis=1739946458464, date=Wed Feb 19 03:27:38 GMT-03:00 2025, startVolume=10, deviceType=2)
02-19 03:27:38.479 1703 16578 I GED : ged_boost_gpu_freq, level 100, eOrigin 2, final_idx 27, oppidx_max 27, oppidx_min 0
02-19 03:27:38.539 953 1238 I hwcomposer: [HWC] (0)fire a callback of refresh to SF[4]
02-19 03:27:38.547 1703 1715 I system_server: Background young concurrent copying GC freed 11MB AllocSpace bytes, 160(10MB) LOS objects, 23% free, 62MB/81MB, paused 1.197ms,230us total 128.451ms
02-19 03:27:38.558 953 1235 I hwcomposer: [HWCDisplay] setColorTransformForJob ccorr_state=0->1 hint=0 force_disable_color=1 identity=1
02-19 03:27:38.558 953 1239 I hwcomposer: [DEV] [DEV] (Send identity matrix)
02-19 03:27:38.581 953 1235 I hwcomposer: [HWCDisplay] setColorTransformForJob ccorr_state=1->0 hint=1 force_disable_color=0 identity=0
02-19 03:27:38.582 953 1239 I hwcomposer: [DEV] 1024 0 0 0
02-19 03:27:38.582 953 1239 I hwcomposer: [DEV] 0 906 0 0
02-19 03:27:38.582 953 1239 I hwcomposer: [DEV] 0 0 797 0
02-19 03:27:38.582 953 1239 I hwcomposer: [DEV] 0 0 0 1024
02-19 03:27:38.582 953 1239 I hwcomposer: [DEV] [DEV] color transform: feature_flag=0
02-19 03:27:38.632 1703 2146 I WindowManager: WIN DEATH: Window{d8f78f u0 org.me.mobiexpensifyg/org.me.mobiexpensifyg.ExpensifyActivityBase}
02-19 03:27:38.632 1703 2328 I ActivityManager: appDiedLocked: app=ProcessRecord{3019131 29012:org.me.mobiexpensifyg/u0a940} thread=android.os.BinderProxy@4607954 fromBinderDied=true isKilledByAm=false reason=null
02-19 03:27:38.632 1703 2328 I ActivityManager: Process org.me.mobiexpensifyg (pid 29012) has died: fg TOP
02-19 03:27:38.632 1703 2146 W InputManager-JNI: Input channel object 'd8f78f org.me.mobiexpensifyg/org.me.mobiexpensifyg.ExpensifyActivityBase (client)' was disposed without first being removed with the input manager!
02-19 03:27:38.632 1030 2747 I ClientCache: removeProcess: Cache owner=0xb400007e124ac640
02-19 03:27:38.633 1703 1735 I libprocessgroup: Successfully killed process cgroup uid 10940 pid 29012 in 0ms
02-19 03:27:38.636 912 912 I Zygote : Process 29012 exited due to signal 11 (Segmentation fault)
02-19 03:27:38.639 1703 2328 W ActivityManager: Scheduling restart of crashed service org.me.mobiexpensifyg/com.urbanairship.reactnative.AirshipHeadlessEventService in 18414ms for start-requested
02-19 03:27:38.648 1030 1030 D Scheduler: chooseRefreshRateForContent considered(idle:0, touch:0, scroll:0) got newRefreshRate(120.00fps)
02-19 03:27:38.648 953 1235 I hwcomposer: [HWC] (0) displaySetActiveConfig config:1
02-19 03:27:38.649 2937 2937 D GameMode: onStartedActivityChange: componnent: ComponentInfo{com.motorola.launcher3/com.android.launcher3.CustomizationPanelLauncher} entered launcher screen? true
02-19 03:27:38.650 1030 1030 E BpTransactionCompletedListener: Failed to transact (-32)
02-19 03:27:38.650 1030 1030 I BufferQueueDebug: [org.me.mobiexpensifyg/org.me.mobiexpensifyg.ExpensifyActivityBase#0](this:0xb400007e10d2c8d8,id:-1,api:0,p:-1,c:1030) onDestructor()
02-19 03:27:38.651 2937 2937 D GameMode: isScreenUnlocked: true
02-19 03:27:38.652 2937 2937 D GameMode: isScreenUnlocked: true
02-19 03:27:38.657 1703 2328 W ActivityTaskManager: Can't find TaskDisplayArea to determine support for multi window. Task id=42809 attached=false
02-19 03:27:38.657 1703 2328 W ActivityTaskManager: Can't find TaskDisplayArea to determine support for multi window. Task id=42809 attached=false
02-19 03:27:38.667 1703 1725 W ActivityManager: setHasOverlayUi called on unknown pid: 29012
02-19 03:27:38.675 1030 1116 E BufferQueueDebug: [(1-1)-Window{2aea368 alpha=1.0 fl=}#0](this:0xb400007e1278c8d8,id:-1,api:0,p:-1,c:-1) id info cannot be read from '(1-1)-Window{2aea368 alpha=1.0 fl=}#0'
02-19 03:27:38.675 1030 1116 I BufferQueueDebug: [(1-1)-Window{2aea368 alpha=1.0 fl=}#0](this:0xb400007e1278c8d8,id:-1,api:0,p:-1,c:-1) BufferQueue core=(1030:/system/bin/surfaceflinger)
02-19 03:27:38.680 1077 1077 I BufferQueueConsumer: [](id:4350000010d,api:0,p:-1,c:1077) connect: controlledByApp=false
02-19 03:27:38.680 1030 1030 D Layer : 9630e57 com.motorola.launcher3/com.android.launcher3.CustomizationPanelLauncher#0: setFrameRate to 0.00fps Exact Default
02-19 03:27:38.680 1030 1030 D Layer : cc98fc9 (1-1)-Window{2aea368 alpha=1.0 fl=}#0: setFrameRate to 0.00fps Exact Default
02-19 03:27:38.681 1077 1077 I BLASTBufferQueue: [ViewRootImpl[0 fl=}]#269] constructor()
02-19 03:27:38.681 2433 2433 D ViewRootImpl[CustomizationPanelLauncher]: update {(0,0)(fillxfill) sim={adjust=nothing forwardNavigation} layoutInDisplayCutoutMode=always ty=BASE_APPLICATION fmt=TRANSPARENT wanim=0x10302f2
02-19 03:27:38.681 2433 2433 D ViewRootImpl[CustomizationPanelLauncher]: fl=LAYOUT_IN_SCREEN LAYOUT_INSET_DECOR SHOW_WALLPAPER SPLIT_TOUCH HARDWARE_ACCELERATED DRAWS_SYSTEM_BAR_BACKGROUNDS
02-19 03:27:38.681 2433 2433 D ViewRootImpl[CustomizationPanelLauncher]: pfl=NO_MOVE_ANIMATION FORCE_DRAW_STATUS_BAR_BACKGROUND USE_BLAST FIT_INSETS_CONTROLLED
02-19 03:27:38.681 2433 2433 D ViewRootImpl[CustomizationPanelLauncher]: vsysui=LAYOUT_STABLE LAYOUT_HIDE_NAVIGATION LAYOUT_FULLSCREEN
02-19 03:27:38.681 2433 2433 D ViewRootImpl[CustomizationPanelLauncher]: bhv=DEFAULT
02-19 03:27:38.681 2433 2433 D ViewRootImpl[CustomizationPanelLauncher]: fitSides=} by setLayoutParams
02-19 03:27:38.682 1703 1725 I DisplayDeviceRepository: Display device changed: DisplayDeviceInfo{"Built-in Screen": uniqueId="local:0", 1080 x 2460, modeId 2, defaultModeId 1, supportedModes [{id=1, width=1080, height=2460, fps=60.0, alternativeRefreshRates=[120.00001]}, {id=2, width=1080, height=2460, fps=120.00001, alternativeRefreshRates=[60.0]}], supportedReadyForModes [], colorMode 0, supportedColorModes [0, 7], hdrCapabilities HdrCapabilities{mSupportedHdrTypes=[2, 3, 4], mMaxLuminance=500.0, mMaxAverageLuminance=500.0, mMinLuminance=0.0}, allmSupported false, gameContentTypeSupported false, density 400, 391.885 x 388.099 dpi, appVsyncOff 999999, presDeadline 16111111, cutout DisplayCutout{insets=Rect(0, 115 - 0, 0) waterfall=Insets{left=0, top=0, right=0, bottom=0} boundingRect={Bounds=[Rect(0, 0 - 0, 0), Rect(498, 0 - 582, 115), Rect(0, 0 - 0, 0), Rect(0, 0 - 0, 0)]} cutoutPathParserInfo={CutoutPathParserInfo{displayWidth=1080 displayHeight=2460 density={2.5} cutoutSpec={M 42,0 L -42,0 L -42,115 L 42,115 Z} rotation={0} scale={1.0}}}}, touch INTERNAL, rotation 0, type INTERNAL, address {port=0}, deviceProductInfo null, state ON, frameRateOverride , brightnessMinimum 0.0, brightnessMaximum 1.0, brightnessDefault 0.39763778, roundedCorners RoundedCorners{[RoundedCorner{position=TopLeft, radius=60, center=Point(60, 60)}, RoundedCorner{position=TopRight, radius=60, center=Point(1020, 60)}, RoundedCorner{position=BottomRight, radius=60, center=Point(1020, 2400)}, RoundedCorner{position=BottomLeft, radius=60, center=Point(60, 2400)}]}, FLAG_DEFAULT_DISPLAY, FLAG_ROTATES_WITH_CONTENT, FLAG_SECURE, FLAG_SUPPORTS_PROTECTED_BUFFERS}
02-19 03:27:38.683 1077 1077 I clbn : (REDACTED) onApplyWindowInsets: systemWindowInsets=%s
02-19 03:27:38.684 1077 1077 I clbn : (REDACTED) onApplyWindowInsets: systemWindowInsets=%s
02-19 03:27:38.691 2553 5409 E DropBoxUtil: [DropboxRealtime] null InputStream [CONTEXT service_id=254 ]
02-19 03:27:38.691 2553 5409 E DropBoxUtil: java.io.IOException: null InputStream
02-19 03:27:38.691 2553 5409 E DropBoxUtil: at dxaq.b(:com.google.android.gms@250632029@25.06.32 (190400-724425688):186)
02-19 03:27:38.691 2553 5409 E DropBoxUtil: at dxaq.c(:com.google.android.gms@250632029@25.06.32 (190400-724425688):9)
02-19 03:27:38.691 2553 5409 E DropBoxUtil: at dwyy.o(:com.google.android.gms@250632029@25.06.32 (190400-724425688):51)
02-19 03:27:38.691 2553 5409 E DropBoxUtil: at dwxn.d(:com.google.android.gms@250632029@25.06.32 (190400-724425688):1)
02-19 03:27:38.691 2553 5409 E DropBoxUtil: at dwyw.a(:com.google.android.gms@250632029@25.06.32 (190400-724425688):119)
02-19 03:27:38.691 2553 5409 E DropBoxUtil: at com.google.android.gms.stats.service.DropBoxEntryAddedChimeraService.a(:com.google.android.gms@250632029@25.06.32 (190400-724425688):312)
02-19 03:27:38.691 2553 5409 E DropBoxUtil: at com.google.android.gms.framework.tracing.wrapper.TracingIntentService.onHandleIntent(:com.google.android.gms@250632029@25.06.32 (190400-724425688):13)
02-19 03:27:38.691 2553 5409 E DropBoxUtil: at ryy.handleMessage(:com.google.android.gms@250632029@25.06.32 (190400-724425688):7)
02-19 03:27:38.691 2553 5409 E DropBoxUtil: at android.os.Handler.dispatchMessage(Handler.java:111)
02-19 03:27:38.691 2553 5409 E DropBoxUtil: at android.os.Looper.loopOnce(Looper.java:238)
02-19 03:27:38.691 2553 5409 E DropBoxUtil: at android.os.Looper.loop(Looper.java:357)
02-19 03:27:38.691 2553 5409 E DropBoxUtil: at android.os.HandlerThread.run(HandlerThread.java:85)
02-19 03:27:38.692 2553 5409 E DropBoxUtil: [DropboxRealtime] null InputStream [CONTEXT service_id=254 ]
02-19 03:27:38.692 2553 5409 E DropBoxUtil: java.io.IOException: null InputStream
02-19 03:27:38.692 2553 5409 E DropBoxUtil: at dxaq.b(:com.google.android.gms@250632029@25.06.32 (190400-724425688):186)
02-19 03:27:38.692 2553 5409 E DropBoxUtil: at dxaq.c(:com.google.android.gms@250632029@25.06.32 (190400-724425688):9)
02-19 03:27:38.692 2553 5409 E DropBoxUtil: at dwyy.o(:com.google.android.gms@250632029@25.06.32 (190400-724425688):51)
02-19 03:27:38.692 2553 5409 E DropBoxUtil: at dwxn.d(:com.google.android.gms@250632029@25.06.32 (190400-724425688):1)
02-19 03:27:38.692 2553 5409 E DropBoxUtil: at dwyw.a(:com.google.android.gms@250632029@25.06.32 (190400-724425688):119)
02-19 03:27:38.692 2553 5409 E DropBoxUtil: at com.google.android.gms.stats.service.DropBoxEntryAddedChimeraService.a(:com.google.android.gms@250632029@25.06.32 (190400-724425688):312)
02-19 03:27:38.692 2553 5409 E DropBoxUtil: at com.google.android.gms.framework.tracing.wrapper.TracingIntentService.onHandleIntent(:com.google.android.gms@250632029@25.06.32 (190400-724425688):13)
02-19 03:27:38.692 2553 5409 E DropBoxUtil: at ryy.handleMessage(:com.google.android.gms@250632029@25.06.32 (190400-724425688):7)
02-19 03:27:38.692 2553 5409 E DropBoxUtil: at android.os.Handler.dispatchMessage(Handler.java:111)
02-19 03:27:38.692 2553 5409 E DropBoxUtil: at android.os.Looper.loopOnce(Looper.java:238)
02-19 03:27:38.692 2553 5409 E DropBoxUtil: at android.os.Looper.loop(Looper.java:357)
02-19 03:27:38.692 2553 5409 E DropBoxUtil: at android.os.HandlerThread.run(HandlerThread.java:85)
02-19 03:27:38.696 1030 1490 E BufferQueueDebug: [com.motorola.launcher3/com.android.launcher3.CustomizationPanelLauncher#0](this:0xb400007e127bf8d8,id:-1,api:0,p:-1,c:-1) id info cannot be read from 'com.motorola.launcher3/com.android.launcher3.CustomizationPanelLauncher#0'
02-19 03:27:38.696 1030 1490 I BufferQueueDebug: [com.motorola.launcher3/com.android.launcher3.CustomizationPanelLauncher#0](this:0xb400007e127bf8d8,id:-1,api:0,p:-1,c:-1) BufferQueue core=(1030:/system/bin/surfaceflinger)
02-19 03:27:38.698 1703 2146 V WindowManager: Changing focus of displayId=0 to Window{9630e57 u0 com.motorola.launcher3/com.android.launcher3.CustomizationPanelLauncher} from null
02-19 03:27:38.701 2433 2433 I BufferQueueConsumer: [](id:981000002e0,api:0,p:-1,c:2433) connect: controlledByApp=false
02-19 03:27:38.701 2433 2433 I BLASTBufferQueue: [ViewRootImpl[CustomizationPanelLauncher]#731] constructor()
02-19 03:27:38.708 2433 3727 I Typeface: mototime=source-sans-pro;moto_regular;2433
02-19 03:27:38.712 1703 1726 W Choreographer: Frame time is 0.208782 ms in the future! Check that graphics HAL is generating vsync timestamps using the correct timebase.
02-19 03:27:38.721 1703 1726 W Choreographer: Frame time is 0.233576 ms in the future! Check that graphics HAL is generating vsync timestamps using the correct timebase.
02-19 03:27:38.724 1077 1077 I clhr : onStart
02-19 03:27:38.729 1703 1726 W Choreographer: Frame time is 0.112754 ms in the future! Check that graphics HAL is generating vsync timestamps using the correct timebase.
02-19 03:27:38.735 1703 1726 I WindowManager: SURFACE SHOW Surface(name=com.android.systemui.ImageWallpaper)/@0xebd1af4 on display:0
02-19 03:27:38.737 1077 1077 I clhr : onResume
02-19 03:27:38.738 1077 17536 I OpenGLRenderer: Davey! duration=132872ms; Flags=1, FrameTimelineVsyncId=6380869, IntendedVsync=76677998383275, Vsync=76677998383275, InputEventId=1351254697, HandleInputStart=76677998746733, AnimationStart=76677998747656, PerformTraversalsStart=76677998748195, DrawStart=76678021098658, FrameDeadline=76678032272164, FrameInterval=76677998743887, FrameStartTime=16666667, SyncQueued=76678025453813, SyncStart=76678026344890, IssueDrawCommandsStart=76678027269813, SwapBuffers=76678043608584, FrameCompleted=76810871804721, DequeueBufferDuration=29538, QueueBufferDuration=1489847, GpuCompleted=76810871804721, SwapBuffersCompleted=76678053899354, DisplayPresentTime=-2,
02-19 03:27:38.741 1703 1726 I WindowManager: SURFACE SHOW Surface(name=com.motorola.launcher3/com.android.launcher3.CustomizationPanelLauncher)/@0x5cea650 on display:0
02-19 03:27:38.741 1703 1726 I WindowManager: SURFACE SHOW Surface(name=(1-1)-Window{2aea368 alpha=1.0 fl=})/@0x1896049 on display:0
02-19 03:27:38.757 3224 3224 I GoogleInputMethodService: GoogleInputMethodService.onFinishInput():2589
02-19 03:27:38.758 3224 3224 I Module : DeviceLockedStatusModuleProvider$Module.updateDeviceLockedStatus():100 repeatCheckTimes = 0, locked = false
02-19 03:27:38.761 3224 3224 I GoogleInputMethodService: GoogleInputMethodService.onStartInput():1568 onStartInput(EditorInfo{EditorInfo{packageName=com.motorola.launcher3, inputType=0, inputTypeString=NULL, enableLearning=false, autoCorrection=false, autoComplete=false, imeOptions=0, privateImeOptions=null, actionName=UNSPECIFIED, actionLabel=null, initialSelStart=-1, initialSelEnd=-1, initialCapsMode=0, label=null, fieldId=-1, fieldName=null, extras=null, hintText=null, hintLocales=[]}}, false)
02-19 03:27:38.763 1703 1726 W Choreographer: Frame time is 0.045993 ms in the future! Check that graphics HAL is generating vsync timestamps using the correct timebase.
02-19 03:27:38.765 381 381 D BoundBrokerSvc: onBind: Intent { act=com.google.android.gms.inappreach.service.START dat=chimera-action: cmp=com.google.android.gms/.chimera.GmsApiService }
02-19 03:27:38.765 381 381 D BoundBrokerSvc: Loading bound service for intent: Intent { act=com.google.android.gms.inappreach.service.START dat=chimera-action: cmp=com.google.android.gms/.chimera.GmsApiService }
02-19 03:27:38.769 3224 3224 I Module : DeviceLockedStatusModuleProvider$Module.updateDeviceLockedStatus():100 repeatCheckTimes = 1, locked = false
02-19 03:27:38.770 3224 3224 I AndroidIME: InputBundleManager.loadActiveInputBundleId():407 loadActiveInputBundleId: und-Latn-x-password, password
02-19 03:27:38.771 1703 1726 W Choreographer: Frame time is 0.271005 ms in the future! Check that graphics HAL is generating vsync timestamps using the correct timebase.
02-19 03:27:38.779 1703 1749 W Choreographer: Frame time is 0.196141 ms in the future! Check that graphics HAL is generating vsync timestamps using the correct timebase.
02-19 03:27:38.779 2433 2433 W Choreographer: Frame time is 0.160987 ms in the future! Check that graphics HAL is generating vsync timestamps using the correct timebase.
02-19 03:27:38.892 2553 5409 E DropBoxUtil: [AppErrors] null InputStream [CONTEXT service_id=254 ]
02-19 03:27:38.892 2553 5409 E DropBoxUtil: java.io.IOException: null InputStream
02-19 03:27:38.892 2553 5409 E DropBoxUtil: at dxaq.b(:com.google.android.gms@250632029@25.06.32 (190400-724425688):186)
02-19 03:27:38.892 2553 5409 E DropBoxUtil: at dwyy.r(:com.google.android.gms@250632029@25.06.32 (190400-724425688):4)
02-19 03:27:38.892 2553 5409 E DropBoxUtil: at dwys.apply(:com.google.android.gms@250632029@25.06.32 (190400-724425688):39)
02-19 03:27:38.892 2553 5409 E DropBoxUtil: at wkv.apply(:com.google.android.gms@250632029@25.06.32 (190400-724425688):5)
02-19 03:27:38.892 2553 5409 E DropBoxUtil: at wlh.apply(:com.google.android.gms@250632029@25.06.32 (190400-724425688):45)
02-19 03:27:38.892 2553 5409 E DropBoxUtil: at evtk.a(:com.google.android.gms@250632029@25.06.32 (190400-724425688):3)
02-19 03:27:38.892 2553 5409 E DropBoxUtil: at fgbp.a(:com.google.android.gms@250632029@25.06.32 (190400-724425688):13)
02-19 03:27:38.892 2553 5409 E DropBoxUtil: at fnue.d(:com.google.android.gms@250632029@25.06.32 (190400-724425688):3)
