02-19 03:27:23.609 5207 5207 D ProcessState: Binder ioctl to enable oneway spam detection failed: Invalid argument
02-19 03:27:23.630 5207 5207 W ziparchive: Unable to open '/data/app/~~1Z9lVJOmMdmYbfjxy1sSbA==/com.google.android.trichromelibrary_683416333-w6AONK3WfjGiA9KBKRe-Fg==/base.dm': No such file or directory
02-19 03:27:23.630 5207 5207 W ziparchive: Unable to open '/data/app/~~1Z9lVJOmMdmYbfjxy1sSbA==/com.google.android.trichromelibrary_683416333-w6AONK3WfjGiA9KBKRe-Fg==/base.dm': No such file or directory
02-19 03:27:23.630 5207 5207 W webview_servic: Entry not found
02-19 03:27:23.631 5207 5207 D nativeloader: Configuring clns-4 for other apk /data/app/~~1Z9lVJOmMdmYbfjxy1sSbA==/com.google.android.trichromelibrary_683416333-w6AONK3WfjGiA9KBKRe-Fg==/base.apk. target_sdk_version=34, uses_libraries=ALL, library_path=/data/app/~~P4a6jPWI3DeK00Qa0GRljQ==/com.google.android.webview-DuCtL79Sy7fFMj8rrjQvlQ==/lib/arm64:/data/app/~~P4a6jPWI3DeK00Qa0GRljQ==/com.google.android.webview-DuCtL79Sy7fFMj8rrjQvlQ==/base.apk!/lib/arm64-v8a:/data/app/~~1Z9lVJOmMdmYbfjxy1sSbA==/com.google.android.trichromelibrary_683416333-w6AONK3WfjGiA9KBKRe-Fg==/base.apk!/lib/arm64-v8a, permitted_path=/data:/mnt/expand:/data/user/0/com.google.android.webview
02-19 03:27:23.632 5207 5207 D nativeloader: Extending system_exposed_libraries: libteeservice_client.trustonic.so:libapuwareapusys.mtk.so:libapuwareapusys_v2.mtk.so:libapuwarexrp.mtk.so:libapuwarexrp_v2.mtk.so:libapuwareutils.mtk.so:libapuwareutils_v2.mtk.so:libapuwarehmp.mtk.so:libmcv_runtime_usdk.mtk.so:libneuron_graph_delegate.mtk.so:libneuronusdk_adapter.mtk.so:libtflite_mtk.mtk.so:libarmnn_ndk.mtk.so:libcmdl_ndk.mtk.so:libnir_neon_driver_ndk.mtk.so:libmvpu_runtime.mtk.so:libmvpu_runtime_pub.mtk.so:libmvpu_engine_pub.mtk.so:libmvpu_pattern_pub.mtk.so:libmvpuop_mtk_cv.mtk.so:libmvpuop_mtk_nn.mtk.so:libjni_helper.motocameradesktop.so:libimgTuner_jni.motoimagetuner.so:libmcf_native_window_helper.motocamera.so
02-19 03:27:23.634 5207 5207 W ziparchive: Unable to open '/apex/com.android.extservices/javalib/android.ext.adservices.dm': No such file or directory
02-19 03:27:23.634 5207 5207 W ziparchive: Unable to open '/apex/com.android.extservices/javalib/android.ext.adservices.dm': No such file or directory
02-19 03:27:23.641 5207 5207 D nativeloader: Configuring clns-5 for other apk /apex/com.android.extservices/javalib/android.ext.adservices.jar. target_sdk_version=34, uses_libraries=ALL, library_path=/data/app/~~P4a6jPWI3DeK00Qa0GRljQ==/com.google.android.webview-DuCtL79Sy7fFMj8rrjQvlQ==/lib/arm64:/data/app/~~P4a6jPWI3DeK00Qa0GRljQ==/com.google.android.webview-DuCtL79Sy7fFMj8rrjQvlQ==/base.apk!/lib/arm64-v8a:/data/app/~~1Z9lVJOmMdmYbfjxy1sSbA==/com.google.android.trichromelibrary_683416333-w6AONK3WfjGiA9KBKRe-Fg==/base.apk!/lib/arm64-v8a, permitted_path=/data:/mnt/expand:/data/user/0/com.google.android.webview
02-19 03:27:23.641 5207 5207 D nativeloader: Extending system_exposed_libraries: libteeservice_client.trustonic.so:libapuwareapusys.mtk.so:libapuwareapusys_v2.mtk.so:libapuwarexrp.mtk.so:libapuwarexrp_v2.mtk.so:libapuwareutils.mtk.so:libapuwareutils_v2.mtk.so:libapuwarehmp.mtk.so:libmcv_runtime_usdk.mtk.so:libneuron_graph_delegate.mtk.so:libneuronusdk_adapter.mtk.so:libtflite_mtk.mtk.so:libarmnn_ndk.mtk.so:libcmdl_ndk.mtk.so:libnir_neon_driver_ndk.mtk.so:libmvpu_runtime.mtk.so:libmvpu_runtime_pub.mtk.so:libmvpu_engine_pub.mtk.so:libmvpu_pattern_pub.mtk.so:libmvpuop_mtk_cv.mtk.so:libmvpuop_mtk_nn.mtk.so:libjni_helper.motocameradesktop.so:libimgTuner_jni.motoimagetuner.so:libmcf_native_window_helper.motocamera.so
02-19 03:27:23.643 5207 5207 D nativeloader: InitApexLibraries:
02-19 03:27:23.643 5207 5207 D nativeloader: com_android_appsearch: libicing.so
02-19 03:27:23.643 5207 5207 D nativeloader: com_android_art: libartservice.so
02-19 03:27:23.643 5207 5207 D nativeloader: com_android_conscrypt: libjavacrypto.so
02-19 03:27:23.643 5207 5207 D nativeloader: com_android_extservices: libtflite_support_classifiers_native.so
02-19 03:27:23.643 5207 5207 D nativeloader: com_android_mediaprovider: libpdfclient.so
02-19 03:27:23.643 5207 5207 D nativeloader: com_android_os_statsd: libstats_jni.so
02-19 03:27:23.643 5207 5207 D nativeloader: com_android_tethering: libandroid_net_connectivity_com_android_net_module_util_jni.so:libcrypto.so:libframework-connectivity-jni.so:libframework-connectivity-tiramisu-jni.so:libmainlinecronet.126.0.6423.0.so:libservice-connectivity.so:libservice-thread-jni.so:libssl.so
02-19 03:27:23.652 5207 5207 D nativeloader: Configuring clns-6 for other apk /data/app/~~P4a6jPWI3DeK00Qa0GRljQ==/com.google.android.webview-DuCtL79Sy7fFMj8rrjQvlQ==/base.apk. target_sdk_version=34, uses_libraries=, library_path=/data/app/~~P4a6jPWI3DeK00Qa0GRljQ==/com.google.android.webview-DuCtL79Sy7fFMj8rrjQvlQ==/lib/arm64:/data/app/~~P4a6jPWI3DeK00Qa0GRljQ==/com.google.android.webview-DuCtL79Sy7fFMj8rrjQvlQ==/base.apk!/lib/arm64-v8a:/data/app/~~1Z9lVJOmMdmYbfjxy1sSbA==/com.google.android.trichromelibrary_683416333-w6AONK3WfjGiA9KBKRe-Fg==/base.apk!/lib/arm64-v8a, permitted_path=/data:/mnt/expand:/data/user/0/com.google.android.webview
02-19 03:27:23.663 5207 5207 V GraphicsEnvironment: ANGLE Developer option for 'com.google.android.webview' set to: 'default'
02-19 03:27:23.664 5207 5207 V GraphicsEnvironment: ANGLE GameManagerService for com.google.android.webview: false
02-19 03:27:23.664 5207 5207 V GraphicsEnvironment: Neither updatable production driver nor prerelease driver is supported.
02-19 03:27:23.666 5207 5207 I LoadedApk: No resource references to update in package com.google.android.trichromelibrary
02-19 03:27:23.668 5207 5207 I cr_WebViewApkApp: version=132.0.6834.163 (683416333) minSdkVersion=29 isBundle=true processName=com.google.android.webview:webview_service
02-19 03:27:23.683 5207 5207 I Typeface: updateThemeFont new=source-sans-pro;old=sans-serif;new=source-sans-pro;old=
02-19 03:27:23.695 29012 29012 W [RNScreens]: backTitleVisible prop is not available on Android
02-19 03:27:23.695 29012 29012 W [RNScreens]: largeTitleHideShadow prop is not available on Android
02-19 03:27:23.695 29012 29012 W [RNScreens]: disableBackButtonMenu prop is not available on Android
02-19 03:27:23.721 4984 5153 I ExpoModulesCore: ✅ JSI interop was installed
02-19 03:27:23.721 4984 5153 W ExpoModulesCore: ⚠️ JSI interop was already installed
02-19 03:27:23.722 4984 5153 I ExpoModulesCore: ✅ Constants were exported
02-19 03:27:23.728 29012 29273 D skia : --- Failed to create image decoder with message 'unimplemented'
02-19 03:27:23.728 29012 29271 D skia : --- Failed to create image decoder with message 'unimplemented'
02-19 03:27:23.729 29012 29273 D skia : --- Failed to create image decoder with message 'unimplemented'
02-19 03:27:23.729 29012 29271 D skia : --- Failed to create image decoder with message 'unimplemented'
02-19 03:27:23.730 29012 29273 D skia : --- Failed to create image decoder with message 'unimplemented'
02-19 03:27:23.730 29012 29271 D skia : --- Failed to create image decoder with message 'unimplemented'
02-19 03:27:23.730 29012 29271 D skia : --- Failed to create image decoder with message 'unimplemented'
02-19 03:27:23.730 29012 29273 D skia : --- Failed to create image decoder with message 'unimplemented'
02-19 03:27:23.731 29012 29273 D skia : --- Failed to create image decoder with message 'unimplemented'
02-19 03:27:23.731 29012 29271 D skia : --- Failed to create image decoder with message 'unimplemented'
02-19 03:27:23.732 29012 29271 D skia : --- Failed to create image decoder with message 'unimplemented'
02-19 03:27:23.732 29012 29273 D skia : --- Failed to create image decoder with message 'unimplemented'
02-19 03:27:23.732 4984 5153 D RNFBCrashlyticsInit: isCrashlyticsCollectionEnabled via RNFBMeta: true
02-19 03:27:23.732 4984 5153 D RNFBCrashlyticsInit: isCrashlyticsCollectionEnabled final value: true
02-19 03:27:23.732 4984 5153 D RNFBCrashlyticsInit: isErrorGenerationOnJSCrashEnabled via RNFBMeta: true
02-19 03:27:23.732 4984 5153 D RNFBCrashlyticsInit: isErrorGenerationOnJSCrashEnabled final value: true
02-19 03:27:23.733 4984 5153 D RNFBCrashlyticsInit: isCrashlyticsJavascriptExceptionHandlerChainingEnabled via RNFBMeta: true
02-19 03:27:23.733 4984 5153 D RNFBCrashlyticsInit: isCrashlyticsJavascriptExceptionHandlerChainingEnabled final value: true
02-19 03:27:23.749 29012 30671 D RNFBCrashlyticsInit: isCrashlyticsCollectionEnabled via RNFBMeta: true
02-19 03:27:23.749 29012 30671 D RNFBCrashlyticsInit: isCrashlyticsCollectionEnabled final value: true
02-19 03:27:23.756 29012 29012 I Choreographer: Skipped 32 frames! The application may be doing too much work on its main thread.
02-19 03:27:23.788 1703 1883 D WifiNetworkFactory: got request NetworkRequest [ REQUEST id=7839, [ Capabilities: INTERNET&NOT_RESTRICTED&TRUSTED&NOT_VCN_MANAGED Uid: 10852 RequestorUid: 10852 RequestorPkg: com.expensify.chat UnderlyingNetworks: Null] ]
02-19 03:27:23.789 1703 1883 D UntrustedWifiNetworkFactory: got request NetworkRequest [ REQUEST id=7839, [ Capabilities: INTERNET&NOT_RESTRICTED&TRUSTED&NOT_VCN_MANAGED Uid: 10852 RequestorUid: 10852 RequestorPkg: com.expensify.chat UnderlyingNetworks: Null] ]
02-19 03:27:23.789 1703 1883 D OemPaidWifiNetworkFactory: got request NetworkRequest [ REQUEST id=7839, [ Capabilities: INTERNET&NOT_RESTRICTED&TRUSTED&NOT_VCN_MANAGED Uid: 10852 RequestorUid: 10852 RequestorPkg: com.expensify.chat UnderlyingNetworks: Null] ]
02-19 03:27:23.789 29012 29012 D ViewRootImpl[ExpensifyActivityBase]: update {(0,0)(fillxfill) sim={adjust=resize} ty=BASE_APPLICATION wanim=0x10302fe
02-19 03:27:23.789 29012 29012 D ViewRootImpl[ExpensifyActivityBase]: fl=LAYOUT_IN_SCREEN LAYOUT_INSET_DECOR SPLIT_TOUCH HARDWARE_ACCELERATED DRAWS_SYSTEM_BAR_BACKGROUNDS
02-19 03:27:23.789 29012 29012 D ViewRootImpl[ExpensifyActivityBase]: pfl=NO_MOVE_ANIMATION FORCE_DRAW_STATUS_BAR_BACKGROUND FIT_INSETS_CONTROLLED
02-19 03:27:23.789 29012 29012 D ViewRootImpl[ExpensifyActivityBase]: bhv=DEFAULT
02-19 03:27:23.789 29012 29012 D ViewRootImpl[ExpensifyActivityBase]: fitSides=} by setLayoutParams
02-19 03:27:23.824 953 1235 I hwcomposer: [HWCDisplay] setColorTransformForJob ccorr_state=1->0 hint=1 force_disable_color=0 identity=0
02-19 03:27:23.824 953 1239 I hwcomposer: [DEV] 1024 0 0 0
02-19 03:27:23.824 953 1239 I hwcomposer: [DEV] 0 906 0 0
02-19 03:27:23.824 953 1239 I hwcomposer: [DEV] 0 0 797 0
02-19 03:27:23.824 953 1239 I hwcomposer: [DEV] 0 0 0 1024
02-19 03:27:23.824 953 1239 I hwcomposer: [DEV] [DEV] color transform: feature_flag=0
02-19 03:27:23.887 1703 1749 W Choreographer: Frame time is 0.150629 ms in the future! Check that graphics HAL is generating vsync timestamps using the correct timebase.
02-19 03:27:23.887 4984 4984 W Choreographer: Frame time is 0.148167 ms in the future! Check that graphics HAL is generating vsync timestamps using the correct timebase.
02-19 03:27:23.887 5708 5708 W Choreographer: Frame time is 0.107859 ms in the future! Check that graphics HAL is generating vsync timestamps using the correct timebase.
02-19 03:27:23.906 29012 30671 D RNFBCrashlyticsInit: isCrashlyticsCollectionEnabled via RNFBMeta: true
02-19 03:27:23.906 29012 30671 D RNFBCrashlyticsInit: isCrashlyticsCollectionEnabled final value: true
02-19 03:27:23.928 2117 2117 W LockIconViewController: Don't send touch events to lock icon view
02-19 03:27:23.928 2117 2117 W LockIconViewController: Sensor Location: left = 1082 top = 1082 right = 1262 bottom = 745
02-19 03:27:23.928 2117 2117 W LockIconViewController: (x, y) = 431.60037, 292.88095 is in sensor location: false
02-19 03:27:24.059 2117 2117 I FalsingManager: Skipped falsing. interactionType=11
02-19 03:27:24.071 1703 1726 W Choreographer: Frame time is 0.200422 ms in the future! Check that graphics HAL is generating vsync timestamps using the correct timebase.
02-19 03:27:24.169 4984 5153 V SoLoader: liblivemarkdown.so not found on /data/app/~~cRuVz8N8lCDfkf4B9V9aBg==/com.expensify.chat-3TAavFNh5eQK3YVgTQYmQg==/lib/arm64
02-19 03:27:24.169 4984 5153 V SoLoader: liblivemarkdown.so not found on /data/app/~~cRuVz8N8lCDfkf4B9V9aBg==/com.expensify.chat-3TAavFNh5eQK3YVgTQYmQg==/split_config.arm64_v8a.apk!/lib/arm64-v8a
02-19 03:27:24.169 4984 5153 V SoLoader: liblivemarkdown.so not found on /data/app/~~cRuVz8N8lCDfkf4B9V9aBg==/com.expensify.chat-3TAavFNh5eQK3YVgTQYmQg==/base.apk!/lib/arm64-v8a
02-19 03:27:24.169 4984 5153 V SoLoader: liblivemarkdown.so not found on /data/app/~~cRuVz8N8lCDfkf4B9V9aBg==/com.expensify.chat-3TAavFNh5eQK3YVgTQYmQg==/split_config.es.apk!/lib/arm64-v8a
02-19 03:27:24.169 4984 5153 V SoLoader: liblivemarkdown.so not found on /data/app/~~cRuVz8N8lCDfkf4B9V9aBg==/com.expensify.chat-3TAavFNh5eQK3YVgTQYmQg==/split_config.xxhdpi.apk!/lib/arm64-v8a
02-19 03:27:24.169 4984 5153 V SoLoader: liblivemarkdown.so not found on /data/app/~~cRuVz8N8lCDfkf4B9V9aBg==/com.expensify.chat-3TAavFNh5eQK3YVgTQYmQg==/split_config.xxhdpi.apk!/lib/arm64-v8a
02-19 03:27:24.169 4984 5153 V SoLoader: liblivemarkdown.so not found on /data/app/~~cRuVz8N8lCDfkf4B9V9aBg==/com.expensify.chat-3TAavFNh5eQK3YVgTQYmQg==/split_config.es.apk!/lib/arm64-v8a
02-19 03:27:24.173 4984 5153 D nativeloader: Load /data/app/~~cRuVz8N8lCDfkf4B9V9aBg==/com.expensify.chat-3TAavFNh5eQK3YVgTQYmQg==/split_config.arm64_v8a.apk!/lib/arm64-v8a/liblivemarkdown.so using ns clns-5 from class loader (caller=base.apk): ok
02-19 03:27:24.173 4984 5153 D SoLoader: liblivemarkdown.so found on /data/app/~~cRuVz8N8lCDfkf4B9V9aBg==/com.expensify.chat-3TAavFNh5eQK3YVgTQYmQg==/split_config.arm64_v8a.apk!/lib/arm64-v8a
02-19 03:27:24.174 4984 5153 V SoLoader: libreact_codegen_RNLiveMarkdownSpec.so not found on /data/app/~~cRuVz8N8lCDfkf4B9V9aBg==/com.expensify.chat-3TAavFNh5eQK3YVgTQYmQg==/lib/arm64
02-19 03:27:24.174 4984 5153 V SoLoader: libreact_codegen_RNLiveMarkdownSpec.so not found on /data/app/~~cRuVz8N8lCDfkf4B9V9aBg==/com.expensify.chat-3TAavFNh5eQK3YVgTQYmQg==/split_config.arm64_v8a.apk!/lib/arm64-v8a
02-19 03:27:24.174 4984 5153 V SoLoader: libreact_codegen_RNLiveMarkdownSpec.so not found on /data/app/~~cRuVz8N8lCDfkf4B9V9aBg==/com.expensify.chat-3TAavFNh5eQK3YVgTQYmQg==/base.apk!/lib/arm64-v8a
02-19 03:27:24.174 4984 5153 V SoLoader: libreact_codegen_RNLiveMarkdownSpec.so not found on /data/app/~~cRuVz8N8lCDfkf4B9V9aBg==/com.expensify.chat-3TAavFNh5eQK3YVgTQYmQg==/split_config.es.apk!/lib/arm64-v8a
02-19 03:27:24.174 4984 5153 V SoLoader: libreact_codegen_RNLiveMarkdownSpec.so not found on /data/app/~~cRuVz8N8lCDfkf4B9V9aBg==/com.expensify.chat-3TAavFNh5eQK3YVgTQYmQg==/split_config.xxhdpi.apk!/lib/arm64-v8a
02-19 03:27:24.174 4984 5153 V SoLoader: libreact_codegen_RNLiveMarkdownSpec.so not found on /data/app/~~cRuVz8N8lCDfkf4B9V9aBg==/com.expensify.chat-3TAavFNh5eQK3YVgTQYmQg==/split_config.xxhdpi.apk!/lib/arm64-v8a
02-19 03:27:24.174 4984 5153 V SoLoader: libreact_codegen_RNLiveMarkdownSpec.so not found on /data/app/~~cRuVz8N8lCDfkf4B9V9aBg==/com.expensify.chat-3TAavFNh5eQK3YVgTQYmQg==/split_config.es.apk!/lib/arm64-v8a
02-19 03:27:24.181 4984 5153 D nativeloader: Load /data/app/~~cRuVz8N8lCDfkf4B9V9aBg==/com.expensify.chat-3TAavFNh5eQK3YVgTQYmQg==/split_config.arm64_v8a.apk!/lib/arm64-v8a/libreact_codegen_RNLiveMarkdownSpec.so using ns clns-5 from class loader (caller=base.apk): ok
02-19 03:27:24.181 4984 5153 D SoLoader: libreact_codegen_RNLiveMarkdownSpec.so found on /data/app/~~cRuVz8N8lCDfkf4B9V9aBg==/com.expensify.chat-3TAavFNh5eQK3YVgTQYmQg==/split_config.arm64_v8a.apk!/lib/arm64-v8a
02-19 03:27:24.184 4984 5153 W ReactNativeJS: No native ExponentConstants module found, are you sure the expo-constants's module is linked properly?
02-19 03:27:24.260 2117 2117 W TouchableRegionManager: onHeadsUpPinnedModeChanged
02-19 03:27:24.266 2117 2117 D ViewRootImpl[NotificationShade]: update {(0,0)(fillxfill) gr=TOP CENTER_VERTICAL sim={adjust=resize} layoutInDisplayCutoutMode=always ty=2040 fmt=TRANSLUCENT
02-19 03:27:24.266 2117 2117 D ViewRootImpl[NotificationShade]: fl=NOT_FOCUSABLE TOUCHABLE_WHEN_WAKING WATCH_OUTSIDE_TOUCH SPLIT_TOUCH HARDWARE_ACCELERATED DRAWS_SYSTEM_BAR_BACKGROUNDS
02-19 03:27:24.266 2117 2117 D ViewRootImpl[NotificationShade]: pfl=BEHAVIOR_CONTROLLED FIT_INSETS_CONTROLLED
02-19 03:27:24.266 2117 2117 D ViewRootImpl[NotificationShade]: bhv=SHOW_TRANSIENT_BARS_BY_SWIPE} by setLayoutParams
02-19 03:27:24.271 1703 1726 W Choreographer: Frame time is 0.201498 ms in the future! Check that graphics HAL is generating vsync timestamps using the correct timebase.
02-19 03:27:24.285 2117 2117 D ViewRootImpl[NotificationShade]: update {(0,0)(fillxfill) gr=TOP CENTER_VERTICAL sim={adjust=resize} layoutInDisplayCutoutMode=always ty=2040 fmt=TRANSLUCENT
02-19 03:27:24.285 2117 2117 D ViewRootImpl[NotificationShade]: fl=NOT_FOCUSABLE TOUCHABLE_WHEN_WAKING WATCH_OUTSIDE_TOUCH SPLIT_TOUCH HARDWARE_ACCELERATED DRAWS_SYSTEM_BAR_BACKGROUNDS
02-19 03:27:24.285 2117 2117 D ViewRootImpl[NotificationShade]: pfl=COLOR_SPACE_AGNOSTIC BEHAVIOR_CONTROLLED FIT_INSETS_CONTROLLED
02-19 03:27:24.285 2117 2117 D ViewRootImpl[NotificationShade]: bhv=SHOW_TRANSIENT_BARS_BY_SWIPE} by setLayoutParams
02-19 03:27:24.287 1703 1726 W Choreographer: Frame time is 0.201302 ms in the future! Check that graphics HAL is generating vsync timestamps using the correct timebase.
02-19 03:27:24.289 2117 2117 D ViewRootImpl[StatusBar]: update {(0,0)(fillx115) gr=TOP CENTER_VERTICAL layoutInDisplayCutoutMode=always ty=STATUS_BAR fmt=TRANSLUCENT
02-19 03:27:24.289 2117 2117 D ViewRootImpl[StatusBar]: fl=NOT_FOCUSABLE SPLIT_TOUCH HARDWARE_ACCELERATED DRAWS_SYSTEM_BAR_BACKGROUNDS
02-19 03:27:24.289 2117 2117 D ViewRootImpl[StatusBar]: pfl=COLOR_SPACE_AGNOSTIC FIT_INSETS_CONTROLLED
02-19 03:27:24.289 2117 2117 D ViewRootImpl[StatusBar]: bhv=DEFAULT} by setLayoutParams
02-19 03:27:24.289 2117 2117 D StatusBar: disable disable2
02-19 03:27:24.290 2117 2219 I GED : ged_boost_gpu_freq, level 100, eOrigin 2, final_idx 27, oppidx_max 27, oppidx_min 0
02-19 03:27:24.293 2117 2221 D PeopleSpaceWidgetMgr: No app widget ids returned
02-19 03:27:24.301 1703 3986 I WindowManager: SURFACE destroy Surface(name=NotificationShade)/@0x16a605c on display:0
02-19 03:27:24.304 2117 2117 I BLASTBufferQueue: [ViewRootImpl[NotificationShade]#3218] destructor()
02-19 03:27:24.304 2117 2117 I BufferQueueConsumer: [ViewRootImpl[NotificationShade]#3218(BLAST Consumer)3218](id:84500000c92,api:0,p:-1,c:2117) disconnect
02-19 03:27:24.310 1030 1030 I BufferQueueDebug: [NotificationShade#0](this:0xb400007e124ed8d8,id:-1,api:0,p:-1,c:1030) onDestructor()
02-19 03:27:24.311 2117 15382 I BLASTBufferQueue: releaseBufferCallbackThunk bufferId:9092445785592 framenumber:46 blastBufferQueue is dead
02-19 03:27:24.318 1703 1719 I ActivityManager: Killing 2167:com.google.android.apps.messaging/u0a243 (adj 945, setSvc -10000): empty #21
02-19 03:27:24.319 1703 1719 I ActivityManager: Killing 2126:com.motorola.lifetimedata/u0a265 (adj 995, setSvc -10000): empty #22
02-19 03:27:24.319 1703 1719 I ActivityManager: Killing 476:com.google.android.apps.nbu.files/u0a194 (adj 955, setSvc -10000): empty #23
02-19 03:27:24.340 953 1235 I hwcomposer: [HWCDisplay] [Display_0 (type:1)] fps:28.675848,dur:1011.30,max:495.69,min:12.35
02-19 03:27:24.340 29012 29272 D skia : --- Failed to create image decoder with message 'unimplemented'
02-19 03:27:24.341 29012 29272 D skia : --- Failed to create image decoder with message 'unimplemented'
02-19 03:27:24.341 29012 29272 D skia : --- Failed to create image decoder with message 'unimplemented'
02-19 03:27:24.341 29012 29272 D skia : --- Failed to create image decoder with message 'unimplemented'
02-19 03:27:24.343 29012 29272 D skia : --- Failed to create image decoder with message 'unimplemented'
02-19 03:27:24.344 1703 1719 I ActivityManager: appDiedLocked: app=ProcessRecord{6372b1b 2126:com.motorola.lifetimedata/u0a265} thread=android.os.BinderProxy@357dab0 fromBinderDied=true isKilledByAm=true reason=null
02-19 03:27:24.345 912 912 I Zygote : Process 2126 exited due to signal 9 (Killed)
02-19 03:27:24.346 29012 29272 D skia : --- Failed to create image decoder with message 'unimplemented'
02-19 03:27:24.353 912 912 I Zygote : Process 476 exited due to signal 9 (Killed)
02-19 03:27:24.353 1703 4046 I ActivityManager: appDiedLocked: app=ProcessRecord{4afefc5 476:com.google.android.apps.nbu.files/u0a194} thread=android.os.BinderProxy@529ed29 fromBinderDied=true isKilledByAm=true reason=null
02-19 03:27:24.362 29012 29270 D skia : --- Failed to create image decoder with message 'unimplemented'
02-19 03:27:24.362 1703 1735 I libprocessgroup: Successfully killed process cgroup uid 10243 pid 2167 in 43ms
02-19 03:27:24.363 29012 29270 D skia : --- Failed to create image decoder with message 'unimplemented'
02-19 03:27:24.363 29012 29270 D skia : --- Failed to create image decoder with message 'unimplemented'
02-19 03:27:24.364 29012 29270 D skia : --- Failed to create image decoder with message 'unimplemented'
02-19 03:27:24.364 29012 29270 D skia : --- Failed to create image decoder with message 'unimplemented'
02-19 03:27:24.365 29012 29270 D skia : --- Failed to create image decoder with message 'unimplemented'
02-19 03:27:24.366 4352 4352 I adbd : Remote process closed the socket (on MSG_PEEK)
02-19 03:27:24.367 1703 3480 I ActivityManager: appDiedLocked: app=ProcessRecord{ffdff18 2167:com.google.android.apps.messaging/u0a243} thread=android.os.BinderProxy@fd2a8ae fromBinderDied=true isKilledByAm=true reason=null
02-19 03:27:24.368 912 912 I Zygote : Process 2167 exited due to signal 9 (Killed)
02-19 03:27:24.370 29012 29271 D skia : --- Failed to create image decoder with message 'unimplemented'
02-19 03:27:24.370 29012 29271 D skia : --- Failed to create image decoder with message 'unimplemented'
02-19 03:27:24.370 29012 29271 D skia : --- Failed to create image decoder with message 'unimplemented'
02-19 03:27:24.370 29012 29271 D skia : --- Failed to create image decoder with message 'unimplemented'
02-19 03:27:24.371 29012 29271 D skia : --- Failed to create image decoder with message 'unimplemented'
02-19 03:27:24.371 29012 29271 D skia : --- Failed to create image decoder with message 'unimplemented'
02-19 03:27:24.385 29012 29273 D skia : --- Failed to create image decoder with message 'unimplemented'
02-19 03:27:24.386 29012 29273 D skia : --- Failed to create image decoder with message 'unimplemented'
02-19 03:27:24.387 29012 29273 D skia : --- Failed to create image decoder with message 'unimplemented'
02-19 03:27:24.387 29012 29273 D skia : --- Failed to create image decoder with message 'unimplemented'
02-19 03:27:24.388 29012 29273 D skia : --- Failed to create image decoder with message 'unimplemented'
02-19 03:27:24.388 29012 29273 D skia : --- Failed to create image decoder with message 'unimplemented'
02-19 03:27:24.406 1703 1735 I libprocessgroup: Successfully killed process cgroup uid 10265 pid 2126 in 0ms
02-19 03:27:24.406 1703 1735 I libprocessgroup: Successfully killed process cgroup uid 10194 pid 476 in 0ms
02-19 03:27:24.429 29012 29272 D skia : --- Failed to create image decoder with message 'unimplemented'
02-19 03:27:24.430 29012 29272 D skia : --- Failed to create image decoder with message 'unimplemented'
02-19 03:27:24.431 29012 29272 D skia : --- Failed to create image decoder with message 'unimplemented'
02-19 03:27:24.431 29012 29272 D skia : --- Failed to create image decoder with message 'unimplemented'
02-19 03:27:24.432 29012 29272 D skia : --- Failed to create image decoder with message 'unimplemented'
02-19 03:27:24.432 29012 29272 D skia : --- Failed to create image decoder with message 'unimplemented'
02-19 03:27:24.444 996 1045 I libPerfCtl: xgfGetFPS pid:2117 fps:59
02-19 03:27:24.445 996 1045 I libPerfCtl: xgfGetFPS pid:29012 fps:49
02-19 03:27:24.452 29012 30670 I ReactNativeJNI: instanceHandle is null, event of type topDisplay will be dropped
02-19 03:27:24.599 953 1238 I hwcomposer: [HWC] (0)fire a callback of refresh to SF[4]
02-19 03:27:24.610 29012 29022 I .mobiexpensify: NativeAlloc concurrent copying GC freed 14MB AllocSpace bytes, 46(2456KB) LOS objects, 47% free, 26MB/50MB, paused 75us,52us total 115.201ms
02-19 03:27:24.613 953 1235 I hwcomposer: [HWCDisplay] setColorTransformForJob ccorr_state=0->1 hint=0 force_disable_color=1 identity=1
02-19 03:27:24.613 953 1239 I hwcomposer: [DEV] [DEV] (Send identity matrix)
02-19 03:27:24.723 953 1235 I hwcomposer: [HWCDisplay] setColorTransformForJob ccorr_state=1->0 hint=1 force_disable_color=0 identity=0
02-19 03:27:24.723 953 1239 I hwcomposer: [DEV] 1024 0 0 0
02-19 03:27:24.723 953 1239 I hwcomposer: [DEV] 0 906 0 0
02-19 03:27:24.723 953 1239 I hwcomposer: [DEV] 0 0 797 0
02-19 03:27:24.723 953 1239 I hwcomposer: [DEV] 0 0 0 1024
02-19 03:27:24.723 953 1239 I hwcomposer: [DEV] [DEV] color transform: feature_flag=0
02-19 03:27:25.355 953 1235 I hwcomposer: [HWCDisplay] [Display_0 (type:1)] fps:50.212826,dur:1015.68,max:109.96,min:15.81
02-19 03:27:25.432 1299 1379 E AAL : [ERROR] Kernel does not support AAL, please enable CONFIG_MTK_AAL_SUPPORT in kconfig.
02-19 03:27:25.445 996 1045 I libPerfCtl: xgfGetFPS pid:2117 fps:-1
02-19 03:27:25.445 996 1045 I libPerfCtl: xgfGetFPS pid:29012 fps:58
02-19 03:27:25.489 29012 29012 W [RNScreens]: backTitleVisible prop is not available on Android
02-19 03:27:25.489 29012 29012 W [RNScreens]: largeTitleHideShadow prop is not available on Android
02-19 03:27:25.489 29012 29012 W [RNScreens]: disableBackButtonMenu prop is not available on Android
02-19 03:27:25.491 29012 29012 W [RNScreens]: backTitleVisible prop is not available on Android
02-19 03:27:25.491 29012 29012 W [RNScreens]: largeTitleHideShadow prop is not available on Android
02-19 03:27:25.491 29012 29012 W [RNScreens]: disableBackButtonMenu prop is not available on Android
02-19 03:27:25.516 29012 30671 D RNFBCrashlyticsInit: isCrashlyticsCollectionEnabled via RNFBMeta: true
02-19 03:27:25.516 29012 30671 D RNFBCrashlyticsInit: isCrashlyticsCollectionEnabled final value: true
02-19 03:27:25.853 18692 18692 I WifiHAL : Get link layer stats
02-19 03:27:25.853 18692 18692 I WifiHAL : GetLinkStatsCommand::create
02-19 03:27:25.853 18692 18692 D android.hardware.wifi@1.0-service-lazy: WifiRequest::create vendor command to iface 32, vendor_id=0x1a11, subcmd=0x1200, res=0
02-19 03:27:25.853 18692 18692 I android.hardware.wifi@1.0-service-lazy: WifiCommand::requestResponse err=-14
02-19 03:27:25.853 18692 18692 I WifiHAL : wifi_get_link_stats: result=-1
02-19 03:27:25.855 1703 1883 E WifiVendorHal: getWifiLinkLayerStats_1_5_Internal(l.1191) failed {.code = ERROR_UNKNOWN, .description = unknown}
02-19 03:27:25.874 3541 4938 I ModemStats: [DataStallDetectService] onCapabilitiesChanged networkCapabilities=[ Transports: WIFI Capabilities: NOT_METERED&INTERNET&NOT_RESTRICTED&TRUSTED&NOT_VPN&VALIDATED&NOT_ROAMING&FOREGROUND&NOT_CONGESTED&NOT_SUSPENDED&NOT_VCN_MANAGED LinkUpBandwidth>=12000Kbps LinkDnBandwidth>=30000Kbps TransportInfo: , BSSID: 02:00:00:00:00:00, MAC: 02:00:00:00:00:00, Security type: 2, Supplicant state: COMPLETED, Wi-Fi standard: 4, RSSI: -66, Link speed: 65Mbps, Tx Link speed: 65Mbps, Max Supported Tx Link speed: 72Mbps, Rx Link speed: 86Mbps, Max Supported Rx Link speed: 72Mbps, Frequency: 2437MHz, Net ID: -1, Metered hint: false, score: 60, CarrierMerged: false, SubscriptionId: -1, IsPrimary: -1> SignalStrength: -66 UnderlyingNetworks: Null]
02-19 03:27:25.875 3541 4938 I ModemStats: [DataStallDetectService] onCapabilitiesChanged NET_CAPABILITY_VALIDATED=true
02-19 03:27:25.875 3541 4938 I ModemStats: [DataStallDetectService] onCapabilitiesChanged mDataStallManager.mDataStallInstance=null
02-19 03:27:25.875 3541 4938 I ModemStats: [DataStallDetectService] onCapabilitiesChanged mDataStallSmart5gManager.mDataStallInstance=null
02-19 03:27:25.876 2553 2567 I NullBinder: NullBinder for android.net.action.RECOMMEND_NETWORKS triggering remote TransactionTooLargeException due to Service without Chimera impl
02-19 03:27:25.876 2553 2567 W Binder : reply too large data on java level: InterfaceDescriptor = null, code = 1
02-19 03:27:25.877 3595 10671 D OtaApp : PollingManagerService:NetworkCallback:networkCapabilities=[ Transports: WIFI Capabilities: NOT_METERED&INTERNET&NOT_RESTRICTED&TRUSTED&NOT_VPN&VALIDATED&NOT_ROAMING&FOREGROUND&NOT_CONGESTED&NOT_SUSPENDED&NOT_VCN_MANAGED LinkUpBandwidth>=12000Kbps LinkDnBandwidth>=30000Kbps TransportInfo: , BSSID: 02:00:00:00:00:00, MAC: 02:00:00:00:00:00, Security type: 2, Supplicant state: COMPLETED, Wi-Fi standard: 4, RSSI: -66, Link speed: 65Mbps, Tx Link speed: 65Mbps, Max Supported Tx Link speed: 72Mbps, Rx Link speed: 86Mbps, Max Supported Rx Link speed: 72Mbps, Frequency: 2437MHz, Net ID: -1, Metered hint: false, score: 60, CarrierMerged: false, SubscriptionId: -1, IsPrimary: -1> SignalStrength: -66 UnderlyingNetworks: Null]
02-19 03:27:25.877 3595 10671 D Fota : ConnectivityActionReceiver:NetworkCallback:networkCapabilities=[ Transports: WIFI Capabilities: NOT_METERED&INTERNET&NOT_RESTRICTED&TRUSTED&NOT_VPN&VALIDATED&NOT_ROAMING&FOREGROUND&NOT_CONGESTED&NOT_SUSPENDED&NOT_VCN_MANAGED LinkUpBandwidth>=12000Kbps LinkDnBandwidth>=30000Kbps TransportInfo: , BSSID: 02:00:00:00:00:00, MAC: 02:00:00:00:00:00, Security type: 2, Supplicant state: COMPLETED, Wi-Fi standard: 4, RSSI: -66, Link speed: 65Mbps, Tx Link speed: 65Mbps, Max Supported Tx Link speed: 72Mbps, Rx Link speed: 86Mbps, Max Supported Rx Link speed: 72Mbps, Frequency: 2437MHz, Net ID: -1, Metered hint: false, score: 60, CarrierMerged: false, SubscriptionId: -1, IsPrimary: -1> SignalStrength: -66 UnderlyingNetworks: Null]
02-19 03:27:25.891 12527 12561 I CarrierServices: [9232] fau.handleMessage:39 RcsEngineImpl[DUAL_REG]:[8bcabda4-247a]>Handler: handleMessage processing message:[NOTIFY_UPTIME_IGNORE_STATE_CHANGED] with [non-null]:RcsEngineImpl reference
02-19 03:27:25.892 12527 12562 I CarrierServices: [9233] eqy.c:51 Connected state: [1], networkType: [WIFI]
02-19 03:27:25.916 912 912 D Zygote : Forked child process 5241
02-19 03:27:25.918 1703 1734 I ActivityManager: Start proc 5241:com.google.android.apps.messaging/u0a243 for content provider {com.google.android.apps.messaging/com.google.android.apps.messaging.shared.datamodel.provider.sharedstorage.SharedStorageProvider}
02-19 03:27:25.933 5241 5241 I .apps.messagin: Using CollectorTypeCC GC.
02-19 03:27:25.940 4352 4360 I adbd : jdwp connection from 5241
02-19 03:27:25.941 5241 5241 D ProcessState: Binder ioctl to enable oneway spam detection failed: Invalid argument
02-19 03:27:25.954 4984 5011 E fullstory: ScannerCallbacks was null
02-19 03:27:25.975 29012 29270 D skia : --- Failed to create image decoder with message 'unimplemented'
02-19 03:27:25.975 29012 29270 D skia : --- Failed to create image decoder with message 'unimplemented'
02-19 03:27:25.976 5241 5241 D nativeloader: Configuring clns-4 for other apk /system/framework/org.apache.http.legacy.jar. target_sdk_version=35, uses_libraries=ALL, library_path=/data/app/~~row_hGVrtdmy-wgyJrcUoA==/com.google.android.apps.messaging-AUhKyhkfRL5BOaCG6DZFCA==/lib/arm64:/data/app/~~row_hGVrtdmy-wgyJrcUoA==/com.google.android.apps.messaging-AUhKyhkfRL5BOaCG6DZFCA==/base.apk!/lib/arm64-v8a:/data/app/~~row_hGVrtdmy-wgyJrcUoA==/com.google.android.apps.messaging-AUhKyhkfRL5BOaCG6DZFCA==/split_config.arm64_v8a.apk!/lib/arm64-v8a:/data/app/~~row_hGVrtdmy-wgyJrcUoA==/com.google.android.apps.messaging-AUhKyhkfRL5BOaCG6DZFCA==/split_config.en.apk!/lib/arm64-v8a:/data/app/~~row_hGVrtdmy-wgyJrcUoA==/com.google.android.apps.messaging-AUhKyhkfRL5BOaCG6DZFCA==/split_config.es.apk!/lib/arm64-v8a:/data/app/~~row_hGVrtdmy-wgyJrcUoA==/com.google.android.apps.messaging-AUhKyhkfRL5BOaCG6DZFCA==/split_config.xxhdpi.apk!/lib/arm64-v8a, permitted_path=/data:/mnt/expand:/data/user/0/com.google.android.apps.messaging
02-19 03:27:25.976 5241 5241 D nativeloader: Extending system_exposed_libraries: libteeservice_client.trustonic.so:libapuwareapusys.mtk.so:libapuwareapusys_v2.mtk.so:libapuwarexrp.mtk.so:libapuwarexrp_v2.mtk.so:libapuwareutils.mtk.so:libapuwareutils_v2.mtk.so:libapuwarehmp.mtk.so:libmcv_runtime_usdk.mtk.so:libneuron_graph_delegate.mtk.so:libneuronusdk_adapter.mtk.so:libtflite_mtk.mtk.so:libarmnn_ndk.mtk.so:libcmdl_ndk.mtk.so:libnir_neon_driver_ndk.mtk.so:libmvpu_runtime.mtk.so:libmvpu_runtime_pub.mtk.so:libmvpu_engine_pub.mtk.so:libmvpu_pattern_pub.mtk.so:libmvpuop_mtk_cv.mtk.so:libmvpuop_mtk_nn.mtk.so:libjni_helper.motocameradesktop.so:libimgTuner_jni.motoimagetuner.so:libmcf_native_window_helper.motocamera.so
02-19 03:27:25.976 29012 29270 D skia : --- Failed to create image decoder with message 'unimplemented'
02-19 03:27:25.977 29012 29270 D skia : --- Failed to create image decoder with message 'unimplemented'
02-19 03:27:25.977 29012 29271 D skia : --- Failed to create image decoder with message 'unimplemented'
02-19 03:27:25.977 29012 29270 D skia : --- Failed to create image decoder with message 'unimplemented'
02-19 03:27:25.978 29012 29271 D skia : --- Failed to create image decoder with message 'unimplemented'
02-19 03:27:25.978 29012 29270 D skia : --- Failed to create image decoder with message 'unimplemented'
02-19 03:27:25.978 29012 29271 D skia : --- Failed to create image decoder with message 'unimplemented'
02-19 03:27:25.979 29012 29271 D skia : --- Failed to create image decoder with message 'unimplemented'
02-19 03:27:25.979 29012 29271 D skia : --- Failed to create image decoder with message 'unimplemented'
02-19 03:27:25.980 29012 29271 D skia : --- Failed to create image decoder with message 'unimplemented'
02-19 03:27:26.332 953 1238 I hwcomposer: [HWC] (0)fire a callback of refresh to SF[4]
02-19 03:27:26.346 953 1235 I hwcomposer: [HWCDisplay] setColorTransformForJob ccorr_state=0->1 hint=0 force_disable_color=1 identity=1
02-19 03:27:26.346 953 1239 I hwcomposer: [DEV] [DEV] (Send identity matrix)
02-19 03:27:26.352 5241 5241 W ziparchive: Unable to open '/data/app/~~row_hGVrtdmy-wgyJrcUoA==/com.google.android.apps.messaging-AUhKyhkfRL5BOaCG6DZFCA==/split_config.arm64_v8a.dm': No such file or directory
02-19 03:27:26.352 5241 5241 W ziparchive: Unable to open '/data/app/~~row_hGVrtdmy-wgyJrcUoA==/com.google.android.apps.messaging-AUhKyhkfRL5BOaCG6DZFCA==/split_config.arm64_v8a.dm': No such file or directory
02-19 03:27:26.355 5241 5241 W .apps.messagin: Entry not found
02-19 03:27:26.355 5241 5241 W ziparchive: Unable to open '/data/app/~~row_hGVrtdmy-wgyJrcUoA==/com.google.android.apps.messaging-AUhKyhkfRL5BOaCG6DZFCA==/split_config.en.dm': No such file or directory
02-19 03:27:26.356 5241 5241 W ziparchive: Unable to open '/data/app/~~row_hGVrtdmy-wgyJrcUoA==/com.google.android.apps.messaging-AUhKyhkfRL5BOaCG6DZFCA==/split_config.en.dm': No such file or directory
02-19 03:27:26.357 5241 5241 W .apps.messagin: Entry not found
02-19 03:27:26.358 5241 5241 W ziparchive: Unable to open '/data/app/~~row_hGVrtdmy-wgyJrcUoA==/com.google.android.apps.messaging-AUhKyhkfRL5BOaCG6DZFCA==/split_config.es.dm': No such file or directory
02-19 03:27:26.358 5241 5241 W ziparchive: Unable to open '/data/app/~~row_hGVrtdmy-wgyJrcUoA==/com.google.android.apps.messaging-AUhKyhkfRL5BOaCG6DZFCA==/split_config.es.dm': No such file or directory
02-19 03:27:26.360 5241 5241 W .apps.messagin: Entry not found
02-19 03:27:26.361 5241 5241 W ziparchive: Unable to open '/data/app/~~row_hGVrtdmy-wgyJrcUoA==/com.google.android.apps.messaging-AUhKyhkfRL5BOaCG6DZFCA==/split_config.xxhdpi.dm': No such file or directory
02-19 03:27:26.361 5241 5241 W ziparchive: Unable to open '/data/app/~~row_hGVrtdmy-wgyJrcUoA==/com.google.android.apps.messaging-AUhKyhkfRL5BOaCG6DZFCA==/split_config.xxhdpi.dm': No such file or directory
02-19 03:27:26.361 5241 5241 W .apps.messagin: Entry not found
02-19 03:27:26.363 5241 5241 D nativeloader: Configuring clns-5 for other apk /data/app/~~row_hGVrtdmy-wgyJrcUoA==/com.google.android.apps.messaging-AUhKyhkfRL5BOaCG6DZFCA==/base.apk:/data/app/~~row_hGVrtdmy-wgyJrcUoA==/com.google.android.apps.messaging-AUhKyhkfRL5BOaCG6DZFCA==/split_config.arm64_v8a.apk:/data/app/~~row_hGVrtdmy-wgyJrcUoA==/com.google.android.apps.messaging-AUhKyhkfRL5BOaCG6DZFCA==/split_config.en.apk:/data/app/~~row_hGVrtdmy-wgyJrcUoA==/com.google.android.apps.messaging-AUhKyhkfRL5BOaCG6DZFCA==/split_config.es.apk:/data/app/~~row_hGVrtdmy-wgyJrcUoA==/com.google.android.apps.messaging-AUhKyhkfRL5BOaCG6DZFCA==/split_config.xxhdpi.apk. target_sdk_version=35, uses_libraries=, library_path=/data/app/~~row_hGVrtdmy-wgyJrcUoA==/com.google.android.apps.messaging-AUhKyhkfRL5BOaCG6DZFCA==/lib/arm64:/data/app/~~row_hGVrtdmy-wgyJrcUoA==/com.google.android.apps.messaging-AUhKyhkfRL5BOaCG6DZFCA==/base.apk!/lib/arm64-v8a:/data/app/~~row_hGVrtdmy-wgyJrcUoA==/com.google.android.apps.messaging-AUhKyhkfRL5BOaCG6DZFCA==/split_config.arm64_v8a.apk!/lib/ar
02-19 03:27:26.380 5241 5241 V GraphicsEnvironment: ANGLE Developer option for 'com.google.android.apps.messaging' set to: 'default'
02-19 03:27:26.380 5241 5241 V GraphicsEnvironment: ANGLE GameManagerService for com.google.android.apps.messaging: false
02-19 03:27:26.381 5241 5241 V GraphicsEnvironment: Neither updatable production driver nor prerelease driver is supported.
02-19 03:27:26.382 1293 1293 I thermal_repeater: [recvMdThermalInfo] ret=27, strLen=127, 3, 35, -50, 0, 32767, 9457
02-19 03:27:26.385 5241 5241 I MultiDex: VM with version 2.1.0 has multidex support
02-19 03:27:26.385 5241 5241 I MultiDex: Installing application
02-19 03:27:26.385 5241 5241 I MultiDex: VM has multidex support, MultiDex support library is disabled.
02-19 03:27:26.417 5241 5241 I dvea : SslGuard completed installation.
02-19 03:27:26.439 12527 12561 I CarrierServices: [9232] ezm.f:78 ProvisioningEngineDataRetriever: Rcs is enabled from user settings: true
02-19 03:27:26.445 996 1045 I libPerfCtl: xgfGetFPS pid:2117 fps:-1
02-19 03:27:26.445 996 1045 I libPerfCtl: xgfGetFPS pid:29012 fps:58
02-19 03:27:26.448 5241 5241 I Bugle : BugleApplicationBase: Bugle version: messages.android_20250128_01_rc00.phone_dynamic , Bugle version code: 269740063
02-19 03:27:26.450 5241 5241 I Bugle : DarkModeManager: setDarkMode: -1
02-19 03:27:26.450 5241 5241 I Typeface: updateThemeFont new=source-sans-pro;old=sans-serif;new=source-sans-pro;old=
02-19 03:27:26.450 5241 5284 I stetho : Listening on @stetho_com.google.android.apps.messaging_devtools_remote
02-19 03:27:26.460 5241 5274 D nativeloader: Load /data/app/~~row_hGVrtdmy-wgyJrcUoA==/com.google.android.apps.messaging-AUhKyhkfRL5BOaCG6DZFCA==/split_config.arm64_v8a.apk!/lib/arm64-v8a/libnative_crash_handler_jni.so using ns clns-5 from class loader (caller=base.apk!classes5.dex): ok
02-19 03:27:26.475 5241 5285 I Bugle : Initializing EmojiCompat
02-19 03:27:26.478 5241 5285 I CarrierServices: Initializing Carrier Services Library. [CONTEXT thread_id=9790 ]
02-19 03:27:26.481 2553 2567 I FontLog : (REDACTED) Received query %s, URI %s
02-19 03:27:26.481 2553 2567 I FontLog : (REDACTED) Query [%s] resolved to %s
02-19 03:27:26.485 2553 4329 I FontLog : (REDACTED) Received query %s, URI %s
02-19 03:27:26.485 2553 4329 I FontLog : (REDACTED) Query [%s] resolved to %s
02-19 03:27:26.487 2553 2567 I FontLog : (REDACTED) Fetch %s end status %s
02-19 03:27:26.488 2553 4329 I FontLog : (REDACTED) Fetch %s end status %s
02-19 03:27:26.489 2553 4146 I FontLog : (REDACTED) Pulling font file for id = %d, cache size = %d
02-19 03:27:26.492 5241 5286 I Bugle : DatabaseHelperBasic: sqlite version is 3.32.2
02-19 03:27:26.493 2553 4329 I FontLog : (REDACTED) Pulling font file for id = %d, cache size = %d
02-19 03:27:26.494 5241 5285 I CarrierServices: Initializing Carrier Services Logging. [CONTEXT thread_id=9790 ]
02-19 03:27:26.495 2553 4329 I FontLog : (REDACTED) Pulling font file for id = %d, cache size = %d
02-19 03:27:26.500 2553 4329 I FontLog : (REDACTED) Pulling font file for id = %d, cache size = %d
02-19 03:27:26.513 5241 5285 I LogSaver: LogSaver new instance with filename: carrier_services
02-19 03:27:26.517 5241 5285 I BugleBackup: Registering preference change listener for "bugle".
02-19 03:27:26.540 5241 5286 I Bugle : TelephonyManagerFactory: Returning per-subscription TelephonyManager (>= N) subscription{id:1}
02-19 03:27:26.546 5241 5283 I Bugle : DatabaseHelperBasic: sqlite version is 3.32.2
02-19 03:27:26.556 5241 5283 I BugleDataModel: HeavyWorkQueueEmptyObserver: Starting observation of WorkQueueWorkManagerTable
02-19 03:27:26.572 5241 5283 I BugleJobs: Starting sync data to wearable message observer.
02-19 03:27:26.616 5241 5286 I BugleRcsProvisioning: BugleSystemBindingManager: onBuglePhenotypeFlagChanged
02-19 03:27:26.617 5241 5286 I BugleTransport: Not kicking off update transport registration because RCS provisioning change has not been received.
02-19 03:27:26.618 5241 5271 I BugleRcsEngine: SystemBinding enabled: true [CONTEXT log_prefix="SystemBindingManager" thread_id=9776 ]
02-19 03:27:26.618 5241 5283 I BugleRcsEngine: getConfigServerUrl without simId [CONTEXT log_prefix="ProvisioningServerUtil" thread_id=9788 ]
02-19 03:27:26.618 5241 5271 I BugleRcsEngine: System Binding updated [CONTEXT thread_id=9776 ]
02-19 03:27:26.618 5241 5285 I BugleRcsEngine: getConfigServerUrl without simId [CONTEXT log_prefix="ProvisioningServerUtil" thread_id=9790 ]
02-19 03:27:26.660 5241 5285 I BugleRcsEngine: Using RCS compliant config URL [CONTEXT log_prefix="ProvisioningServerUtil" thread_id=9790 ]
02-19 03:27:26.661 5241 5285 I ProvisioningServerUtil: Getting mccmnc from SimPreferences.
02-19 03:27:26.664 5241 5283 I BugleRcsEngine: Using RCS compliant config URL [CONTEXT log_prefix="ProvisioningServerUtil" thread_id=9788 ]
02-19 03:27:26.664 5241 5283 I ProvisioningServerUtil: Getting mccmnc from SimPreferences.
02-19 03:27:26.665 5241 5279 D WM-PackageManagerHelper: Skipping component enablement for androidx.work.impl.background.systemjob.SystemJobService
02-19 03:27:26.665 5241 5279 D WM-Schedulers: Created SystemJobScheduler and enabled SystemJobService
02-19 03:27:26.666 5241 5293 D WM-ForceStopRunnable: Is default app process = true
02-19 03:27:26.666 5241 5293 D WM-ForceStopRunnable: Performing cleanup operations.
02-19 03:27:26.668 5241 5298 I BugleDataModel: 2 not running because already up to date, upgradeCommand: EXECUTE_UPGRADE, version: 2
02-19 03:27:26.671 5241 5297 I BugleDataModel: 3 not running because already up to date, upgradeCommand: EXECUTE_UPGRADE, version: 2
02-19 03:27:26.682 5241 5286 I BugleSatellite: Processing Phenotype flag changes.
02-19 03:27:26.684 5241 5283 I BugleSatellite: Reporting to Telephony: SMS supported = false
02-19 03:27:26.906 953 1235 I hwcomposer: [HWCDisplay] setColorTransformForJob ccorr_state=1->0 hint=1 force_disable_color=0 identity=0
02-19 03:27:26.906 953 1235 I hwcomposer: [HWCDisplay] [Display_0 (type:1)] fps:35.462299,dur:1550.94,max:560.41,min:15.30
02-19 03:27:26.907 953 1239 I hwcomposer: [DEV] 1024 0 0 0
02-19 03:27:26.907 953 1239 I hwcomposer: [DEV] 0 906 0 0
02-19 03:27:26.907 953 1239 I hwcomposer: [DEV] 0 0 797 0
02-19 03:27:26.907 953 1239 I hwcomposer: [DEV] 0 0 0 1024
02-19 03:27:26.907 953 1239 I hwcomposer: [DEV] [DEV] color transform: feature_flag=0
02-19 03:27:26.989 29012 29012 D ViewRootImpl[ExpensifyActivityBase]: update {(0,0)(fillxfill) sim={adjust=nothing} ty=BASE_APPLICATION wanim=0x10302fe
02-19 03:27:26.989 29012 29012 D ViewRootImpl[ExpensifyActivityBase]: fl=LAYOUT_IN_SCREEN LAYOUT_INSET_DECOR SPLIT_TOUCH HARDWARE_ACCELERATED DRAWS_SYSTEM_BAR_BACKGROUNDS
02-19 03:27:26.989 29012 29012 D ViewRootImpl[ExpensifyActivityBase]: pfl=NO_MOVE_ANIMATION FORCE_DRAW_STATUS_BAR_BACKGROUND FIT_INSETS_CONTROLLED
02-19 03:27:26.989 29012 29012 D ViewRootImpl[ExpensifyActivityBase]: bhv=DEFAULT
02-19 03:27:26.989 29012 29012 D ViewRootImpl[ExpensifyActivityBase]: fitSides=} by setLayoutParams
02-19 03:27:26.990 29012 30671 D RNFBCrashlyticsInit: isCrashlyticsCollectionEnabled via RNFBMeta: true
02-19 03:27:26.990 29012 30671 D RNFBCrashlyticsInit: isCrashlyticsCollectionEnabled final value: true
02-19 03:27:27.010 5241 5293 D WM-SystemJobScheduler: Reconciling jobs
02-19 03:27:27.019 1703 1726 W Choreographer: Frame time is 0.23632699 ms in the future! Check that graphics HAL is generating vsync timestamps using the correct timebase.
02-19 03:27:27.028 5241 5293 D WM-ForceStopRunnable: Found unfinished work, scheduling it.
02-19 03:27:27.050 5241 5293 D WM-SystemJobScheduler: Scheduling work ID 8037c902-51a9-4f8e-939b-2804a8bbef09Job ID 1555
02-19 03:27:27.053 5241 5293 D WM-SystemJobScheduler: Scheduling work ID f3ab2581-710d-410d-8448-c0b6e3a9effbJob ID 2793
02-19 03:27:27.056 5241 5293 D WM-SystemJobScheduler: Scheduling work ID 99923d16-ffbe-4708-8c6d-362d1ea54008Job ID 1437
02-19 03:27:27.059 5241 5293 D WM-SystemJobScheduler: Scheduling work ID cc9f5326-2fba-4408-8787-3d621558c3dcJob ID 1421
02-19 03:27:27.061 5241 5293 D WM-SystemJobScheduler: Scheduling work ID 7b9c9fbe-06de-490e-b0bf-9510b26c30adJob ID 1629
02-19 03:27:27.062 953 1238 I hwcomposer: [HWC] (0)fire a callback of refresh to SF[4]
02-19 03:27:27.064 5241 5293 D WM-SystemJobScheduler: Scheduling work ID f2e6a057-ec45-44ab-8da3-86a9c148cea4Job ID 1479
02-19 03:27:27.066 5241 5293 D WM-SystemJobScheduler: Scheduling work ID 7b3af692-1095-42ab-8631-7013c5746998Job ID 1480
02-19 03:27:27.069 5241 5293 D WM-SystemJobScheduler: Scheduling work ID 1d3d6adb-1f9c-4e49-96b9-041f3ebd437fJob ID 1334
02-19 03:27:27.072 5241 5293 D WM-SystemJobScheduler: Scheduling work ID 4529f39a-65c1-4b28-8ddc-081c33908795Job ID 1225
02-19 03:27:27.075 5241 5293 D WM-SystemJobScheduler: Scheduling work ID 8cdcc512-58ff-4d88-8cfc-fd316ac27de4Job ID 1680
02-19 03:27:27.076 953 1235 I hwcomposer: [HWCDisplay] setColorTransformForJob ccorr_state=0->1 hint=0 force_disable_color=1 identity=1
02-19 03:27:27.076 953 1239 I hwcomposer: [DEV] [DEV] (Send identity matrix)
02-19 03:27:27.078 5241 5293 D WM-SystemJobScheduler: Scheduling work ID 1591152f-3ef7-4d22-94d6-46dd6e45dab1Job ID 1373
02-19 03:27:27.081 5241 5293 D WM-SystemJobScheduler: Scheduling work ID 7310269b-9f3a-4e2a-ab4f-6bad44ce04c6Job ID 1688
02-19 03:27:27.084 5241 5293 D WM-SystemJobScheduler: Scheduling work ID 883ca511-cb89-4126-abc7-f873876ff1e9Job ID 1701
02-19 03:27:27.087 5241 5293 D WM-SystemJobScheduler: Scheduling work ID 07a66ebc-3f89-48c8-bb81-f653a6c7caa5Job ID 1705
02-19 03:27:27.090 5241 5293 D WM-SystemJobScheduler: Scheduling work ID bfc75aec-83a0-4590-a3c9-b076ec74544aJob ID 1706
02-19 03:27:27.094 5241 5293 D WM-SystemJobScheduler: Scheduling work ID 54ed1f13-7dc7-475d-88a3-e8d59ac4def3Job ID 1660
02-19 03:27:27.097 5241 5293 D WM-SystemJobScheduler: Scheduling work ID dd2c09b3-022a-403d-873f-797069136e02Job ID 1731
02-19 03:27:27.099 5241 5293 D WM-SystemJobScheduler: Scheduling work ID e1e930ad-ef1a-416b-a11b-f407527416d6Job ID 1743
02-19 03:27:27.102 5241 5293 D WM-SystemJobScheduler: Scheduling work ID 771f2f76-7e39-4579-b414-efd9e8860cc0Job ID 1744
02-19 03:27:27.105 5241 5293 D WM-SystemJobScheduler: Scheduling work ID 38b53d77-ee08-4c26-b252-4b09de912ac4Job ID 1503
02-19 03:27:27.107 5241 5293 D WM-SystemJobScheduler: Scheduling work ID dafac66d-4bb4-4577-af49-05ad58cd0548Job ID 1695
02-19 03:27:27.108 5241 5293 D WM-GreedyScheduler: Ignoring {WorkSpec: 6a435c33-0f76-41b2-94b4-fa3646fb44b0}. Requires device idle.
02-19 03:27:27.109 5241 5293 D WM-GreedyScheduler: Ignoring {WorkSpec: 38b53d77-ee08-4c26-b252-4b09de912ac4}. Requires ContentUri triggers.
02-19 03:27:27.109 5241 5293 D WM-GreedyScheduler: Ignoring {WorkSpec: 88e7c0c8-d9f8-42b4-ad0e-53b5c42b4d29}. Requires ContentUri triggers.
02-19 03:27:27.109 5241 5293 D WM-GreedyScheduler: Ignoring {WorkSpec: cc9f5326-2fba-4408-8787-3d621558c3dc}. Requires device idle.
02-19 03:27:27.109 5241 5293 D WM-GreedyScheduler: Ignoring {WorkSpec: dafac66d-4bb4-4577-af49-05ad58cd0548}. Requires ContentUri triggers.
02-19 03:27:27.136 5241 5293 D WM-GreedyScheduler: Ignoring {WorkSpec: 6a435c33-0f76-41b2-94b4-fa3646fb44b0}. Requires device idle.
02-19 03:27:27.136 5241 5293 D WM-GreedyScheduler: Ignoring {WorkSpec: 38b53d77-ee08-4c26-b252-4b09de912ac4}. Requires ContentUri triggers.
02-19 03:27:27.136 5241 5293 D WM-GreedyScheduler: Ignoring {WorkSpec: 88e7c0c8-d9f8-42b4-ad0e-53b5c42b4d29}. Requires ContentUri triggers.
02-19 03:27:27.136 5241 5293 D WM-GreedyScheduler: Ignoring {WorkSpec: cc9f5326-2fba-4408-8787-3d621558c3dc}. Requires device idle.
02-19 03:27:27.136 5241 5293 D WM-GreedyScheduler: Ignoring {WorkSpec: dafac66d-4bb4-4577-af49-05ad58cd0548}. Requires ContentUri triggers.
02-19 03:27:27.136 5241 5293 D WM-GreedyScheduler: Starting work for da022e02-85b2-4f7f-889f-c4ec22926226
02-19 03:27:27.205 953 1235 I hwcomposer: [HWCDisplay] setColorTransformForJob ccorr_state=1->0 hint=1 force_disable_color=0 identity=0
02-19 03:27:27.206 953 1239 I hwcomposer: [DEV] 1024 0 0 0
02-19 03:27:27.206 953 1239 I hwcomposer: [DEV] 0 906 0 0
02-19 03:27:27.206 953 1239 I hwcomposer: [DEV] 0 0 797 0
02-19 03:27:27.206 953 1239 I hwcomposer: [DEV] 0 0 0 1024
02-19 03:27:27.206 953 1239 I hwcomposer: [DEV] [DEV] color transform: feature_flag=0
02-19 03:27:27.251 5241 5293 D WM-Processor: pms: processing WorkGenerationalId(workSpecId=da022e02-85b2-4f7f-889f-c4ec22926226, generation=0)
02-19 03:27:27.258 5241 5283 D MddListenableWorkerFactory: createWorker for class: com.google.android.apps.messaging.shared.datamodel.workqueue.WorkQueueWorkerShim
02-19 03:27:27.263 5241 5241 D WM-WorkerWrapper: Starting work for com.google.android.apps.messaging.shared.datamodel.workqueue.WorkQueueWorkerShim
02-19 03:27:27.269 5241 5286 D WM-PackageManagerHelper: Skipping component enablement for androidx.work.impl.background.systemalarm.RescheduleReceiver
